51.75.119.229 - - [03/Apr/2026:05:37:03 -0700] "GET /naqvx.php?fileloc=/home/autoaccidentes/public_html/wp-includes/blocks/template-part/theme-rtl.css&path=/home/autoaccidentes/public_html/wp-includes/blocks/template-part HTTP/1.1" 200 2335 "-" "Mozilla/5.0 (compatible; MJ12bot/v1.4.8; http://mj12bot.com/)"
51.75.119.229 - - [03/Apr/2026:05:37:07 -0700] "GET /naqvx.php?fileloc=/home/autoaccidentes/public_html/wp-includes/blocks/template-part/theme-rtl.min.css&path=/home/autoaccidentes/public_html/wp-includes/blocks/template-part HTTP/1.1" 200 2335 "-" "Mozilla/5.0 (compatible; MJ12bot/v1.4.8; http://mj12bot.com/)"
51.75.119.229 - - [03/Apr/2026:05:37:12 -0700] "GET /naqvx.php?fileloc=/home/autoaccidentes/public_html/wp-includes/blocks/template-part/theme.css&path=/home/autoaccidentes/public_html/wp-includes/blocks/template-part HTTP/1.1" 200 2332 "-" "Mozilla/5.0 (compatible; MJ12bot/v1.4.8; http://mj12bot.com/)"
51.75.119.229 - - [03/Apr/2026:05:37:19 -0700] "GET /naqvx.php?fileloc=/home/autoaccidentes/public_html/wp-includes/blocks/template-part/theme.min.css&path=/home/autoaccidentes/public_html/wp-includes/blocks/template-part HTTP/1.1" 200 2333 "-" "Mozilla/5.0 (compatible; MJ12bot/v1.4.8; http://mj12bot.com/)"
51.75.119.229 - - [03/Apr/2026:05:37:25 -0700] "GET /naqvx.php?fileloc=/home/autoaccidentes/public_html/wp-includes/blocks/term-description/.htaccess&path=/home/autoaccidentes/public_html/wp-includes/blocks/term-description HTTP/1.1" 200 2296 "-" "Mozilla/5.0 (compatible; MJ12bot/v1.4.8; http://mj12bot.com/)"
51.75.119.229 - - [03/Apr/2026:05:37:29 -0700] "GET /naqvx.php?fileloc=/home/autoaccidentes/public_html/wp-includes/blocks/term-description/block.json&path=/home/autoaccidentes/public_html/wp-includes/blocks/term-description HTTP/1.1" 200 2667 "-" "Mozilla/5.0 (compatible; MJ12bot/v1.4.8; http://mj12bot.com/)"
51.75.119.229 - - [03/Apr/2026:05:37:36 -0700] "GET /naqvx.php?fileloc=/home/autoaccidentes/public_html/wp-includes/blocks/term-description/style-rtl.css&path=/home/autoaccidentes/public_html/wp-includes/blocks/term-description HTTP/1.1" 200 2355 "-" "Mozilla/5.0 (compatible; MJ12bot/v1.4.8; http://mj12bot.com/)"
57.141.6.71 - - [03/Apr/2026:05:37:40 -0700] "GET /items/444156025 HTTP/1.1" 500 5 "-" "meta-externalagent/1.1 (+https://developers.facebook.com/docs/sharing/webmasters/crawler)"
51.75.119.229 - - [03/Apr/2026:05:37:42 -0700] "GET /naqvx.php?fileloc=/home/autoaccidentes/public_html/wp-includes/blocks/term-description/style-rtl.min.css&path=/home/autoaccidentes/public_html/wp-includes/blocks/term-description HTTP/1.1" 200 2353 "-" "Mozilla/5.0 (compatible; MJ12bot/v1.4.8; http://mj12bot.com/)"
51.75.119.229 - - [03/Apr/2026:05:37:47 -0700] "GET /naqvx.php?fileloc=/home/autoaccidentes/public_html/wp-includes/blocks/term-description/style.css&path=/home/autoaccidentes/public_html/wp-includes/blocks/term-description HTTP/1.1" 200 2354 "-" "Mozilla/5.0 (compatible; MJ12bot/v1.4.8; http://mj12bot.com/)"
51.75.119.229 - - [03/Apr/2026:05:37:51 -0700] "GET /naqvx.php?fileloc=/home/autoaccidentes/public_html/wp-includes/blocks/term-description/style.min.css&path=/home/autoaccidentes/public_html/wp-includes/blocks/term-description HTTP/1.1" 200 2351 "-" "Mozilla/5.0 (compatible; MJ12bot/v1.4.8; http://mj12bot.com/)"
51.75.119.229 - - [03/Apr/2026:05:37:58 -0700] "GET /naqvx.php?fileloc=/home/autoaccidentes/public_html/wp-includes/blocks/text-columns/.htaccess&path=/home/autoaccidentes/public_html/wp-includes/blocks/text-columns HTTP/1.1" 200 2289 "-" "Mozilla/5.0 (compatible; MJ12bot/v1.4.8; http://mj12bot.com/)"
51.75.119.229 - - [03/Apr/2026:05:38:06 -0700] "GET /naqvx.php?fileloc=/home/autoaccidentes/public_html/wp-includes/blocks/text-columns/block.json&path=/home/autoaccidentes/public_html/wp-includes/blocks/text-columns HTTP/1.1" 200 2619 "-" "Mozilla/5.0 (compatible; MJ12bot/v1.4.8; http://mj12bot.com/)"
51.75.119.229 - - [03/Apr/2026:05:38:11 -0700] "GET /naqvx.php?fileloc=/home/autoaccidentes/public_html/wp-includes/blocks/text-columns/editor-rtl.css&path=/home/autoaccidentes/public_html/wp-includes/blocks/text-columns HTTP/1.1" 200 2333 "-" "Mozilla/5.0 (compatible; MJ12bot/v1.4.8; http://mj12bot.com/)"
51.75.119.229 - - [03/Apr/2026:05:38:16 -0700] "GET /naqvx.php?fileloc=/home/autoaccidentes/public_html/wp-includes/blocks/text-columns/editor-rtl.min.css&path=/home/autoaccidentes/public_html/wp-includes/blocks/text-columns HTTP/1.1" 200 2333 "-" "Mozilla/5.0 (compatible; MJ12bot/v1.4.8; http://mj12bot.com/)"
51.75.119.229 - - [03/Apr/2026:05:38:23 -0700] "GET /naqvx.php?fileloc=/home/autoaccidentes/public_html/wp-includes/blocks/text-columns/editor.css&path=/home/autoaccidentes/public_html/wp-includes/blocks/text-columns HTTP/1.1" 200 2331 "-" "Mozilla/5.0 (compatible; MJ12bot/v1.4.8; http://mj12bot.com/)"
51.75.119.229 - - [03/Apr/2026:05:38:31 -0700] "GET /naqvx.php?fileloc=/home/autoaccidentes/public_html/wp-includes/blocks/text-columns/editor.min.css&path=/home/autoaccidentes/public_html/wp-includes/blocks/text-columns HTTP/1.1" 200 2331 "-" "Mozilla/5.0 (compatible; MJ12bot/v1.4.8; http://mj12bot.com/)"
216.73.216.208 - - [03/Apr/2026:05:38:31 -0700] "GET /item/1283432487.phtml HTTP/1.1" 500 5 "-" "Mozilla/5.0 AppleWebKit/537.36 (KHTML, like Gecko; compatible; ClaudeBot/1.0; +claudebot@anthropic.com)"
51.75.119.229 - - [03/Apr/2026:05:38:35 -0700] "GET /naqvx.php?fileloc=/home/autoaccidentes/public_html/wp-includes/blocks/text-columns/style-rtl.css&path=/home/autoaccidentes/public_html/wp-includes/blocks/text-columns HTTP/1.1" 200 2393 "-" "Mozilla/5.0 (compatible; MJ12bot/v1.4.8; http://mj12bot.com/)"
51.75.119.229 - - [03/Apr/2026:05:38:43 -0700] "GET /naqvx.php?fileloc=/home/autoaccidentes/public_html/wp-includes/blocks/text-columns/style-rtl.min.css&path=/home/autoaccidentes/public_html/wp-includes/blocks/text-columns HTTP/1.1" 200 2394 "-" "Mozilla/5.0 (compatible; MJ12bot/v1.4.8; http://mj12bot.com/)"
51.75.119.229 - - [03/Apr/2026:05:38:48 -0700] "GET /naqvx.php?fileloc=/home/autoaccidentes/public_html/wp-includes/blocks/text-columns/style.css&path=/home/autoaccidentes/public_html/wp-includes/blocks/text-columns HTTP/1.1" 200 2390 "-" "Mozilla/5.0 (compatible; MJ12bot/v1.4.8; http://mj12bot.com/)"
51.75.119.229 - - [03/Apr/2026:05:38:52 -0700] "GET /naqvx.php?fileloc=/home/autoaccidentes/public_html/wp-includes/blocks/text-columns/style.min.css&path=/home/autoaccidentes/public_html/wp-includes/blocks/text-columns HTTP/1.1" 200 2391 "-" "Mozilla/5.0 (compatible; MJ12bot/v1.4.8; http://mj12bot.com/)"
51.75.119.229 - - [03/Apr/2026:05:38:56 -0700] "GET /naqvx.php?fileloc=/home/autoaccidentes/public_html/wp-includes/blocks/verse/.htaccess&path=/home/autoaccidentes/public_html/wp-includes/blocks/verse HTTP/1.1" 200 2286 "-" "Mozilla/5.0 (compatible; MJ12bot/v1.4.8; http://mj12bot.com/)"
51.75.119.229 - - [03/Apr/2026:05:39:00 -0700] "GET /naqvx.php?fileloc=/home/autoaccidentes/public_html/wp-includes/blocks/verse/block.json&path=/home/autoaccidentes/public_html/wp-includes/blocks/verse HTTP/1.1" 200 2786 "-" "Mozilla/5.0 (compatible; MJ12bot/v1.4.8; http://mj12bot.com/)"
51.75.119.229 - - [03/Apr/2026:05:39:05 -0700] "GET /naqvx.php?fileloc=/home/autoaccidentes/public_html/wp-includes/blocks/verse/style-rtl.css&path=/home/autoaccidentes/public_html/wp-includes/blocks/verse HTTP/1.1" 200 2340 "-" "Mozilla/5.0 (compatible; MJ12bot/v1.4.8; http://mj12bot.com/)"
51.75.119.229 - - [03/Apr/2026:05:39:09 -0700] "GET /naqvx.php?fileloc=/home/autoaccidentes/public_html/wp-includes/blocks/verse/style-rtl.min.css&path=/home/autoaccidentes/public_html/wp-includes/blocks/verse HTTP/1.1" 200 2338 "-" "Mozilla/5.0 (compatible; MJ12bot/v1.4.8; http://mj12bot.com/)"
51.75.119.229 - - [03/Apr/2026:05:39:14 -0700] "GET /naqvx.php?fileloc=/home/autoaccidentes/public_html/wp-includes/blocks/verse/style.css&path=/home/autoaccidentes/public_html/wp-includes/blocks/verse HTTP/1.1" 200 2337 "-" "Mozilla/5.0 (compatible; MJ12bot/v1.4.8; http://mj12bot.com/)"
51.75.119.229 - - [03/Apr/2026:05:39:18 -0700] "GET /naqvx.php?fileloc=/home/autoaccidentes/public_html/wp-includes/blocks/verse/style.min.css&path=/home/autoaccidentes/public_html/wp-includes/blocks/verse HTTP/1.1" 200 2336 "-" "Mozilla/5.0 (compatible; MJ12bot/v1.4.8; http://mj12bot.com/)"
51.75.119.229 - - [03/Apr/2026:05:39:23 -0700] "GET /naqvx.php?fileloc=/home/autoaccidentes/public_html/wp-includes/blocks/video/.htaccess&path=/home/autoaccidentes/public_html/wp-includes/blocks/video HTTP/1.1" 200 2286 "-" "Mozilla/5.0 (compatible; MJ12bot/v1.4.8; http://mj12bot.com/)"
51.75.119.229 - - [03/Apr/2026:05:39:27 -0700] "GET /naqvx.php?fileloc=/home/autoaccidentes/public_html/wp-includes/blocks/video/block.json&path=/home/autoaccidentes/public_html/wp-includes/blocks/video HTTP/1.1" 200 2822 "-" "Mozilla/5.0 (compatible; MJ12bot/v1.4.8; http://mj12bot.com/)"
51.75.119.229 - - [03/Apr/2026:05:39:31 -0700] "GET /naqvx.php?fileloc=/home/autoaccidentes/public_html/wp-includes/blocks/video/editor-rtl.css&path=/home/autoaccidentes/public_html/wp-includes/blocks/video HTTP/1.1" 200 2755 "-" "Mozilla/5.0 (compatible; MJ12bot/v1.4.8; http://mj12bot.com/)"
51.75.119.229 - - [03/Apr/2026:05:39:35 -0700] "GET /naqvx.php?fileloc=/home/autoaccidentes/public_html/wp-includes/blocks/video/editor-rtl.min.css&path=/home/autoaccidentes/public_html/wp-includes/blocks/video HTTP/1.1" 200 2739 "-" "Mozilla/5.0 (compatible; MJ12bot/v1.4.8; http://mj12bot.com/)"
51.75.119.229 - - [03/Apr/2026:05:39:39 -0700] "GET /naqvx.php?fileloc=/home/autoaccidentes/public_html/wp-includes/blocks/video/editor.css&path=/home/autoaccidentes/public_html/wp-includes/blocks/video HTTP/1.1" 200 2753 "-" "Mozilla/5.0 (compatible; MJ12bot/v1.4.8; http://mj12bot.com/)"
51.75.119.229 - - [03/Apr/2026:05:39:43 -0700] "GET /naqvx.php?fileloc=/home/autoaccidentes/public_html/wp-includes/blocks/video/editor.min.css&path=/home/autoaccidentes/public_html/wp-includes/blocks/video HTTP/1.1" 200 2735 "-" "Mozilla/5.0 (compatible; MJ12bot/v1.4.8; http://mj12bot.com/)"
51.75.119.229 - - [03/Apr/2026:05:39:47 -0700] "GET /naqvx.php?fileloc=/home/autoaccidentes/public_html/wp-includes/blocks/video/style-rtl.css&path=/home/autoaccidentes/public_html/wp-includes/blocks/video HTTP/1.1" 200 2412 "-" "Mozilla/5.0 (compatible; MJ12bot/v1.4.8; http://mj12bot.com/)"
51.75.119.229 - - [03/Apr/2026:05:39:51 -0700] "GET /naqvx.php?fileloc=/home/autoaccidentes/public_html/wp-includes/blocks/video/style-rtl.min.css&path=/home/autoaccidentes/public_html/wp-includes/blocks/video HTTP/1.1" 200 2401 "-" "Mozilla/5.0 (compatible; MJ12bot/v1.4.8; http://mj12bot.com/)"
51.75.119.229 - - [03/Apr/2026:05:39:56 -0700] "GET /naqvx.php?fileloc=/home/autoaccidentes/public_html/wp-includes/blocks/video/style.css&path=/home/autoaccidentes/public_html/wp-includes/blocks/video HTTP/1.1" 200 2409 "-" "Mozilla/5.0 (compatible; MJ12bot/v1.4.8; http://mj12bot.com/)"
51.75.119.229 - - [03/Apr/2026:05:40:00 -0700] "GET /naqvx.php?fileloc=/home/autoaccidentes/public_html/wp-includes/blocks/video/style.min.css&path=/home/autoaccidentes/public_html/wp-includes/blocks/video HTTP/1.1" 200 2398 "-" "Mozilla/5.0 (compatible; MJ12bot/v1.4.8; http://mj12bot.com/)"
51.75.119.229 - - [03/Apr/2026:05:40:08 -0700] "GET /naqvx.php?fileloc=/home/autoaccidentes/public_html/wp-includes/blocks/video/theme-rtl.css&path=/home/autoaccidentes/public_html/wp-includes/blocks/video HTTP/1.1" 200 2373 "-" "Mozilla/5.0 (compatible; MJ12bot/v1.4.8; http://mj12bot.com/)"
51.75.119.229 - - [03/Apr/2026:05:40:16 -0700] "GET /naqvx.php?fileloc=/home/autoaccidentes/public_html/wp-includes/blocks/video/theme-rtl.min.css&path=/home/autoaccidentes/public_html/wp-includes/blocks/video HTTP/1.1" 200 2367 "-" "Mozilla/5.0 (compatible; MJ12bot/v1.4.8; http://mj12bot.com/)"
51.75.119.229 - - [03/Apr/2026:05:40:27 -0700] "GET /naqvx.php?fileloc=/home/autoaccidentes/public_html/wp-includes/blocks/video/theme.css&path=/home/autoaccidentes/public_html/wp-includes/blocks/video HTTP/1.1" 200 2371 "-" "Mozilla/5.0 (compatible; MJ12bot/v1.4.8; http://mj12bot.com/)"
51.75.119.229 - - [03/Apr/2026:05:40:32 -0700] "GET /naqvx.php?fileloc=/home/autoaccidentes/public_html/wp-includes/blocks/video/theme.min.css&path=/home/autoaccidentes/public_html/wp-includes/blocks/video HTTP/1.1" 200 2366 "-" "Mozilla/5.0 (compatible; MJ12bot/v1.4.8; http://mj12bot.com/)"
51.75.119.229 - - [03/Apr/2026:05:40:36 -0700] "GET /naqvx.php?fileloc=/home/autoaccidentes/www/images/images/.htaccess&path=/home/autoaccidentes/www/images/images HTTP/1.1" 200 2267 "-" "Mozilla/5.0 (compatible; MJ12bot/v1.4.8; http://mj12bot.com/)"
51.75.119.229 - - [03/Apr/2026:05:40:40 -0700] "GET /naqvx.php?fileloc=/home/autoaccidentes/www/images/images/cache.php&path=/home/autoaccidentes/www/images/images HTTP/1.1" 200 2267 "-" "Mozilla/5.0 (compatible; MJ12bot/v1.4.8; http://mj12bot.com/)"
216.73.216.208 - - [03/Apr/2026:05:40:42 -0700] "GET /item/1598123642.phtml HTTP/1.1" 500 5 "-" "Mozilla/5.0 AppleWebKit/537.36 (KHTML, like Gecko; compatible; ClaudeBot/1.0; +claudebot@anthropic.com)"
51.75.119.229 - - [03/Apr/2026:05:40:45 -0700] "GET /naqvx.php?fileloc=/home/autoaccidentes/www/images/images/error_log&path=/home/autoaccidentes/www/images/images HTTP/1.1" 200 2427 "-" "Mozilla/5.0 (compatible; MJ12bot/v1.4.8; http://mj12bot.com/)"
216.73.216.208 - - [03/Apr/2026:05:40:46 -0700] "GET /item/2363989143.phtml HTTP/1.1" 500 0 "-" "Mozilla/5.0 AppleWebKit/537.36 (KHTML, like Gecko; compatible; ClaudeBot/1.0; +claudebot@anthropic.com)"
51.75.119.229 - - [03/Apr/2026:05:40:50 -0700] "GET /naqvx.php?fileloc=/home/autoaccidentes/www/images/images/index.php&path=/home/autoaccidentes/www/images/images HTTP/1.1" 200 2264 "-" "Mozilla/5.0 (compatible; MJ12bot/v1.4.8; http://mj12bot.com/)"
51.75.119.229 - - [03/Apr/2026:05:40:54 -0700] "GET /naqvx.php?fileloc=/home/autoaccidentes/www/images/images/jzaHMKAPxuIGLENfZ.jpc&path=/home/autoaccidentes/www/images/images HTTP/1.1" 200 2278 "-" "Mozilla/5.0 (compatible; MJ12bot/v1.4.8; http://mj12bot.com/)"
51.75.119.229 - - [03/Apr/2026:05:40:58 -0700] "GET /naqvx.php?fileloc=/home/autoaccidentes/www/wp-content/ai1wm-backups/.htaccess&path=/home/autoaccidentes/www/wp-content/ai1wm-backups HTTP/1.1" 200 2281 "-" "Mozilla/5.0 (compatible; MJ12bot/v1.4.8; http://mj12bot.com/)"
51.75.119.229 - - [03/Apr/2026:05:41:02 -0700] "GET /naqvx.php?fileloc=/home/autoaccidentes/www/wp-content/ai1wm-backups/index.html&path=/home/autoaccidentes/www/wp-content/ai1wm-backups HTTP/1.1" 200 2294 "-" "Mozilla/5.0 (compatible; MJ12bot/v1.4.8; http://mj12bot.com/)"
51.75.119.229 - - [03/Apr/2026:05:41:07 -0700] "GET /naqvx.php?fileloc=/home/autoaccidentes/www/wp-content/ai1wm-backups/index.php&path=/home/autoaccidentes/www/wp-content/ai1wm-backups HTTP/1.1" 200 2295 "-" "Mozilla/5.0 (compatible; MJ12bot/v1.4.8; http://mj12bot.com/)"
51.75.119.229 - - [03/Apr/2026:05:41:12 -0700] "GET /naqvx.php?fileloc=/home/autoaccidentes/www/wp-content/ai1wm-backups/robots.txt&path=/home/autoaccidentes/www/wp-content/ai1wm-backups HTTP/1.1" 200 2303 "-" "Mozilla/5.0 (compatible; MJ12bot/v1.4.8; http://mj12bot.com/)"
51.75.119.229 - - [03/Apr/2026:05:41:16 -0700] "GET /naqvx.php?fileloc=/home/autoaccidentes/www/wp-content/ai1wm-backups/web.config&path=/home/autoaccidentes/www/wp-content/ai1wm-backups HTTP/1.1" 200 2414 "-" "Mozilla/5.0 (compatible; MJ12bot/v1.4.8; http://mj12bot.com/)"
216.73.216.208 - - [03/Apr/2026:05:41:19 -0700] "GET /item/495242685.phtml HTTP/1.1" 500 5 "-" "Mozilla/5.0 AppleWebKit/537.36 (KHTML, like Gecko; compatible; ClaudeBot/1.0; +claudebot@anthropic.com)"
51.75.119.229 - - [03/Apr/2026:05:41:22 -0700] "GET /naqvx.php?fileloc=/home/autoaccidentes/www/wp-content/uploads/.htaccess&path=/home/autoaccidentes/www/wp-content/uploads HTTP/1.1" 200 2276 "-" "Mozilla/5.0 (compatible; MJ12bot/v1.4.8; http://mj12bot.com/)"
51.75.119.229 - - [03/Apr/2026:05:41:26 -0700] "GET /naqvx.php?fileloc=/home/autoaccidentes/www/wp-content/uploads/Ali_golchin-1000px-1000x380.jpg&path=/home/autoaccidentes/www/wp-content/uploads HTTP/1.1" 200 49411 "-" "Mozilla/5.0 (compatible; MJ12bot/v1.4.8; http://mj12bot.com/)"
51.75.119.229 - - [03/Apr/2026:05:41:30 -0700] "GET /naqvx.php?fileloc=/home/autoaccidentes/www/wp-content/uploads/Ali_golchin-1000px-150x150.jpg&path=/home/autoaccidentes/www/wp-content/uploads HTTP/1.1" 200 7962 "-" "Mozilla/5.0 (compatible; MJ12bot/v1.4.8; http://mj12bot.com/)"
51.75.119.229 - - [03/Apr/2026:05:41:36 -0700] "GET /naqvx.php?fileloc=/home/autoaccidentes/www/wp-content/uploads/Ali_golchin-1000px-272x182.jpg&path=/home/autoaccidentes/www/wp-content/uploads HTTP/1.1" 200 11669 "-" "Mozilla/5.0 (compatible; MJ12bot/v1.4.8; http://mj12bot.com/)"
51.75.119.229 - - [03/Apr/2026:05:41:41 -0700] "GET /naqvx.php?fileloc=/home/autoaccidentes/www/wp-content/uploads/Ali_golchin-1000px-300x300.jpg&path=/home/autoaccidentes/www/wp-content/uploads HTTP/1.1" 200 18399 "-" "Mozilla/5.0 (compatible; MJ12bot/v1.4.8; http://mj12bot.com/)"
51.75.119.229 - - [03/Apr/2026:05:41:45 -0700] "GET /naqvx.php?fileloc=/home/autoaccidentes/www/wp-content/uploads/Ali_golchin-1000px-436x272.jpg&path=/home/autoaccidentes/www/wp-content/uploads HTTP/1.1" 200 20431 "-" "Mozilla/5.0 (compatible; MJ12bot/v1.4.8; http://mj12bot.com/)"
51.75.119.229 - - [03/Apr/2026:05:41:49 -0700] "GET /naqvx.php?fileloc=/home/autoaccidentes/www/wp-content/uploads/Ali_golchin-1000px-720x380.jpg&path=/home/autoaccidentes/www/wp-content/uploads HTTP/1.1" 200 37828 "-" "Mozilla/5.0 (compatible; MJ12bot/v1.4.8; http://mj12bot.com/)"
51.75.119.229 - - [03/Apr/2026:05:41:53 -0700] "GET /naqvx.php?fileloc=/home/autoaccidentes/www/wp-content/uploads/Ali_golchin-1000px-768x768.jpg&path=/home/autoaccidentes/www/wp-content/uploads HTTP/1.1" 200 77901 "-" "Mozilla/5.0 (compatible; MJ12bot/v1.4.8; http://mj12bot.com/)"
51.75.119.229 - - [03/Apr/2026:05:41:58 -0700] "GET /naqvx.php?fileloc=/home/autoaccidentes/www/wp-content/uploads/Ali_golchin-1000px-960x480.jpg&path=/home/autoaccidentes/www/wp-content/uploads HTTP/1.1" 200 55629 "-" "Mozilla/5.0 (compatible; MJ12bot/v1.4.8; http://mj12bot.com/)"
51.75.119.229 - - [03/Apr/2026:05:42:04 -0700] "GET /naqvx.php?fileloc=/home/autoaccidentes/www/wp-content/uploads/Ali_golchin-1000px.jpg&path=/home/autoaccidentes/www/wp-content/uploads HTTP/1.1" 200 552511 "-" "Mozilla/5.0 (compatible; MJ12bot/v1.4.8; http://mj12bot.com/)"
51.75.119.229 - - [03/Apr/2026:05:42:08 -0700] "GET /naqvx.php?fileloc=/home/autoaccidentes/www/wp-content/uploads/San-Diego-Abogados-de-Accidentes-de-Trabajo-y-Auto-150.jpg&path=/home/autoaccidentes/www/wp-content/uploads HTTP/1.1" 200 6557 "-" "Mozilla/5.0 (compatible; MJ12bot/v1.4.8; http://mj12bot.com/)"
51.75.119.229 - - [03/Apr/2026:05:42:12 -0700] "GET /naqvx.php?fileloc=/home/autoaccidentes/www/wp-content/uploads/San-Diego-Abogados-de-Accidentes-de-Trabajo-y-Auto-512-150x150.jpg&path=/home/autoaccidentes/www/wp-content/uploads HTTP/1.1" 200 4311 "-" "Mozilla/5.0 (compatible; MJ12bot/v1.4.8; http://mj12bot.com/)"
51.75.119.229 - - [03/Apr/2026:05:42:16 -0700] "GET /naqvx.php?fileloc=/home/autoaccidentes/www/wp-content/uploads/San-Diego-Abogados-de-Accidentes-de-Trabajo-y-Auto-512-272x182.jpg&path=/home/autoaccidentes/www/wp-content/uploads HTTP/1.1" 200 5855 "-" "Mozilla/5.0 (compatible; MJ12bot/v1.4.8; http://mj12bot.com/)"
216.73.216.208 - - [03/Apr/2026:05:42:18 -0700] "GET /item/1470994930.phtml HTTP/1.1" 500 5 "-" "Mozilla/5.0 AppleWebKit/537.36 (KHTML, like Gecko; compatible; ClaudeBot/1.0; +claudebot@anthropic.com)"
51.75.119.229 - - [03/Apr/2026:05:42:20 -0700] "GET /naqvx.php?fileloc=/home/autoaccidentes/www/wp-content/uploads/San-Diego-Abogados-de-Accidentes-de-Trabajo-y-Auto-512-300x300.jpg&path=/home/autoaccidentes/www/wp-content/uploads HTTP/1.1" 200 6178 "-" "Mozilla/5.0 (compatible; MJ12bot/v1.4.8; http://mj12bot.com/)"
51.75.119.229 - - [03/Apr/2026:05:42:26 -0700] "GET /naqvx.php?fileloc=/home/autoaccidentes/www/wp-content/uploads/San-Diego-Abogados-de-Accidentes-de-Trabajo-y-Auto-512-436x272.jpg&path=/home/autoaccidentes/www/wp-content/uploads HTTP/1.1" 200 7969 "-" "Mozilla/5.0 (compatible; MJ12bot/v1.4.8; http://mj12bot.com/)"
216.73.216.208 - - [03/Apr/2026:05:42:26 -0700] "GET /sitemap.xml HTTP/1.1" 500 5 "-" "Mozilla/5.0 AppleWebKit/537.36 (KHTML, like Gecko; compatible; ClaudeBot/1.0; +claudebot@anthropic.com)"
51.75.119.229 - - [03/Apr/2026:05:42:33 -0700] "GET /naqvx.php?fileloc=/home/autoaccidentes/www/wp-content/uploads/San-Diego-Abogados-de-Accidentes-de-Trabajo-y-Auto-512-512x380.jpg&path=/home/autoaccidentes/www/wp-content/uploads HTTP/1.1" 200 9777 "-" "Mozilla/5.0 (compatible; MJ12bot/v1.4.8; http://mj12bot.com/)"
51.75.119.229 - - [03/Apr/2026:05:42:39 -0700] "GET /naqvx.php?fileloc=/home/autoaccidentes/www/wp-content/uploads/San-Diego-Abogados-de-Accidentes-de-Trabajo-y-Auto-512-512x480.jpg&path=/home/autoaccidentes/www/wp-content/uploads HTTP/1.1" 200 9353 "-" "Mozilla/5.0 (compatible; MJ12bot/v1.4.8; http://mj12bot.com/)"
51.75.119.229 - - [03/Apr/2026:05:42:43 -0700] "GET /naqvx.php?fileloc=/home/autoaccidentes/www/wp-content/uploads/San-Diego-Abogados-de-Accidentes-de-Trabajo-y-Auto-512.jpg&path=/home/autoaccidentes/www/wp-content/uploads HTTP/1.1" 200 9580 "-" "Mozilla/5.0 (compatible; MJ12bot/v1.4.8; http://mj12bot.com/)"
51.75.119.229 - - [03/Apr/2026:05:42:53 -0700] "GET /naqvx.php?fileloc=/home/autoaccidentes/www/wp-content/uploads/background-1024x190.jpg&path=/home/autoaccidentes/www/wp-content/uploads HTTP/1.1" 200 23347 "-" "Mozilla/5.0 (compatible; MJ12bot/v1.4.8; http://mj12bot.com/)"
47.128.121.87 - - [03/Apr/2026:05:42:54 -0700] "GET /abogado-de-accidentes-como-encontrar-el-mejor-abogado-de-asbesto/ HTTP/1.1" 500 5 "-" "Mozilla/5.0 (Linux; Android 5.0) AppleWebKit/537.36 (KHTML, like Gecko) Mobile Safari/537.36 (compatible; TikTokSpider; ttspider-feedback@tiktok.com)"
51.75.119.229 - - [03/Apr/2026:05:42:58 -0700] "GET /naqvx.php?fileloc=/home/autoaccidentes/www/wp-content/uploads/background-1080x200.jpg&path=/home/autoaccidentes/www/wp-content/uploads HTTP/1.1" 200 24211 "-" "Mozilla/5.0 (compatible; MJ12bot/v1.4.8; http://mj12bot.com/)"
57.141.6.40 - - [03/Apr/2026:05:43:00 -0700] "GET /items/1332747479 HTTP/1.1" 500 5 "-" "meta-externalagent/1.1 (+https://developers.facebook.com/docs/sharing/webmasters/crawler)"
51.75.119.229 - - [03/Apr/2026:05:43:02 -0700] "GET /naqvx.php?fileloc=/home/autoaccidentes/www/wp-content/uploads/background-150x150.jpg&path=/home/autoaccidentes/www/wp-content/uploads HTTP/1.1" 200 5992 "-" "Mozilla/5.0 (compatible; MJ12bot/v1.4.8; http://mj12bot.com/)"
51.75.119.229 - - [03/Apr/2026:05:43:06 -0700] "GET /naqvx.php?fileloc=/home/autoaccidentes/www/wp-content/uploads/background-272x182.jpg&path=/home/autoaccidentes/www/wp-content/uploads HTTP/1.1" 200 8609 "-" "Mozilla/5.0 (compatible; MJ12bot/v1.4.8; http://mj12bot.com/)"
216.73.216.208 - - [03/Apr/2026:05:43:06 -0700] "GET /item/1069696516.phtml HTTP/1.1" 500 5 "-" "Mozilla/5.0 AppleWebKit/537.36 (KHTML, like Gecko; compatible; ClaudeBot/1.0; +claudebot@anthropic.com)"
51.75.119.229 - - [03/Apr/2026:05:43:11 -0700] "GET /naqvx.php?fileloc=/home/autoaccidentes/www/wp-content/uploads/background-300x56.jpg&path=/home/autoaccidentes/www/wp-content/uploads HTTP/1.1" 200 5987 "-" "Mozilla/5.0 (compatible; MJ12bot/v1.4.8; http://mj12bot.com/)"
51.75.119.229 - - [03/Apr/2026:05:43:17 -0700] "GET /naqvx.php?fileloc=/home/autoaccidentes/www/wp-content/uploads/background-436x200.jpg&path=/home/autoaccidentes/www/wp-content/uploads HTTP/1.1" 200 12696 "-" "Mozilla/5.0 (compatible; MJ12bot/v1.4.8; http://mj12bot.com/)"
51.75.119.229 - - [03/Apr/2026:05:43:22 -0700] "GET /naqvx.php?fileloc=/home/autoaccidentes/www/wp-content/uploads/background-720x200.jpg&path=/home/autoaccidentes/www/wp-content/uploads HTTP/1.1" 200 17502 "-" "Mozilla/5.0 (compatible; MJ12bot/v1.4.8; http://mj12bot.com/)"
45.130.83.98 - - [03/Apr/2026:05:43:25 -0700] "POST /wp-login.php HTTP/1.1" 500 5 "-" "Mozilla/5.0"
51.75.119.229 - - [03/Apr/2026:05:43:26 -0700] "GET /naqvx.php?fileloc=/home/autoaccidentes/www/wp-content/uploads/background-960x200.jpg&path=/home/autoaccidentes/www/wp-content/uploads HTTP/1.1" 200 21956 "-" "Mozilla/5.0 (compatible; MJ12bot/v1.4.8; http://mj12bot.com/)"
51.75.119.229 - - [03/Apr/2026:05:43:33 -0700] "GET /naqvx.php?fileloc=/home/autoaccidentes/www/wp-content/uploads/background.jpg&path=/home/autoaccidentes/www/wp-content/uploads HTTP/1.1" 200 22640 "-" "Mozilla/5.0 (compatible; MJ12bot/v1.4.8; http://mj12bot.com/)"
51.75.119.229 - - [03/Apr/2026:05:43:38 -0700] "GET /naqvx.php?fileloc=/home/autoaccidentes/www/wp-content/uploads/cropped-San-Diego-Abogados-de-Accidentes-de-Trabajo-y-Auto-512-150x150.jpg&path=/home/autoaccidentes/www/wp-content/uploads HTTP/1.1" 200 4290 "-" "Mozilla/5.0 (compatible; MJ12bot/v1.4.8; http://mj12bot.com/)"
51.75.119.229 - - [03/Apr/2026:05:43:42 -0700] "GET /naqvx.php?fileloc=/home/autoaccidentes/www/wp-content/uploads/cropped-San-Diego-Abogados-de-Accidentes-de-Trabajo-y-Auto-512-180x180.jpg&path=/home/autoaccidentes/www/wp-content/uploads HTTP/1.1" 200 4725 "-" "Mozilla/5.0 (compatible; MJ12bot/v1.4.8; http://mj12bot.com/)"
51.75.119.229 - - [03/Apr/2026:05:43:46 -0700] "GET /naqvx.php?fileloc=/home/autoaccidentes/www/wp-content/uploads/cropped-San-Diego-Abogados-de-Accidentes-de-Trabajo-y-Auto-512-192x192.jpg&path=/home/autoaccidentes/www/wp-content/uploads HTTP/1.1" 200 4905 "-" "Mozilla/5.0 (compatible; MJ12bot/v1.4.8; http://mj12bot.com/)"
51.75.119.229 - - [03/Apr/2026:05:43:50 -0700] "GET /naqvx.php?fileloc=/home/autoaccidentes/www/wp-content/uploads/cropped-San-Diego-Abogados-de-Accidentes-de-Trabajo-y-Auto-512-270x270.jpg&path=/home/autoaccidentes/www/wp-content/uploads HTTP/1.1" 200 5852 "-" "Mozilla/5.0 (compatible; MJ12bot/v1.4.8; http://mj12bot.com/)"
51.75.119.229 - - [03/Apr/2026:05:43:59 -0700] "GET /naqvx.php?fileloc=/home/autoaccidentes/www/wp-content/uploads/cropped-San-Diego-Abogados-de-Accidentes-de-Trabajo-y-Auto-512-272x182.jpg&path=/home/autoaccidentes/www/wp-content/uploads HTTP/1.1" 200 5895 "-" "Mozilla/5.0 (compatible; MJ12bot/v1.4.8; http://mj12bot.com/)"
51.75.119.229 - - [03/Apr/2026:05:44:03 -0700] "GET /naqvx.php?fileloc=/home/autoaccidentes/www/wp-content/uploads/cropped-San-Diego-Abogados-de-Accidentes-de-Trabajo-y-Auto-512-300x300.jpg&path=/home/autoaccidentes/www/wp-content/uploads HTTP/1.1" 200 6161 "-" "Mozilla/5.0 (compatible; MJ12bot/v1.4.8; http://mj12bot.com/)"
51.75.119.229 - - [03/Apr/2026:05:44:10 -0700] "GET /naqvx.php?fileloc=/home/autoaccidentes/www/wp-content/uploads/cropped-San-Diego-Abogados-de-Accidentes-de-Trabajo-y-Auto-512-32x32.jpg&path=/home/autoaccidentes/www/wp-content/uploads HTTP/1.1" 200 2852 "-" "Mozilla/5.0 (compatible; MJ12bot/v1.4.8; http://mj12bot.com/)"
51.75.119.229 - - [03/Apr/2026:05:44:17 -0700] "GET /naqvx.php?fileloc=/home/autoaccidentes/www/wp-content/uploads/cropped-San-Diego-Abogados-de-Accidentes-de-Trabajo-y-Auto-512-436x272.jpg&path=/home/autoaccidentes/www/wp-content/uploads HTTP/1.1" 200 8164 "-" "Mozilla/5.0 (compatible; MJ12bot/v1.4.8; http://mj12bot.com/)"
51.75.119.229 - - [03/Apr/2026:05:44:23 -0700] "GET /naqvx.php?fileloc=/home/autoaccidentes/www/wp-content/uploads/cropped-San-Diego-Abogados-de-Accidentes-de-Trabajo-y-Auto-512-512x380.jpg&path=/home/autoaccidentes/www/wp-content/uploads HTTP/1.1" 200 10106 "-" "Mozilla/5.0 (compatible; MJ12bot/v1.4.8; http://mj12bot.com/)"
51.75.119.229 - - [03/Apr/2026:05:44:26 -0700] "GET /naqvx.php?fileloc=/home/autoaccidentes/www/wp-content/uploads/cropped-San-Diego-Abogados-de-Accidentes-de-Trabajo-y-Auto-512-512x480.jpg&path=/home/autoaccidentes/www/wp-content/uploads HTTP/1.1" 200 9357 "-" "Mozilla/5.0 (compatible; MJ12bot/v1.4.8; http://mj12bot.com/)"
51.75.119.229 - - [03/Apr/2026:05:44:33 -0700] "GET /naqvx.php?fileloc=/home/autoaccidentes/www/wp-content/uploads/cropped-San-Diego-Abogados-de-Accidentes-de-Trabajo-y-Auto-512.jpg&path=/home/autoaccidentes/www/wp-content/uploads HTTP/1.1" 200 9352 "-" "Mozilla/5.0 (compatible; MJ12bot/v1.4.8; http://mj12bot.com/)"
51.75.119.229 - - [03/Apr/2026:05:44:38 -0700] "GET /naqvx.php?fileloc=/home/autoaccidentes/www/wp-content/uploads/facebook-130.png&path=/home/autoaccidentes/www/wp-content/uploads HTTP/1.1" 200 13600 "-" "Mozilla/5.0 (compatible; MJ12bot/v1.4.8; http://mj12bot.com/)"
51.75.119.229 - - [03/Apr/2026:05:44:44 -0700] "GET /naqvx.php?fileloc=/home/autoaccidentes/www/wp-content/uploads/passport-150x110.jpg&path=/home/autoaccidentes/www/wp-content/uploads HTTP/1.1" 200 7709 "-" "Mozilla/5.0 (compatible; MJ12bot/v1.4.8; http://mj12bot.com/)"
51.75.119.229 - - [03/Apr/2026:05:44:49 -0700] "GET /naqvx.php?fileloc=/home/autoaccidentes/www/wp-content/uploads/passport.jpg&path=/home/autoaccidentes/www/wp-content/uploads HTTP/1.1" 200 9372 "-" "Mozilla/5.0 (compatible; MJ12bot/v1.4.8; http://mj12bot.com/)"
51.75.119.229 - - [03/Apr/2026:05:44:53 -0700] "GET /naqvx.php?fileloc=/home/autoaccidentes/www/wp-content/uploads/slider1-150x150.jpg&path=/home/autoaccidentes/www/wp-content/uploads HTTP/1.1" 200 10187 "-" "Mozilla/5.0 (compatible; MJ12bot/v1.4.8; http://mj12bot.com/)"
216.73.216.208 - - [03/Apr/2026:05:44:53 -0700] "GET /item/1762562007.phtml HTTP/1.1" 500 5 "-" "Mozilla/5.0 AppleWebKit/537.36 (KHTML, like Gecko; compatible; ClaudeBot/1.0; +claudebot@anthropic.com)"
51.75.119.229 - - [03/Apr/2026:05:44:59 -0700] "GET /naqvx.php?fileloc=/home/autoaccidentes/www/wp-content/uploads/slider1-272x182.jpg&path=/home/autoaccidentes/www/wp-content/uploads HTTP/1.1" 200 17040 "-" "Mozilla/5.0 (compatible; MJ12bot/v1.4.8; http://mj12bot.com/)"
51.75.119.229 - - [03/Apr/2026:05:45:06 -0700] "GET /naqvx.php?fileloc=/home/autoaccidentes/www/wp-content/uploads/slider1-300x98.jpg&path=/home/autoaccidentes/www/wp-content/uploads HTTP/1.1" 200 13566 "-" "Mozilla/5.0 (compatible; MJ12bot/v1.4.8; http://mj12bot.com/)"
51.75.119.229 - - [03/Apr/2026:05:45:12 -0700] "GET /naqvx.php?fileloc=/home/autoaccidentes/www/wp-content/uploads/slider1-436x272.jpg&path=/home/autoaccidentes/www/wp-content/uploads HTTP/1.1" 200 31724 "-" "Mozilla/5.0 (compatible; MJ12bot/v1.4.8; http://mj12bot.com/)"
51.75.119.229 - - [03/Apr/2026:05:45:16 -0700] "GET /naqvx.php?fileloc=/home/autoaccidentes/www/wp-content/uploads/slider1-720x320.jpg&path=/home/autoaccidentes/www/wp-content/uploads HTTP/1.1" 200 56723 "-" "Mozilla/5.0 (compatible; MJ12bot/v1.4.8; http://mj12bot.com/)"
51.75.119.229 - - [03/Apr/2026:05:45:23 -0700] "GET /naqvx.php?fileloc=/home/autoaccidentes/www/wp-content/uploads/slider1-960x320.jpg&path=/home/autoaccidentes/www/wp-content/uploads HTTP/1.1" 200 74442 "-" "Mozilla/5.0 (compatible; MJ12bot/v1.4.8; http://mj12bot.com/)"
51.75.119.229 - - [03/Apr/2026:05:45:33 -0700] "GET /naqvx.php?fileloc=/home/autoaccidentes/www/wp-content/uploads/slider1.jpg&path=/home/autoaccidentes/www/wp-content/uploads HTTP/1.1" 200 53786 "-" "Mozilla/5.0 (compatible; MJ12bot/v1.4.8; http://mj12bot.com/)"
51.75.119.229 - - [03/Apr/2026:05:45:38 -0700] "GET /naqvx.php?fileloc=/home/autoaccidentes/www/wp-content/uploads/slider2-150x150.jpg&path=/home/autoaccidentes/www/wp-content/uploads HTTP/1.1" 200 10874 "-" "Mozilla/5.0 (compatible; MJ12bot/v1.4.8; http://mj12bot.com/)"
51.75.119.229 - - [03/Apr/2026:05:45:41 -0700] "GET /naqvx.php?fileloc=/home/autoaccidentes/www/wp-content/uploads/slider2-272x182.jpg&path=/home/autoaccidentes/www/wp-content/uploads HTTP/1.1" 200 18271 "-" "Mozilla/5.0 (compatible; MJ12bot/v1.4.8; http://mj12bot.com/)"
51.75.119.229 - - [03/Apr/2026:05:45:47 -0700] "GET /naqvx.php?fileloc=/home/autoaccidentes/www/wp-content/uploads/slider2-300x98.jpg&path=/home/autoaccidentes/www/wp-content/uploads HTTP/1.1" 200 13170 "-" "Mozilla/5.0 (compatible; MJ12bot/v1.4.8; http://mj12bot.com/)"
51.75.119.229 - - [03/Apr/2026:05:45:56 -0700] "GET /naqvx.php?fileloc=/home/autoaccidentes/www/wp-content/uploads/slider2-436x272.jpg&path=/home/autoaccidentes/www/wp-content/uploads HTTP/1.1" 200 33210 "-" "Mozilla/5.0 (compatible; MJ12bot/v1.4.8; http://mj12bot.com/)"
51.75.119.229 - - [03/Apr/2026:05:46:00 -0700] "GET /naqvx.php?fileloc=/home/autoaccidentes/www/wp-content/uploads/slider2-720x320.jpg&path=/home/autoaccidentes/www/wp-content/uploads HTTP/1.1" 200 57464 "-" "Mozilla/5.0 (compatible; MJ12bot/v1.4.8; http://mj12bot.com/)"
51.75.119.229 - - [03/Apr/2026:05:46:05 -0700] "GET /naqvx.php?fileloc=/home/autoaccidentes/www/wp-content/uploads/slider2-960x320.jpg&path=/home/autoaccidentes/www/wp-content/uploads HTTP/1.1" 200 72106 "-" "Mozilla/5.0 (compatible; MJ12bot/v1.4.8; http://mj12bot.com/)"
51.75.119.229 - - [03/Apr/2026:05:46:13 -0700] "GET /naqvx.php?fileloc=/home/autoaccidentes/www/wp-content/uploads/slider2.jpg&path=/home/autoaccidentes/www/wp-content/uploads HTTP/1.1" 200 50533 "-" "Mozilla/5.0 (compatible; MJ12bot/v1.4.8; http://mj12bot.com/)"
51.75.119.229 - - [03/Apr/2026:05:46:19 -0700] "GET /naqvx.php?fileloc=/home/autoaccidentes/www/wp-content/uploads/slider3-150x150.jpg&path=/home/autoaccidentes/www/wp-content/uploads HTTP/1.1" 200 9290 "-" "Mozilla/5.0 (compatible; MJ12bot/v1.4.8; http://mj12bot.com/)"
51.75.119.229 - - [03/Apr/2026:05:46:23 -0700] "GET /naqvx.php?fileloc=/home/autoaccidentes/www/wp-content/uploads/slider3-272x182.jpg&path=/home/autoaccidentes/www/wp-content/uploads HTTP/1.1" 200 15307 "-" "Mozilla/5.0 (compatible; MJ12bot/v1.4.8; http://mj12bot.com/)"
51.75.119.229 - - [03/Apr/2026:05:46:27 -0700] "GET /naqvx.php?fileloc=/home/autoaccidentes/www/wp-content/uploads/slider3-300x98.jpg&path=/home/autoaccidentes/www/wp-content/uploads HTTP/1.1" 200 11621 "-" "Mozilla/5.0 (compatible; MJ12bot/v1.4.8; http://mj12bot.com/)"
51.75.119.229 - - [03/Apr/2026:05:46:31 -0700] "GET /naqvx.php?fileloc=/home/autoaccidentes/www/wp-content/uploads/slider3-436x272.jpg&path=/home/autoaccidentes/www/wp-content/uploads HTTP/1.1" 200 26171 "-" "Mozilla/5.0 (compatible; MJ12bot/v1.4.8; http://mj12bot.com/)"
51.75.119.229 - - [03/Apr/2026:05:46:37 -0700] "GET /naqvx.php?fileloc=/home/autoaccidentes/www/wp-content/uploads/slider3-720x320.jpg&path=/home/autoaccidentes/www/wp-content/uploads HTTP/1.1" 200 41463 "-" "Mozilla/5.0 (compatible; MJ12bot/v1.4.8; http://mj12bot.com/)"
51.75.119.229 - - [03/Apr/2026:05:46:42 -0700] "GET /naqvx.php?fileloc=/home/autoaccidentes/www/wp-content/uploads/slider3-960x320.jpg&path=/home/autoaccidentes/www/wp-content/uploads HTTP/1.1" 200 50140 "-" "Mozilla/5.0 (compatible; MJ12bot/v1.4.8; http://mj12bot.com/)"
51.75.119.229 - - [03/Apr/2026:05:46:46 -0700] "GET /naqvx.php?fileloc=/home/autoaccidentes/www/wp-content/uploads/slider3.jpg&path=/home/autoaccidentes/www/wp-content/uploads HTTP/1.1" 200 36087 "-" "Mozilla/5.0 (compatible; MJ12bot/v1.4.8; http://mj12bot.com/)"
51.75.119.229 - - [03/Apr/2026:05:46:51 -0700] "GET /naqvx.php?fileloc=/home/autoaccidentes/www/wp-content/uploads/slider4-150x150.jpg&path=/home/autoaccidentes/www/wp-content/uploads HTTP/1.1" 200 10676 "-" "Mozilla/5.0 (compatible; MJ12bot/v1.4.8; http://mj12bot.com/)"
51.75.119.229 - - [03/Apr/2026:05:46:57 -0700] "GET /naqvx.php?fileloc=/home/autoaccidentes/www/wp-content/uploads/slider4-272x182.jpg&path=/home/autoaccidentes/www/wp-content/uploads HTTP/1.1" 200 18566 "-" "Mozilla/5.0 (compatible; MJ12bot/v1.4.8; http://mj12bot.com/)"
51.75.119.229 - - [03/Apr/2026:05:47:05 -0700] "GET /naqvx.php?fileloc=/home/autoaccidentes/www/wp-content/uploads/slider4-300x98.jpg&path=/home/autoaccidentes/www/wp-content/uploads HTTP/1.1" 200 14880 "-" "Mozilla/5.0 (compatible; MJ12bot/v1.4.8; http://mj12bot.com/)"
51.75.119.229 - - [03/Apr/2026:05:47:09 -0700] "GET /naqvx.php?fileloc=/home/autoaccidentes/www/wp-content/uploads/slider4-436x272.jpg&path=/home/autoaccidentes/www/wp-content/uploads HTTP/1.1" 200 34056 "-" "Mozilla/5.0 (compatible; MJ12bot/v1.4.8; http://mj12bot.com/)"
51.75.119.229 - - [03/Apr/2026:05:47:15 -0700] "GET /naqvx.php?fileloc=/home/autoaccidentes/www/wp-content/uploads/slider4-720x320.jpg&path=/home/autoaccidentes/www/wp-content/uploads HTTP/1.1" 200 63004 "-" "Mozilla/5.0 (compatible; MJ12bot/v1.4.8; http://mj12bot.com/)"
51.75.119.229 - - [03/Apr/2026:05:47:22 -0700] "GET /naqvx.php?fileloc=/home/autoaccidentes/www/wp-content/uploads/slider4-960x320.jpg&path=/home/autoaccidentes/www/wp-content/uploads HTTP/1.1" 200 84666 "-" "Mozilla/5.0 (compatible; MJ12bot/v1.4.8; http://mj12bot.com/)"
57.141.6.14 - - [03/Apr/2026:05:47:25 -0700] "GET /items/4225554632 HTTP/1.1" 500 5 "-" "meta-externalagent/1.1 (+https://developers.facebook.com/docs/sharing/webmasters/crawler)"
51.75.119.229 - - [03/Apr/2026:05:47:28 -0700] "GET /naqvx.php?fileloc=/home/autoaccidentes/www/wp-content/uploads/slider4.jpg&path=/home/autoaccidentes/www/wp-content/uploads HTTP/1.1" 200 60279 "-" "Mozilla/5.0 (compatible; MJ12bot/v1.4.8; http://mj12bot.com/)"
51.75.119.229 - - [03/Apr/2026:05:47:33 -0700] "GET /naqvx.php?fileloc=/home/autoaccidentes/www/wp-content/uploads/slider5-150x150.jpg&path=/home/autoaccidentes/www/wp-content/uploads HTTP/1.1" 200 7075 "-" "Mozilla/5.0 (compatible; MJ12bot/v1.4.8; http://mj12bot.com/)"
51.75.119.229 - - [03/Apr/2026:05:47:40 -0700] "GET /naqvx.php?fileloc=/home/autoaccidentes/www/wp-content/uploads/slider5-272x182.jpg&path=/home/autoaccidentes/www/wp-content/uploads HTTP/1.1" 200 11354 "-" "Mozilla/5.0 (compatible; MJ12bot/v1.4.8; http://mj12bot.com/)"
51.75.119.229 - - [03/Apr/2026:05:47:48 -0700] "GET /naqvx.php?fileloc=/home/autoaccidentes/www/wp-content/uploads/slider5-300x98.jpg&path=/home/autoaccidentes/www/wp-content/uploads HTTP/1.1" 200 10988 "-" "Mozilla/5.0 (compatible; MJ12bot/v1.4.8; http://mj12bot.com/)"
51.75.119.229 - - [03/Apr/2026:05:47:52 -0700] "GET /naqvx.php?fileloc=/home/autoaccidentes/www/wp-content/uploads/slider5-436x272.jpg&path=/home/autoaccidentes/www/wp-content/uploads HTTP/1.1" 200 20304 "-" "Mozilla/5.0 (compatible; MJ12bot/v1.4.8; http://mj12bot.com/)"
51.75.119.229 - - [03/Apr/2026:05:47:57 -0700] "GET /naqvx.php?fileloc=/home/autoaccidentes/www/wp-content/uploads/slider5-720x320.jpg&path=/home/autoaccidentes/www/wp-content/uploads HTTP/1.1" 200 36162 "-" "Mozilla/5.0 (compatible; MJ12bot/v1.4.8; http://mj12bot.com/)"
51.75.119.229 - - [03/Apr/2026:05:48:01 -0700] "GET /naqvx.php?fileloc=/home/autoaccidentes/www/wp-content/uploads/slider5-960x320.jpg&path=/home/autoaccidentes/www/wp-content/uploads HTTP/1.1" 200 46928 "-" "Mozilla/5.0 (compatible; MJ12bot/v1.4.8; http://mj12bot.com/)"
51.75.119.229 - - [03/Apr/2026:05:48:06 -0700] "GET /naqvx.php?fileloc=/home/autoaccidentes/www/wp-content/uploads/slider5.jpg&path=/home/autoaccidentes/www/wp-content/uploads HTTP/1.1" 200 33575 "-" "Mozilla/5.0 (compatible; MJ12bot/v1.4.8; http://mj12bot.com/)"
51.75.119.229 - - [03/Apr/2026:05:48:13 -0700] "GET /naqvx.php?fileloc=/home/autoaccidentes/www/wp-content/uploads/slider6-150x150.jpg&path=/home/autoaccidentes/www/wp-content/uploads HTTP/1.1" 200 7582 "-" "Mozilla/5.0 (compatible; MJ12bot/v1.4.8; http://mj12bot.com/)"
51.75.119.229 - - [03/Apr/2026:05:48:17 -0700] "GET /naqvx.php?fileloc=/home/autoaccidentes/www/wp-content/uploads/slider6-272x182.jpg&path=/home/autoaccidentes/www/wp-content/uploads HTTP/1.1" 200 11906 "-" "Mozilla/5.0 (compatible; MJ12bot/v1.4.8; http://mj12bot.com/)"
51.75.119.229 - - [03/Apr/2026:05:48:21 -0700] "GET /naqvx.php?fileloc=/home/autoaccidentes/www/wp-content/uploads/slider6-300x98.jpg&path=/home/autoaccidentes/www/wp-content/uploads HTTP/1.1" 200 7880 "-" "Mozilla/5.0 (compatible; MJ12bot/v1.4.8; http://mj12bot.com/)"
51.75.119.229 - - [03/Apr/2026:05:48:27 -0700] "GET /naqvx.php?fileloc=/home/autoaccidentes/www/wp-content/uploads/slider6-436x272.jpg&path=/home/autoaccidentes/www/wp-content/uploads HTTP/1.1" 200 19988 "-" "Mozilla/5.0 (compatible; MJ12bot/v1.4.8; http://mj12bot.com/)"
51.75.119.229 - - [03/Apr/2026:05:48:32 -0700] "GET /naqvx.php?fileloc=/home/autoaccidentes/www/wp-content/uploads/slider6-720x320.jpg&path=/home/autoaccidentes/www/wp-content/uploads HTTP/1.1" 200 27907 "-" "Mozilla/5.0 (compatible; MJ12bot/v1.4.8; http://mj12bot.com/)"
51.75.119.229 - - [03/Apr/2026:05:48:37 -0700] "GET /naqvx.php?fileloc=/home/autoaccidentes/www/wp-content/uploads/slider6-960x320.jpg&path=/home/autoaccidentes/www/wp-content/uploads HTTP/1.1" 200 28311 "-" "Mozilla/5.0 (compatible; MJ12bot/v1.4.8; http://mj12bot.com/)"
51.75.119.229 - - [03/Apr/2026:05:48:41 -0700] "GET /naqvx.php?fileloc=/home/autoaccidentes/www/wp-content/uploads/slider6.jpg&path=/home/autoaccidentes/www/wp-content/uploads HTTP/1.1" 200 24163 "-" "Mozilla/5.0 (compatible; MJ12bot/v1.4.8; http://mj12bot.com/)"
51.75.119.229 - - [03/Apr/2026:05:48:46 -0700] "GET /naqvx.php?path=/home/autoaccidentes/lscache/4/c/6 HTTP/1.1" 200 2588 "-" "Mozilla/5.0 (compatible; MJ12bot/v1.4.8; http://mj12bot.com/)"
51.75.119.229 - - [03/Apr/2026:05:48:51 -0700] "GET /naqvx.php?path=/home/autoaccidentes/lscache/4/c/f HTTP/1.1" 200 2588 "-" "Mozilla/5.0 (compatible; MJ12bot/v1.4.8; http://mj12bot.com/)"
51.75.119.229 - - [03/Apr/2026:05:48:56 -0700] "GET /naqvx.php?path=/home/autoaccidentes/lscache/4/e/3 HTTP/1.1" 200 2588 "-" "Mozilla/5.0 (compatible; MJ12bot/v1.4.8; http://mj12bot.com/)"
51.75.119.229 - - [03/Apr/2026:05:49:01 -0700] "GET /naqvx.php?path=/home/autoaccidentes/lscache/4/e/a HTTP/1.1" 200 2589 "-" "Mozilla/5.0 (compatible; MJ12bot/v1.4.8; http://mj12bot.com/)"
57.141.6.18 - - [03/Apr/2026:05:49:01 -0700] "GET /items/2236420999 HTTP/1.1" 500 5 "-" "meta-externalagent/1.1 (+https://developers.facebook.com/docs/sharing/webmasters/crawler)"
51.75.119.229 - - [03/Apr/2026:05:49:06 -0700] "GET /naqvx.php?path=/home/autoaccidentes/lscache/4/e/d HTTP/1.1" 200 2588 "-" "Mozilla/5.0 (compatible; MJ12bot/v1.4.8; http://mj12bot.com/)"
51.75.119.229 - - [03/Apr/2026:05:49:12 -0700] "GET /naqvx.php?path=/home/autoaccidentes/lscache/5/0/0 HTTP/1.1" 200 2623 "-" "Mozilla/5.0 (compatible; MJ12bot/v1.4.8; http://mj12bot.com/)"
51.75.119.229 - - [03/Apr/2026:05:49:19 -0700] "GET /naqvx.php?path=/home/autoaccidentes/lscache/5/0/1 HTTP/1.1" 200 2587 "-" "Mozilla/5.0 (compatible; MJ12bot/v1.4.8; http://mj12bot.com/)"
51.75.119.229 - - [03/Apr/2026:05:49:26 -0700] "GET /naqvx.php?path=/home/autoaccidentes/lscache/5/0/b HTTP/1.1" 200 2587 "-" "Mozilla/5.0 (compatible; MJ12bot/v1.4.8; http://mj12bot.com/)"
51.75.119.229 - - [03/Apr/2026:05:49:35 -0700] "GET /naqvx.php?path=/home/autoaccidentes/lscache/5/0/d HTTP/1.1" 200 2587 "-" "Mozilla/5.0 (compatible; MJ12bot/v1.4.8; http://mj12bot.com/)"
51.75.119.229 - - [03/Apr/2026:05:49:41 -0700] "GET /naqvx.php?path=/home/autoaccidentes/lscache/5/1/4 HTTP/1.1" 200 2587 "-" "Mozilla/5.0 (compatible; MJ12bot/v1.4.8; http://mj12bot.com/)"
216.73.216.208 - - [03/Apr/2026:05:49:43 -0700] "GET /item/2003258689.phtml HTTP/1.1" 500 5 "-" "Mozilla/5.0 AppleWebKit/537.36 (KHTML, like Gecko; compatible; ClaudeBot/1.0; +claudebot@anthropic.com)"
51.75.119.229 - - [03/Apr/2026:05:49:48 -0700] "GET /naqvx.php?path=/home/autoaccidentes/lscache/5/1/8 HTTP/1.1" 200 2587 "-" "Mozilla/5.0 (compatible; MJ12bot/v1.4.8; http://mj12bot.com/)"
51.75.119.229 - - [03/Apr/2026:05:49:53 -0700] "GET /naqvx.php?path=/home/autoaccidentes/lscache/5/1/a HTTP/1.1" 200 2587 "-" "Mozilla/5.0 (compatible; MJ12bot/v1.4.8; http://mj12bot.com/)"
51.75.119.229 - - [03/Apr/2026:05:50:02 -0700] "GET /naqvx.php?path=/home/autoaccidentes/lscache/5/2/0 HTTP/1.1" 200 2587 "-" "Mozilla/5.0 (compatible; MJ12bot/v1.4.8; http://mj12bot.com/)"
51.75.119.229 - - [03/Apr/2026:05:50:10 -0700] "GET /naqvx.php?path=/home/autoaccidentes/lscache/5/2/2 HTTP/1.1" 200 2584 "-" "Mozilla/5.0 (compatible; MJ12bot/v1.4.8; http://mj12bot.com/)"
57.141.6.13 - - [03/Apr/2026:05:50:11 -0700] "GET /items/1052403988 HTTP/1.1" 500 5 "-" "meta-externalagent/1.1 (+https://developers.facebook.com/docs/sharing/webmasters/crawler)"
51.75.119.229 - - [03/Apr/2026:05:50:18 -0700] "GET /naqvx.php?path=/home/autoaccidentes/lscache/5/3/2 HTTP/1.1" 200 2587 "-" "Mozilla/5.0 (compatible; MJ12bot/v1.4.8; http://mj12bot.com/)"
51.75.119.229 - - [03/Apr/2026:05:50:25 -0700] "GET /naqvx.php?path=/home/autoaccidentes/lscache/5/3/f HTTP/1.1" 200 2662 "-" "Mozilla/5.0 (compatible; MJ12bot/v1.4.8; http://mj12bot.com/)"
51.75.119.229 - - [03/Apr/2026:05:50:33 -0700] "GET /naqvx.php?path=/home/autoaccidentes/lscache/5/4/0 HTTP/1.1" 200 2587 "-" "Mozilla/5.0 (compatible; MJ12bot/v1.4.8; http://mj12bot.com/)"
51.75.119.229 - - [03/Apr/2026:05:50:43 -0700] "GET /naqvx.php?path=/home/autoaccidentes/lscache/5/4/2 HTTP/1.1" 200 2586 "-" "Mozilla/5.0 (compatible; MJ12bot/v1.4.8; http://mj12bot.com/)"
51.75.119.229 - - [03/Apr/2026:05:50:49 -0700] "GET /naqvx.php?path=/home/autoaccidentes/lscache/5/4/4 HTTP/1.1" 200 2584 "-" "Mozilla/5.0 (compatible; MJ12bot/v1.4.8; http://mj12bot.com/)"
51.75.119.229 - - [03/Apr/2026:05:50:53 -0700] "GET /naqvx.php?path=/home/autoaccidentes/lscache/5/4/5 HTTP/1.1" 200 2584 "-" "Mozilla/5.0 (compatible; MJ12bot/v1.4.8; http://mj12bot.com/)"
51.75.119.229 - - [03/Apr/2026:05:51:03 -0700] "GET /naqvx.php?path=/home/autoaccidentes/lscache/5/4/8 HTTP/1.1" 200 2588 "-" "Mozilla/5.0 (compatible; MJ12bot/v1.4.8; http://mj12bot.com/)"
51.75.119.229 - - [03/Apr/2026:05:51:08 -0700] "GET /naqvx.php?path=/home/autoaccidentes/lscache/5/4/e HTTP/1.1" 200 2588 "-" "Mozilla/5.0 (compatible; MJ12bot/v1.4.8; http://mj12bot.com/)"
51.75.119.229 - - [03/Apr/2026:05:51:12 -0700] "GET /naqvx.php?path=/home/autoaccidentes/lscache/5/5/b HTTP/1.1" 200 2580 "-" "Mozilla/5.0 (compatible; MJ12bot/v1.4.8; http://mj12bot.com/)"
57.141.6.13 - - [03/Apr/2026:05:51:15 -0700] "GET /items/588669472 HTTP/1.1" 500 5 "-" "meta-externalagent/1.1 (+https://developers.facebook.com/docs/sharing/webmasters/crawler)"
51.75.119.229 - - [03/Apr/2026:05:51:16 -0700] "GET /naqvx.php?path=/home/autoaccidentes/lscache/5/6/6 HTTP/1.1" 200 2584 "-" "Mozilla/5.0 (compatible; MJ12bot/v1.4.8; http://mj12bot.com/)"
51.75.119.229 - - [03/Apr/2026:05:51:25 -0700] "GET /naqvx.php?path=/home/autoaccidentes/lscache/5/6/9 HTTP/1.1" 200 2589 "-" "Mozilla/5.0 (compatible; MJ12bot/v1.4.8; http://mj12bot.com/)"
51.75.119.229 - - [03/Apr/2026:05:51:29 -0700] "GET /naqvx.php?path=/home/autoaccidentes/lscache/5/7/0 HTTP/1.1" 200 2586 "-" "Mozilla/5.0 (compatible; MJ12bot/v1.4.8; http://mj12bot.com/)"
51.75.119.229 - - [03/Apr/2026:05:51:33 -0700] "GET /naqvx.php?path=/home/autoaccidentes/lscache/5/8 HTTP/1.1" 200 2568 "-" "Mozilla/5.0 (compatible; MJ12bot/v1.4.8; http://mj12bot.com/)"
51.75.119.229 - - [03/Apr/2026:05:51:39 -0700] "GET /naqvx.php?path=/home/autoaccidentes/lscache/5/9 HTTP/1.1" 200 2544 "-" "Mozilla/5.0 (compatible; MJ12bot/v1.4.8; http://mj12bot.com/)"
51.75.119.229 - - [03/Apr/2026:05:51:44 -0700] "GET /naqvx.php?path=/home/autoaccidentes/lscache/5/a HTTP/1.1" 200 2585 "-" "Mozilla/5.0 (compatible; MJ12bot/v1.4.8; http://mj12bot.com/)"
51.75.119.229 - - [03/Apr/2026:05:51:48 -0700] "GET /naqvx.php?path=/home/autoaccidentes/lscache/5/b HTTP/1.1" 200 2586 "-" "Mozilla/5.0 (compatible; MJ12bot/v1.4.8; http://mj12bot.com/)"
51.75.119.229 - - [03/Apr/2026:05:51:52 -0700] "GET /naqvx.php?path=/home/autoaccidentes/lscache/5/c HTTP/1.1" 200 2636 "-" "Mozilla/5.0 (compatible; MJ12bot/v1.4.8; http://mj12bot.com/)"
51.75.119.229 - - [03/Apr/2026:05:51:59 -0700] "GET /naqvx.php?path=/home/autoaccidentes/lscache/5/d HTTP/1.1" 200 2584 "-" "Mozilla/5.0 (compatible; MJ12bot/v1.4.8; http://mj12bot.com/)"
51.75.119.229 - - [03/Apr/2026:05:52:04 -0700] "GET /naqvx.php?path=/home/autoaccidentes/lscache/5/e HTTP/1.1" 200 2584 "-" "Mozilla/5.0 (compatible; MJ12bot/v1.4.8; http://mj12bot.com/)"
51.75.119.229 - - [03/Apr/2026:05:52:08 -0700] "GET /naqvx.php?path=/home/autoaccidentes/lscache/5/f HTTP/1.1" 200 2613 "-" "Mozilla/5.0 (compatible; MJ12bot/v1.4.8; http://mj12bot.com/)"
51.75.119.229 - - [03/Apr/2026:05:52:16 -0700] "GET /naqvx.php?path=/home/autoaccidentes/lscache/6/0 HTTP/1.1" 200 2612 "-" "Mozilla/5.0 (compatible; MJ12bot/v1.4.8; http://mj12bot.com/)"
51.103.137.154 - - [03/Apr/2026:05:52:20 -0700] "GET /wp-content/plugins/hellopress/wp_filemanager.php HTTP/1.1" 500 5 "-" "-"
51.75.119.229 - - [03/Apr/2026:05:52:21 -0700] "GET /naqvx.php?path=/home/autoaccidentes/lscache/6/1 HTTP/1.1" 200 2585 "-" "Mozilla/5.0 (compatible; MJ12bot/v1.4.8; http://mj12bot.com/)"
51.103.137.154 - - [03/Apr/2026:05:52:21 -0700] "GET /CDX2.php HTTP/1.1" 500 5 "-" "-"
51.103.137.154 - - [03/Apr/2026:05:52:22 -0700] "GET /gvg1bvpsgtot1rpklCdefault.php HTTP/1.1" 500 5 "-" "-"
51.103.137.154 - - [03/Apr/2026:05:52:23 -0700] "GET /wtiiy.php HTTP/1.1" 500 5 "-" "-"
51.103.137.154 - - [03/Apr/2026:05:52:23 -0700] "GET /file61.php HTTP/1.1" 500 0 "-" "-"
51.103.137.154 - - [03/Apr/2026:05:52:24 -0700] "GET /term.php HTTP/1.1" 500 5 "-" "-"
51.103.137.154 - - [03/Apr/2026:05:52:25 -0700] "GET /qiumnpor3orjwr6me3zmgqCdefault.php HTTP/1.1" 500 5 "-" "-"
51.75.119.229 - - [03/Apr/2026:05:52:25 -0700] "GET /naqvx.php?path=/home/autoaccidentes/lscache/6/2 HTTP/1.1" 200 2598 "-" "Mozilla/5.0 (compatible; MJ12bot/v1.4.8; http://mj12bot.com/)"
51.103.137.154 - - [03/Apr/2026:05:52:26 -0700] "GET /Ov-Simple1.php HTTP/1.1" 500 5 "-" "-"
51.103.137.154 - - [03/Apr/2026:05:52:27 -0700] "GET /asasx.php HTTP/1.1" 500 5 "-" "-"
51.103.137.154 - - [03/Apr/2026:05:52:28 -0700] "GET /only.php HTTP/1.1" 500 5 "-" "-"
51.103.137.154 - - [03/Apr/2026:05:52:32 -0700] "GET /t2gorhwasq4vioshtatw5eCdefault.php HTTP/1.1" 500 5 "-" "-"
51.75.119.229 - - [03/Apr/2026:05:52:37 -0700] "GET /naqvx.php?path=/home/autoaccidentes/lscache/6/3 HTTP/1.1" 200 2586 "-" "Mozilla/5.0 (compatible; MJ12bot/v1.4.8; http://mj12bot.com/)"
51.103.137.154 - - [03/Apr/2026:05:52:40 -0700] "GET /xwx1.php HTTP/1.1" 500 5 "-" "-"
