216.73.216.208 - - [03/Apr/2026:13:57:15 -0700] "GET /naqvx.php?fileloc=%2Fhome%2Fautoaccidentes%2Fwww%2Fwp-includes%2Fblock-supports%2Fdimensions.php&path=%2Fhome%2Fautoaccidentes%2Fwww%2Fwp-includes%2Fblock-supports HTTP/1.1" 200 3167 "-" "Mozilla/5.0 AppleWebKit/537.36 (KHTML, like Gecko; compatible; ClaudeBot/1.0; +claudebot@anthropic.com)"
57.141.6.49 - - [03/Apr/2026:13:57:42 -0700] "GET /items/3362930657 HTTP/1.1" 500 5 "-" "meta-externalagent/1.1 (+https://developers.facebook.com/docs/sharing/webmasters/crawler)"
216.73.216.208 - - [03/Apr/2026:13:57:49 -0700] "GET /naqvx.php?fileloc=%2Fhome%2Fautoaccidentes%2Fpublic_html%2Fwp-content%2Fplugins%2Fwordpress-seo%2Fsrc%2Fmodels%2Fseo-meta.php&path=%2Fhome%2Fautoaccidentes%2Fpublic_html%2Fwp-content%2Fplugins%2Fwordpress-seo%2Fsrc%2Fmodels HTTP/1.1" 200 2566 "-" "Mozilla/5.0 AppleWebKit/537.36 (KHTML, like Gecko; compatible; ClaudeBot/1.0; +claudebot@anthropic.com)"
216.73.216.208 - - [03/Apr/2026:13:57:51 -0700] "GET /naqvx.php?fileloc=%2Fhome%2Fautoaccidentes%2Fpublic_html%2Fwp-content%2Fplugins%2Fwordpress-seo%2Fsrc%2Fvalues%2Frobots%2F.htaccess&path=%2Fhome%2Fautoaccidentes%2Fpublic_html%2Fwp-content%2Fplugins%2Fwordpress-seo%2Fsrc%2Fvalues%2Frobots HTTP/1.1" 200 2322 "-" "Mozilla/5.0 AppleWebKit/537.36 (KHTML, like Gecko; compatible; ClaudeBot/1.0; +claudebot@anthropic.com)"
216.73.216.208 - - [03/Apr/2026:13:57:53 -0700] "GET /naqvx.php?fileloc=%2Fhome%2Fautoaccidentes%2Fpublic_html%2Fwp-content%2Fplugins%2Fwordpress-seo%2Fsrc%2Fvalues%2Fopen-graph%2F.htaccess&path=%2Fhome%2Fautoaccidentes%2Fpublic_html%2Fwp-content%2Fplugins%2Fwordpress-seo%2Fsrc%2Fvalues%2Fopen-graph HTTP/1.1" 200 2328 "-" "Mozilla/5.0 AppleWebKit/537.36 (KHTML, like Gecko; compatible; ClaudeBot/1.0; +claudebot@anthropic.com)"
216.73.216.208 - - [03/Apr/2026:13:57:56 -0700] "GET /naqvx.php?fileloc=%2Fhome%2Fautoaccidentes%2Fpublic_html%2Fwp-content%2Fplugins%2Fwordpress-seo%2Fsrc%2Fpresentations%2F.htaccess&path=%2Fhome%2Fautoaccidentes%2Fpublic_html%2Fwp-content%2Fplugins%2Fwordpress-seo%2Fsrc%2Fpresentations HTTP/1.1" 200 2316 "-" "Mozilla/5.0 AppleWebKit/537.36 (KHTML, like Gecko; compatible; ClaudeBot/1.0; +claudebot@anthropic.com)"
216.73.216.208 - - [03/Apr/2026:13:57:59 -0700] "GET /naqvx.php?fileloc=%2Fhome%2Fautoaccidentes%2Fpublic_html%2Fwp-content%2Fplugins%2Fwordpress-seo%2Fsrc%2Fcontext%2F.htaccess&path=%2Fhome%2Fautoaccidentes%2Fpublic_html%2Fwp-content%2Fplugins%2Fwordpress-seo%2Fsrc%2Fcontext HTTP/1.1" 200 2312 "-" "Mozilla/5.0 AppleWebKit/537.36 (KHTML, like Gecko; compatible; ClaudeBot/1.0; +claudebot@anthropic.com)"
216.73.216.208 - - [03/Apr/2026:13:58:06 -0700] "GET /naqvx.php?path=%2Fhome%2Fautoaccidentes%2Fpublic_html%2Fwp-content%2Fplugins%2Fwordpress-seo%2Fsrc%2Fservices%2Fhealth-check HTTP/1.1" 200 3237 "-" "Mozilla/5.0 AppleWebKit/537.36 (KHTML, like Gecko; compatible; ClaudeBot/1.0; +claudebot@anthropic.com)"
216.73.216.208 - - [03/Apr/2026:13:58:15 -0700] "GET /naqvx.php?fileloc=%2Fhome%2Fautoaccidentes%2Fwww%2Fwp-includes%2Fcss%2Fdist%2Fblock-editor%2Fstyle-rtl.css&path=%2Fhome%2Fautoaccidentes%2Fwww%2Fwp-includes%2Fcss%2Fdist%2Fblock-editor HTTP/1.1" 200 17929 "-" "Mozilla/5.0 AppleWebKit/537.36 (KHTML, like Gecko; compatible; ClaudeBot/1.0; +claudebot@anthropic.com)"
216.73.216.208 - - [03/Apr/2026:13:58:16 -0700] "GET /naqvx.php?fileloc=%2Fhome%2Fautoaccidentes%2Fwww%2Fwp-includes%2Fcss%2Fdist%2Fblock-library%2Felements-rtl.css&path=%2Fhome%2Fautoaccidentes%2Fwww%2Fwp-includes%2Fcss%2Fdist%2Fblock-library HTTP/1.1" 200 2317 "-" "Mozilla/5.0 AppleWebKit/537.36 (KHTML, like Gecko; compatible; ClaudeBot/1.0; +claudebot@anthropic.com)"
216.73.216.208 - - [03/Apr/2026:13:58:19 -0700] "GET /naqvx.php?fileloc=%2Fhome%2Fautoaccidentes%2Fwww%2Fwp-includes%2Fcss%2Fdist%2Freusable-blocks%2Fstyle-rtl.min.css&path=%2Fhome%2Fautoaccidentes%2Fwww%2Fwp-includes%2Fcss%2Fdist%2Freusable-blocks HTTP/1.1" 200 2477 "-" "Mozilla/5.0 AppleWebKit/537.36 (KHTML, like Gecko; compatible; ClaudeBot/1.0; +claudebot@anthropic.com)"
216.73.216.208 - - [03/Apr/2026:13:58:22 -0700] "GET /naqvx.php?fileloc=%2Fhome%2Fautoaccidentes%2Fwww%2Fwp-includes%2Fcss%2Fdist%2Fformat-library%2Fstyle-rtl.min.css&path=%2Fhome%2Fautoaccidentes%2Fwww%2Fwp-includes%2Fcss%2Fdist%2Fformat-library HTTP/1.1" 200 2749 "-" "Mozilla/5.0 AppleWebKit/537.36 (KHTML, like Gecko; compatible; ClaudeBot/1.0; +claudebot@anthropic.com)"
216.73.216.208 - - [03/Apr/2026:13:58:28 -0700] "GET /naqvx.php?fileloc=%2Fhome%2Fautoaccidentes%2Fwww%2Fwp-includes%2Fjs%2Ftinymce%2Futils%2F.htaccess&path=%2Fhome%2Fautoaccidentes%2Fwww%2Fwp-includes%2Fjs%2Ftinymce%2Futils HTTP/1.1" 200 2297 "-" "Mozilla/5.0 AppleWebKit/537.36 (KHTML, like Gecko; compatible; ClaudeBot/1.0; +claudebot@anthropic.com)"
216.73.216.208 - - [03/Apr/2026:13:58:33 -0700] "GET /sitemap.xml HTTP/1.1" 500 5 "-" "Mozilla/5.0 AppleWebKit/537.36 (KHTML, like Gecko; compatible; ClaudeBot/1.0; +claudebot@anthropic.com)"
216.73.216.208 - - [03/Apr/2026:13:59:47 -0700] "GET /item/12522993.phtml HTTP/1.1" 500 5 "-" "Mozilla/5.0 AppleWebKit/537.36 (KHTML, like Gecko; compatible; ClaudeBot/1.0; +claudebot@anthropic.com)"
216.73.216.208 - - [03/Apr/2026:13:59:48 -0700] "GET /item/16577879.phtml HTTP/1.1" 500 5 "-" "Mozilla/5.0 AppleWebKit/537.36 (KHTML, like Gecko; compatible; ClaudeBot/1.0; +claudebot@anthropic.com)"
216.73.216.208 - - [03/Apr/2026:13:59:52 -0700] "GET /item/731609899.phtml HTTP/1.1" 500 5 "-" "Mozilla/5.0 AppleWebKit/537.36 (KHTML, like Gecko; compatible; ClaudeBot/1.0; +claudebot@anthropic.com)"
216.73.216.208 - - [03/Apr/2026:13:59:55 -0700] "GET /item/9401370.phtml HTTP/1.1" 500 5 "-" "Mozilla/5.0 AppleWebKit/537.36 (KHTML, like Gecko; compatible; ClaudeBot/1.0; +claudebot@anthropic.com)"
216.73.216.208 - - [03/Apr/2026:13:59:57 -0700] "GET /item/2292201247.phtml HTTP/1.1" 500 5 "-" "Mozilla/5.0 AppleWebKit/537.36 (KHTML, like Gecko; compatible; ClaudeBot/1.0; +claudebot@anthropic.com)"
216.73.216.208 - - [03/Apr/2026:14:00:01 -0700] "GET /item/440458644.phtml HTTP/1.1" 500 5 "-" "Mozilla/5.0 AppleWebKit/537.36 (KHTML, like Gecko; compatible; ClaudeBot/1.0; +claudebot@anthropic.com)"
216.73.216.208 - - [03/Apr/2026:14:00:10 -0700] "GET /item/3691985470.phtml HTTP/1.1" 500 5 "-" "Mozilla/5.0 AppleWebKit/537.36 (KHTML, like Gecko; compatible; ClaudeBot/1.0; +claudebot@anthropic.com)"
216.73.216.208 - - [03/Apr/2026:14:00:11 -0700] "GET /item/452440908.phtml HTTP/1.1" 500 5 "-" "Mozilla/5.0 AppleWebKit/537.36 (KHTML, like Gecko; compatible; ClaudeBot/1.0; +claudebot@anthropic.com)"
216.73.216.208 - - [03/Apr/2026:14:00:14 -0700] "GET /item/1662008578.phtml HTTP/1.1" 500 5 "-" "Mozilla/5.0 AppleWebKit/537.36 (KHTML, like Gecko; compatible; ClaudeBot/1.0; +claudebot@anthropic.com)"
216.73.216.208 - - [03/Apr/2026:14:00:23 -0700] "GET /item/30223389.phtml HTTP/1.1" 500 5 "-" "Mozilla/5.0 AppleWebKit/537.36 (KHTML, like Gecko; compatible; ClaudeBot/1.0; +claudebot@anthropic.com)"
216.73.216.208 - - [03/Apr/2026:14:00:26 -0700] "GET /item/2800544129.phtml HTTP/1.1" 500 5 "-" "Mozilla/5.0 AppleWebKit/537.36 (KHTML, like Gecko; compatible; ClaudeBot/1.0; +claudebot@anthropic.com)"
216.73.216.208 - - [03/Apr/2026:14:00:29 -0700] "GET /item/710273190.phtml HTTP/1.1" 500 5 "-" "Mozilla/5.0 AppleWebKit/537.36 (KHTML, like Gecko; compatible; ClaudeBot/1.0; +claudebot@anthropic.com)"
216.73.216.208 - - [03/Apr/2026:14:01:25 -0700] "GET /item/3409907255.phtml HTTP/1.1" 500 5 "-" "Mozilla/5.0 AppleWebKit/537.36 (KHTML, like Gecko; compatible; ClaudeBot/1.0; +claudebot@anthropic.com)"
216.73.216.208 - - [03/Apr/2026:14:01:35 -0700] "GET /item/894534958.phtml HTTP/1.1" 500 5 "-" "Mozilla/5.0 AppleWebKit/537.36 (KHTML, like Gecko; compatible; ClaudeBot/1.0; +claudebot@anthropic.com)"
216.73.216.208 - - [03/Apr/2026:14:01:36 -0700] "GET /item/842175131.phtml HTTP/1.1" 500 5 "-" "Mozilla/5.0 AppleWebKit/537.36 (KHTML, like Gecko; compatible; ClaudeBot/1.0; +claudebot@anthropic.com)"
216.73.216.208 - - [03/Apr/2026:14:01:39 -0700] "GET /item/1769738516.phtml HTTP/1.1" 500 5 "-" "Mozilla/5.0 AppleWebKit/537.36 (KHTML, like Gecko; compatible; ClaudeBot/1.0; +claudebot@anthropic.com)"
216.73.216.208 - - [03/Apr/2026:14:01:47 -0700] "GET /item/709061091.phtml HTTP/1.1" 500 5 "-" "Mozilla/5.0 AppleWebKit/537.36 (KHTML, like Gecko; compatible; ClaudeBot/1.0; +claudebot@anthropic.com)"
216.73.216.208 - - [03/Apr/2026:14:01:51 -0700] "GET /item/3677898533.phtml HTTP/1.1" 500 5 "-" "Mozilla/5.0 AppleWebKit/537.36 (KHTML, like Gecko; compatible; ClaudeBot/1.0; +claudebot@anthropic.com)"
216.73.216.208 - - [03/Apr/2026:14:01:58 -0700] "GET /item/3105032201.phtml HTTP/1.1" 500 5 "-" "Mozilla/5.0 AppleWebKit/537.36 (KHTML, like Gecko; compatible; ClaudeBot/1.0; +claudebot@anthropic.com)"
216.73.216.208 - - [03/Apr/2026:14:02:02 -0700] "GET /item/252898968.phtml HTTP/1.1" 500 5 "-" "Mozilla/5.0 AppleWebKit/537.36 (KHTML, like Gecko; compatible; ClaudeBot/1.0; +claudebot@anthropic.com)"
216.73.216.208 - - [03/Apr/2026:14:02:10 -0700] "GET /item/245086903.phtml HTTP/1.1" 500 5 "-" "Mozilla/5.0 AppleWebKit/537.36 (KHTML, like Gecko; compatible; ClaudeBot/1.0; +claudebot@anthropic.com)"
216.73.216.208 - - [03/Apr/2026:14:02:15 -0700] "GET /item/825868653.phtml HTTP/1.1" 500 5 "-" "Mozilla/5.0 AppleWebKit/537.36 (KHTML, like Gecko; compatible; ClaudeBot/1.0; +claudebot@anthropic.com)"
216.73.216.208 - - [03/Apr/2026:14:02:18 -0700] "GET /item/2505779399.phtml HTTP/1.1" 500 5 "-" "Mozilla/5.0 AppleWebKit/537.36 (KHTML, like Gecko; compatible; ClaudeBot/1.0; +claudebot@anthropic.com)"
216.73.216.208 - - [03/Apr/2026:14:02:25 -0700] "GET /item/676901888.phtml HTTP/1.1" 500 5 "-" "Mozilla/5.0 AppleWebKit/537.36 (KHTML, like Gecko; compatible; ClaudeBot/1.0; +claudebot@anthropic.com)"
216.73.216.208 - - [03/Apr/2026:14:02:31 -0700] "GET /item/2459639064.phtml HTTP/1.1" 500 5 "-" "Mozilla/5.0 AppleWebKit/537.36 (KHTML, like Gecko; compatible; ClaudeBot/1.0; +claudebot@anthropic.com)"
216.73.216.208 - - [03/Apr/2026:14:02:38 -0700] "GET /item/720345930.phtml HTTP/1.1" 500 5 "-" "Mozilla/5.0 AppleWebKit/537.36 (KHTML, like Gecko; compatible; ClaudeBot/1.0; +claudebot@anthropic.com)"
216.73.216.208 - - [03/Apr/2026:14:02:43 -0700] "GET /item/629703402.phtml HTTP/1.1" 500 5 "-" "Mozilla/5.0 AppleWebKit/537.36 (KHTML, like Gecko; compatible; ClaudeBot/1.0; +claudebot@anthropic.com)"
216.73.216.208 - - [03/Apr/2026:14:02:48 -0700] "GET /item/2407433217.phtml HTTP/1.1" 500 5 "-" "Mozilla/5.0 AppleWebKit/537.36 (KHTML, like Gecko; compatible; ClaudeBot/1.0; +claudebot@anthropic.com)"
216.73.216.208 - - [03/Apr/2026:14:02:53 -0700] "GET /item/2883808258.phtml HTTP/1.1" 500 5 "-" "Mozilla/5.0 AppleWebKit/537.36 (KHTML, like Gecko; compatible; ClaudeBot/1.0; +claudebot@anthropic.com)"
216.73.216.208 - - [03/Apr/2026:14:02:57 -0700] "GET /item/211715601.phtml HTTP/1.1" 500 5 "-" "Mozilla/5.0 AppleWebKit/537.36 (KHTML, like Gecko; compatible; ClaudeBot/1.0; +claudebot@anthropic.com)"
216.73.216.208 - - [03/Apr/2026:14:03:18 -0700] "GET /item/474954552.phtml HTTP/1.1" 500 5 "-" "Mozilla/5.0 AppleWebKit/537.36 (KHTML, like Gecko; compatible; ClaudeBot/1.0; +claudebot@anthropic.com)"
216.73.216.208 - - [03/Apr/2026:14:03:21 -0700] "GET /item/983584913.phtml HTTP/1.1" 500 5 "-" "Mozilla/5.0 AppleWebKit/537.36 (KHTML, like Gecko; compatible; ClaudeBot/1.0; +claudebot@anthropic.com)"
95.168.190.195 - - [03/Apr/2026:14:03:24 -0700] "GET /robots.txt HTTP/1.1" 200 83 "-" "Mozilla/5.0 (compatible; ORT/v1.0.0; visit ORTc.me )"
216.73.216.208 - - [03/Apr/2026:14:03:28 -0700] "GET /item/293842830.phtml HTTP/1.1" 500 5 "-" "Mozilla/5.0 AppleWebKit/537.36 (KHTML, like Gecko; compatible; ClaudeBot/1.0; +claudebot@anthropic.com)"
216.73.216.208 - - [03/Apr/2026:14:03:32 -0700] "GET /item/3993133199.phtml HTTP/1.1" 500 5 "-" "Mozilla/5.0 AppleWebKit/537.36 (KHTML, like Gecko; compatible; ClaudeBot/1.0; +claudebot@anthropic.com)"
216.73.216.208 - - [03/Apr/2026:14:03:39 -0700] "GET /item/2784401158.phtml HTTP/1.1" 500 5 "-" "Mozilla/5.0 AppleWebKit/537.36 (KHTML, like Gecko; compatible; ClaudeBot/1.0; +claudebot@anthropic.com)"
216.73.216.208 - - [03/Apr/2026:14:03:45 -0700] "GET /item/1253525367.phtml HTTP/1.1" 500 5 "-" "Mozilla/5.0 AppleWebKit/537.36 (KHTML, like Gecko; compatible; ClaudeBot/1.0; +claudebot@anthropic.com)"
216.73.216.208 - - [03/Apr/2026:14:03:51 -0700] "GET /item/3583715809.phtml HTTP/1.1" 500 5 "-" "Mozilla/5.0 AppleWebKit/537.36 (KHTML, like Gecko; compatible; ClaudeBot/1.0; +claudebot@anthropic.com)"
216.73.216.208 - - [03/Apr/2026:14:03:55 -0700] "GET /item/1016200620.phtml HTTP/1.1" 500 5 "-" "Mozilla/5.0 AppleWebKit/537.36 (KHTML, like Gecko; compatible; ClaudeBot/1.0; +claudebot@anthropic.com)"
216.73.216.208 - - [03/Apr/2026:14:04:01 -0700] "GET /item/1854547792.phtml HTTP/1.1" 500 5 "-" "Mozilla/5.0 AppleWebKit/537.36 (KHTML, like Gecko; compatible; ClaudeBot/1.0; +claudebot@anthropic.com)"
216.73.216.208 - - [03/Apr/2026:14:04:05 -0700] "GET /item/895530090.phtml HTTP/1.1" 500 5 "-" "Mozilla/5.0 AppleWebKit/537.36 (KHTML, like Gecko; compatible; ClaudeBot/1.0; +claudebot@anthropic.com)"
216.73.216.208 - - [03/Apr/2026:14:04:10 -0700] "GET /item/669553836.phtml HTTP/1.1" 500 5 "-" "Mozilla/5.0 AppleWebKit/537.36 (KHTML, like Gecko; compatible; ClaudeBot/1.0; +claudebot@anthropic.com)"
216.73.216.208 - - [03/Apr/2026:14:04:15 -0700] "GET /item/725098257.phtml HTTP/1.1" 500 5 "-" "Mozilla/5.0 AppleWebKit/537.36 (KHTML, like Gecko; compatible; ClaudeBot/1.0; +claudebot@anthropic.com)"
216.73.216.208 - - [03/Apr/2026:14:04:20 -0700] "GET /item/2954732471.phtml HTTP/1.1" 500 5 "-" "Mozilla/5.0 AppleWebKit/537.36 (KHTML, like Gecko; compatible; ClaudeBot/1.0; +claudebot@anthropic.com)"
216.73.216.208 - - [03/Apr/2026:14:04:24 -0700] "GET /item/2359400355.phtml HTTP/1.1" 500 5 "-" "Mozilla/5.0 AppleWebKit/537.36 (KHTML, like Gecko; compatible; ClaudeBot/1.0; +claudebot@anthropic.com)"
216.73.216.208 - - [03/Apr/2026:14:05:01 -0700] "GET /item/2953520372.phtml HTTP/1.1" 500 5 "-" "Mozilla/5.0 AppleWebKit/537.36 (KHTML, like Gecko; compatible; ClaudeBot/1.0; +claudebot@anthropic.com)"
216.73.216.208 - - [03/Apr/2026:14:05:04 -0700] "GET /item/654234965.phtml HTTP/1.1" 500 5 "-" "Mozilla/5.0 AppleWebKit/537.36 (KHTML, like Gecko; compatible; ClaudeBot/1.0; +claudebot@anthropic.com)"
216.73.216.208 - - [03/Apr/2026:14:05:10 -0700] "GET /item/2926264677.phtml HTTP/1.1" 500 5 "-" "Mozilla/5.0 AppleWebKit/537.36 (KHTML, like Gecko; compatible; ClaudeBot/1.0; +claudebot@anthropic.com)"
216.73.216.208 - - [03/Apr/2026:14:05:14 -0700] "GET /item/1292531064.phtml HTTP/1.1" 500 5 "-" "Mozilla/5.0 AppleWebKit/537.36 (KHTML, like Gecko; compatible; ClaudeBot/1.0; +claudebot@anthropic.com)"
216.73.216.208 - - [03/Apr/2026:14:05:23 -0700] "GET /item/2005896098.phtml HTTP/1.1" 500 5 "-" "Mozilla/5.0 AppleWebKit/537.36 (KHTML, like Gecko; compatible; ClaudeBot/1.0; +claudebot@anthropic.com)"
216.73.216.208 - - [03/Apr/2026:14:05:32 -0700] "GET /item/2099017952.phtml HTTP/1.1" 500 5 "-" "Mozilla/5.0 AppleWebKit/537.36 (KHTML, like Gecko; compatible; ClaudeBot/1.0; +claudebot@anthropic.com)"
216.73.216.208 - - [03/Apr/2026:14:05:33 -0700] "GET /item/947317348.phtml HTTP/1.1" 500 5 "-" "Mozilla/5.0 AppleWebKit/537.36 (KHTML, like Gecko; compatible; ClaudeBot/1.0; +claudebot@anthropic.com)"
216.73.216.208 - - [03/Apr/2026:14:05:41 -0700] "GET /item/3666133236.phtml HTTP/1.1" 500 5 "-" "Mozilla/5.0 AppleWebKit/537.36 (KHTML, like Gecko; compatible; ClaudeBot/1.0; +claudebot@anthropic.com)"
216.73.216.208 - - [03/Apr/2026:14:05:47 -0700] "GET /item/2358024749.phtml HTTP/1.1" 500 5 "-" "Mozilla/5.0 AppleWebKit/537.36 (KHTML, like Gecko; compatible; ClaudeBot/1.0; +claudebot@anthropic.com)"
216.73.216.208 - - [03/Apr/2026:14:05:51 -0700] "GET /item/3865084506.phtml HTTP/1.1" 500 5 "-" "Mozilla/5.0 AppleWebKit/537.36 (KHTML, like Gecko; compatible; ClaudeBot/1.0; +claudebot@anthropic.com)"
216.73.216.208 - - [03/Apr/2026:14:06:27 -0700] "GET /item/1247560973.phtml HTTP/1.1" 500 5 "-" "Mozilla/5.0 AppleWebKit/537.36 (KHTML, like Gecko; compatible; ClaudeBot/1.0; +claudebot@anthropic.com)"
216.73.216.208 - - [03/Apr/2026:14:06:31 -0700] "GET /item/1909104590.phtml HTTP/1.1" 500 5 "-" "Mozilla/5.0 AppleWebKit/537.36 (KHTML, like Gecko; compatible; ClaudeBot/1.0; +claudebot@anthropic.com)"
216.73.216.208 - - [03/Apr/2026:14:06:35 -0700] "GET /item/2880268046.phtml HTTP/1.1" 500 5 "-" "Mozilla/5.0 AppleWebKit/537.36 (KHTML, like Gecko; compatible; ClaudeBot/1.0; +claudebot@anthropic.com)"
216.73.216.208 - - [03/Apr/2026:14:06:39 -0700] "GET /item/1701420320.phtml HTTP/1.1" 500 5 "-" "Mozilla/5.0 AppleWebKit/537.36 (KHTML, like Gecko; compatible; ClaudeBot/1.0; +claudebot@anthropic.com)"
216.73.216.208 - - [03/Apr/2026:14:06:45 -0700] "GET /item/4212799701.phtml HTTP/1.1" 500 5 "-" "Mozilla/5.0 AppleWebKit/537.36 (KHTML, like Gecko; compatible; ClaudeBot/1.0; +claudebot@anthropic.com)"
216.73.216.208 - - [03/Apr/2026:14:06:52 -0700] "GET /item/965017760.phtml HTTP/1.1" 500 5 "-" "Mozilla/5.0 AppleWebKit/537.36 (KHTML, like Gecko; compatible; ClaudeBot/1.0; +claudebot@anthropic.com)"
216.73.216.208 - - [03/Apr/2026:14:06:56 -0700] "GET /item/3779698719.phtml HTTP/1.1" 500 5 "-" "Mozilla/5.0 AppleWebKit/537.36 (KHTML, like Gecko; compatible; ClaudeBot/1.0; +claudebot@anthropic.com)"
216.73.216.208 - - [03/Apr/2026:14:07:05 -0700] "GET /item/627321861.phtml HTTP/1.1" 500 5 "-" "Mozilla/5.0 AppleWebKit/537.36 (KHTML, like Gecko; compatible; ClaudeBot/1.0; +claudebot@anthropic.com)"
51.77.216.36 - - [03/Apr/2026:14:07:14 -0700] "GET /naqvx.php?fileloc=/home/autoaccidentes/www/wp-includes/sitemaps/class-wp-sitemaps-index.php&path=/home/autoaccidentes/www/wp-includes/sitemaps HTTP/1.1" 200 3010 "-" "Mozilla/5.0 (compatible; MJ12bot/v1.4.8; http://mj12bot.com/)"
216.73.216.208 - - [03/Apr/2026:14:07:14 -0700] "GET /item/1588071804.phtml HTTP/1.1" 500 5 "-" "Mozilla/5.0 AppleWebKit/537.36 (KHTML, like Gecko; compatible; ClaudeBot/1.0; +claudebot@anthropic.com)"
216.73.216.208 - - [03/Apr/2026:14:07:16 -0700] "GET /item/2149198892.phtml HTTP/1.1" 500 5 "-" "Mozilla/5.0 AppleWebKit/537.36 (KHTML, like Gecko; compatible; ClaudeBot/1.0; +claudebot@anthropic.com)"
51.77.216.36 - - [03/Apr/2026:14:07:18 -0700] "GET /naqvx.php?fileloc=/home/autoaccidentes/www/wp-includes/sitemaps/class-wp-sitemaps-provider.php&path=/home/autoaccidentes/www/wp-includes/sitemaps HTTP/1.1" 200 3651 "-" "Mozilla/5.0 (compatible; MJ12bot/v1.4.8; http://mj12bot.com/)"
216.73.216.208 - - [03/Apr/2026:14:07:21 -0700] "GET /item/427788479.phtml HTTP/1.1" 500 5 "-" "Mozilla/5.0 AppleWebKit/537.36 (KHTML, like Gecko; compatible; ClaudeBot/1.0; +claudebot@anthropic.com)"
51.77.216.36 - - [03/Apr/2026:14:07:23 -0700] "GET /naqvx.php?fileloc=/home/autoaccidentes/www/wp-includes/sitemaps/class-wp-sitemaps-registry.php&path=/home/autoaccidentes/www/wp-includes/sitemaps HTTP/1.1" 200 2831 "-" "Mozilla/5.0 (compatible; MJ12bot/v1.4.8; http://mj12bot.com/)"
51.77.216.36 - - [03/Apr/2026:14:07:28 -0700] "GET /naqvx.php?fileloc=/home/autoaccidentes/www/wp-includes/sitemaps/class-wp-sitemaps-renderer.php&path=/home/autoaccidentes/www/wp-includes/sitemaps HTTP/1.1" 200 3938 "-" "Mozilla/5.0 (compatible; MJ12bot/v1.4.8; http://mj12bot.com/)"
51.77.216.36 - - [03/Apr/2026:14:07:33 -0700] "GET /naqvx.php?fileloc=/home/autoaccidentes/www/wp-includes/sitemaps/class-wp-sitemaps-stylesheet.php&path=/home/autoaccidentes/www/wp-includes/sitemaps HTTP/1.1" 200 4310 "-" "Mozilla/5.0 (compatible; MJ12bot/v1.4.8; http://mj12bot.com/)"
51.77.216.36 - - [03/Apr/2026:14:07:37 -0700] "GET /naqvx.php?fileloc=/home/autoaccidentes/www/wp-includes/sitemaps/class-wp-sitemaps.php&path=/home/autoaccidentes/www/wp-includes/sitemaps HTTP/1.1" 200 4163 "-" "Mozilla/5.0 (compatible; MJ12bot/v1.4.8; http://mj12bot.com/)"
51.77.216.36 - - [03/Apr/2026:14:07:41 -0700] "GET /naqvx.php?fileloc=/home/autoaccidentes/www/wp-includes/sodium_compat/.htaccess&path=/home/autoaccidentes/www/wp-includes/sodium_compat HTTP/1.1" 200 2280 "-" "Mozilla/5.0 (compatible; MJ12bot/v1.4.8; http://mj12bot.com/)"
216.73.216.208 - - [03/Apr/2026:14:07:44 -0700] "GET /item/3326805863.phtml HTTP/1.1" 500 5 "-" "Mozilla/5.0 AppleWebKit/537.36 (KHTML, like Gecko; compatible; ClaudeBot/1.0; +claudebot@anthropic.com)"
51.77.216.36 - - [03/Apr/2026:14:07:45 -0700] "GET /naqvx.php?fileloc=/home/autoaccidentes/www/wp-includes/sodium_compat/LICENSE&path=/home/autoaccidentes/www/wp-includes/sodium_compat HTTP/1.1" 200 2830 "-" "Mozilla/5.0 (compatible; MJ12bot/v1.4.8; http://mj12bot.com/)"
216.73.216.208 - - [03/Apr/2026:14:07:49 -0700] "GET /item/4162182874.phtml HTTP/1.1" 500 5 "-" "Mozilla/5.0 AppleWebKit/537.36 (KHTML, like Gecko; compatible; ClaudeBot/1.0; +claudebot@anthropic.com)"
51.77.216.36 - - [03/Apr/2026:14:07:49 -0700] "GET /naqvx.php?fileloc=/home/autoaccidentes/www/wp-includes/sodium_compat/autoload-php7.php&path=/home/autoaccidentes/www/wp-includes/sodium_compat HTTP/1.1" 200 2702 "-" "Mozilla/5.0 (compatible; MJ12bot/v1.4.8; http://mj12bot.com/)"
51.77.216.36 - - [03/Apr/2026:14:07:55 -0700] "GET /naqvx.php?fileloc=/home/autoaccidentes/www/wp-includes/sodium_compat/autoload.php&path=/home/autoaccidentes/www/wp-includes/sodium_compat HTTP/1.1" 200 3232 "-" "Mozilla/5.0 (compatible; MJ12bot/v1.4.8; http://mj12bot.com/)"
216.73.216.208 - - [03/Apr/2026:14:07:55 -0700] "GET /item/1567915802.phtml HTTP/1.1" 500 5 "-" "Mozilla/5.0 AppleWebKit/537.36 (KHTML, like Gecko; compatible; ClaudeBot/1.0; +claudebot@anthropic.com)"
216.73.216.208 - - [03/Apr/2026:14:07:58 -0700] "GET /item/252735445.phtml HTTP/1.1" 500 5 "-" "Mozilla/5.0 AppleWebKit/537.36 (KHTML, like Gecko; compatible; ClaudeBot/1.0; +claudebot@anthropic.com)"
51.77.216.36 - - [03/Apr/2026:14:07:59 -0700] "GET /naqvx.php?fileloc=/home/autoaccidentes/www/wp-includes/sodium_compat/composer.json&path=/home/autoaccidentes/www/wp-includes/sodium_compat HTTP/1.1" 200 2957 "-" "Mozilla/5.0 (compatible; MJ12bot/v1.4.8; http://mj12bot.com/)"
216.73.216.208 - - [03/Apr/2026:14:09:03 -0700] "GET /item/1799690488.phtml HTTP/1.1" 500 5 "-" "Mozilla/5.0 AppleWebKit/537.36 (KHTML, like Gecko; compatible; ClaudeBot/1.0; +claudebot@anthropic.com)"
57.141.6.7 - - [03/Apr/2026:14:10:00 -0700] "GET /items/1361378812 HTTP/1.1" 500 5 "-" "meta-externalagent/1.1 (+https://developers.facebook.com/docs/sharing/webmasters/crawler)"
114.119.129.148 - - [03/Apr/2026:14:10:27 -0700] "GET /item/875354736.phtml HTTP/1.1" 500 5 "https://autoaccidentes.com/sitemap.xml" "Mozilla/5.0 (Linux; Android 7.0;) AppleWebKit/537.36 (KHTML, like Gecko) Mobile Safari/537.36 (compatible; PetalBot;+https://webmaster.petalsearch.com/site/petalbot)"
216.73.216.208 - - [03/Apr/2026:14:11:12 -0700] "GET /item/3330601943.phtml HTTP/1.1" 500 5 "-" "Mozilla/5.0 AppleWebKit/537.36 (KHTML, like Gecko; compatible; ClaudeBot/1.0; +claudebot@anthropic.com)"
216.73.216.208 - - [03/Apr/2026:14:14:42 -0700] "GET /naqvx.php?path=%2Fhome%2Fautoaccidentes%2Fpublic_html%2Fwp-content%2Fplugins%2Fwordpress-seo%2Fsrc%2Fintegrations%2Fwatchers HTTP/1.1" 200 3473 "-" "Mozilla/5.0 AppleWebKit/537.36 (KHTML, like Gecko; compatible; ClaudeBot/1.0; +claudebot@anthropic.com)"
216.73.216.208 - - [03/Apr/2026:14:14:46 -0700] "GET /naqvx.php?path=%2Fhome%2Fautoaccidentes%2Fpublic_html%2Fwp-content%2Fplugins%2Fwordpress-seo%2Fsrc%2Fservices%2Fimporting HTTP/1.1" 200 2791 "-" "Mozilla/5.0 AppleWebKit/537.36 (KHTML, like Gecko; compatible; ClaudeBot/1.0; +claudebot@anthropic.com)"
216.73.216.208 - - [03/Apr/2026:14:14:50 -0700] "GET /naqvx.php?path=%2Fhome%2Fautoaccidentes%2Fpublic_html%2Fwp-content%2Fplugins%2Fwordpress-seo%2Fsrc%2Fintegrations%2Falerts HTTP/1.1" 200 2943 "-" "Mozilla/5.0 AppleWebKit/537.36 (KHTML, like Gecko; compatible; ClaudeBot/1.0; +claudebot@anthropic.com)"
216.73.216.208 - - [03/Apr/2026:14:14:54 -0700] "GET /naqvx.php?path=%2Fhome%2Fautoaccidentes%2Fpublic_html%2Fwp-content%2Fplugins%2Fwordpress-seo%2Fsrc%2Fintegrations%2Ffront-end HTTP/1.1" 200 3256 "-" "Mozilla/5.0 AppleWebKit/537.36 (KHTML, like Gecko; compatible; ClaudeBot/1.0; +claudebot@anthropic.com)"
216.73.216.208 - - [03/Apr/2026:14:14:58 -0700] "GET /naqvx.php?path=%2Fhome%2Fautoaccidentes%2Fpublic_html%2Fwp-content%2Fplugins%2Fwordpress-seo%2Fsrc%2Fintegrations%2Fthird-party HTTP/1.1" 200 3175 "-" "Mozilla/5.0 AppleWebKit/537.36 (KHTML, like Gecko; compatible; ClaudeBot/1.0; +claudebot@anthropic.com)"
216.73.216.208 - - [03/Apr/2026:14:15:05 -0700] "GET /naqvx.php?path=%2Fhome%2Fautoaccidentes%2Fpublic_html%2Fwp-content%2Fplugins%2Fwordpress-seo%2Fsrc%2Fgenerators%2Fschema HTTP/1.1" 200 3014 "-" "Mozilla/5.0 AppleWebKit/537.36 (KHTML, like Gecko; compatible; ClaudeBot/1.0; +claudebot@anthropic.com)"
216.73.216.208 - - [03/Apr/2026:14:15:09 -0700] "GET /naqvx.php?path=%2Fhome%2Fautoaccidentes%2Fpublic_html%2Fwp-content%2Fplugins%2Fwordpress-seo%2Fsrc%2Fintegrations%2Fblocks HTTP/1.1" 200 2799 "-" "Mozilla/5.0 AppleWebKit/537.36 (KHTML, like Gecko; compatible; ClaudeBot/1.0; +claudebot@anthropic.com)"
216.73.216.208 - - [03/Apr/2026:14:15:13 -0700] "GET /naqvx.php?path=%2Fhome%2Fautoaccidentes%2Fpublic_html%2Fwp-content%2Fplugins%2Fwordpress-seo%2Fsrc%2Fintegrations%2Fadmin HTTP/1.1" 200 3635 "-" "Mozilla/5.0 AppleWebKit/537.36 (KHTML, like Gecko; compatible; ClaudeBot/1.0; +claudebot@anthropic.com)"
216.73.216.208 - - [03/Apr/2026:14:15:50 -0700] "GET /naqvx.php?fileloc=%2Fhome%2Fautoaccidentes%2Fwww%2Fwp-includes%2Fclass-wp-image-editor.php&path=%2Fhome%2Fautoaccidentes%2Fwww%2Fwp-includes HTTP/1.1" 200 6977 "-" "Mozilla/5.0 AppleWebKit/537.36 (KHTML, like Gecko; compatible; ClaudeBot/1.0; +claudebot@anthropic.com)"
216.73.216.208 - - [03/Apr/2026:14:15:54 -0700] "GET /naqvx.php?fileloc=%2Fhome%2Fautoaccidentes%2Fwww%2Fwp-includes%2FIXR%2Fclass-IXR-error.php&path=%2Fhome%2Fautoaccidentes%2Fwww%2Fwp-includes%2FIXR HTTP/1.1" 200 2603 "-" "Mozilla/5.0 AppleWebKit/537.36 (KHTML, like Gecko; compatible; ClaudeBot/1.0; +claudebot@anthropic.com)"
216.73.216.208 - - [03/Apr/2026:14:15:58 -0700] "GET /naqvx.php?fileloc=%2Fhome%2Fautoaccidentes%2Fwww%2Fwp-includes%2Fcss%2Fdist%2Fedit-widgets%2Fstyle.min.css&path=%2Fhome%2Fautoaccidentes%2Fwww%2Fwp-includes%2Fcss%2Fdist%2Fedit-widgets HTTP/1.1" 200 6766 "-" "Mozilla/5.0 AppleWebKit/537.36 (KHTML, like Gecko; compatible; ClaudeBot/1.0; +claudebot@anthropic.com)"
216.73.216.208 - - [03/Apr/2026:14:16:01 -0700] "GET /naqvx.php?fileloc=%2Fhome%2Fautoaccidentes%2Fwww%2Fwp-includes%2Fcss%2Fdist%2Fedit-widgets%2Fstyle-rtl.css&path=%2Fhome%2Fautoaccidentes%2Fwww%2Fwp-includes%2Fcss%2Fdist%2Fedit-widgets HTTP/1.1" 200 7023 "-" "Mozilla/5.0 AppleWebKit/537.36 (KHTML, like Gecko; compatible; ClaudeBot/1.0; +claudebot@anthropic.com)"
216.73.216.208 - - [03/Apr/2026:14:16:09 -0700] "GET /naqvx.php?fileloc=%2Fhome%2Fautoaccidentes%2Fwww%2Fwp-includes%2Fcache.php&path=%2Fhome%2Fautoaccidentes%2Fwww%2Fwp-includes HTTP/1.1" 200 4688 "-" "Mozilla/5.0 AppleWebKit/537.36 (KHTML, like Gecko; compatible; ClaudeBot/1.0; +claudebot@anthropic.com)"
216.73.216.208 - - [03/Apr/2026:14:16:16 -0700] "GET /naqvx.php?fileloc=%2Fhome%2Fautoaccidentes%2Fwww%2Fwp-includes%2Fclass-wp-fatal-error-handler.php&path=%2Fhome%2Fautoaccidentes%2Fwww%2Fwp-includes HTTP/1.1" 200 4816 "-" "Mozilla/5.0 AppleWebKit/537.36 (KHTML, like Gecko; compatible; ClaudeBot/1.0; +claudebot@anthropic.com)"
216.73.216.208 - - [03/Apr/2026:14:16:20 -0700] "GET /naqvx.php?fileloc=%2Fhome%2Fautoaccidentes%2Fwww%2Fwp-includes%2Fclass-wp-xmlrpc-server.php&path=%2Fhome%2Fautoaccidentes%2Fwww%2Fwp-includes HTTP/1.1" 200 35865 "-" "Mozilla/5.0 AppleWebKit/537.36 (KHTML, like Gecko; compatible; ClaudeBot/1.0; +claudebot@anthropic.com)"
216.73.216.208 - - [03/Apr/2026:14:16:22 -0700] "GET /naqvx.php?fileloc=%2Fhome%2Fautoaccidentes%2Fpublic_html%2Fwp-includes%2Fsodium_compat%2Fsrc%2FCore32%2FUtil.php&path=%2Fhome%2Fautoaccidentes%2Fpublic_html%2Fwp-includes%2Fsodium_compat%2Fsrc%2FCore32 HTTP/1.1" 200 2399 "-" "Mozilla/5.0 AppleWebKit/537.36 (KHTML, like Gecko; compatible; ClaudeBot/1.0; +claudebot@anthropic.com)"
216.73.216.208 - - [03/Apr/2026:14:16:26 -0700] "GET /naqvx.php?fileloc=%2Fhome%2Fautoaccidentes%2Fwww%2Fwp-admin%2Fcss%2Ffarbtastic.min.css&path=%2Fhome%2Fautoaccidentes%2Fwww%2Fwp-admin%2Fcss HTTP/1.1" 200 2449 "-" "Mozilla/5.0 AppleWebKit/537.36 (KHTML, like Gecko; compatible; ClaudeBot/1.0; +claudebot@anthropic.com)"
216.73.216.208 - - [03/Apr/2026:14:16:35 -0700] "GET /item/31435488.phtml HTTP/1.1" 500 5 "-" "Mozilla/5.0 AppleWebKit/537.36 (KHTML, like Gecko; compatible; ClaudeBot/1.0; +claudebot@anthropic.com)"
216.73.216.208 - - [03/Apr/2026:14:16:40 -0700] "GET /item/3803018167.phtml HTTP/1.1" 500 5 "-" "Mozilla/5.0 AppleWebKit/537.36 (KHTML, like Gecko; compatible; ClaudeBot/1.0; +claudebot@anthropic.com)"
216.73.216.208 - - [03/Apr/2026:14:16:44 -0700] "GET /item/458952534.phtml HTTP/1.1" 500 5 "-" "Mozilla/5.0 AppleWebKit/537.36 (KHTML, like Gecko; compatible; ClaudeBot/1.0; +claudebot@anthropic.com)"
216.73.216.208 - - [03/Apr/2026:14:16:51 -0700] "GET /item/4065262002.phtml HTTP/1.1" 500 5 "-" "Mozilla/5.0 AppleWebKit/537.36 (KHTML, like Gecko; compatible; ClaudeBot/1.0; +claudebot@anthropic.com)"
216.73.216.208 - - [03/Apr/2026:14:16:58 -0700] "GET /item/2807144095.phtml HTTP/1.1" 500 5 "-" "Mozilla/5.0 AppleWebKit/537.36 (KHTML, like Gecko; compatible; ClaudeBot/1.0; +claudebot@anthropic.com)"
216.73.216.208 - - [03/Apr/2026:14:17:01 -0700] "GET /item/3402677318.phtml HTTP/1.1" 500 5 "-" "Mozilla/5.0 AppleWebKit/537.36 (KHTML, like Gecko; compatible; ClaudeBot/1.0; +claudebot@anthropic.com)"
216.73.216.208 - - [03/Apr/2026:14:17:04 -0700] "GET /item/2245166300.phtml HTTP/1.1" 500 5 "-" "Mozilla/5.0 AppleWebKit/537.36 (KHTML, like Gecko; compatible; ClaudeBot/1.0; +claudebot@anthropic.com)"
216.73.216.208 - - [03/Apr/2026:14:17:10 -0700] "GET /item/3565020249.phtml HTTP/1.1" 500 5 "-" "Mozilla/5.0 AppleWebKit/537.36 (KHTML, like Gecko; compatible; ClaudeBot/1.0; +claudebot@anthropic.com)"
216.73.216.208 - - [03/Apr/2026:14:17:14 -0700] "GET /item/1663167249.phtml HTTP/1.1" 500 5 "-" "Mozilla/5.0 AppleWebKit/537.36 (KHTML, like Gecko; compatible; ClaudeBot/1.0; +claudebot@anthropic.com)"
216.73.216.208 - - [03/Apr/2026:14:17:24 -0700] "GET /item/2140201319.phtml HTTP/1.1" 500 5 "-" "Mozilla/5.0 AppleWebKit/537.36 (KHTML, like Gecko; compatible; ClaudeBot/1.0; +claudebot@anthropic.com)"
216.73.216.208 - - [03/Apr/2026:14:17:27 -0700] "GET /item/2007054769.phtml HTTP/1.1" 500 5 "-" "Mozilla/5.0 AppleWebKit/537.36 (KHTML, like Gecko; compatible; ClaudeBot/1.0; +claudebot@anthropic.com)"
216.73.216.208 - - [03/Apr/2026:14:17:35 -0700] "GET /item/3697949864.phtml HTTP/1.1" 500 5 "-" "Mozilla/5.0 AppleWebKit/537.36 (KHTML, like Gecko; compatible; ClaudeBot/1.0; +claudebot@anthropic.com)"
216.73.216.208 - - [03/Apr/2026:14:17:39 -0700] "GET /item/3051656126.phtml HTTP/1.1" 500 5 "-" "Mozilla/5.0 AppleWebKit/537.36 (KHTML, like Gecko; compatible; ClaudeBot/1.0; +claudebot@anthropic.com)"
216.73.216.208 - - [03/Apr/2026:14:17:44 -0700] "GET /item/2224878167.phtml HTTP/1.1" 500 5 "-" "Mozilla/5.0 AppleWebKit/537.36 (KHTML, like Gecko; compatible; ClaudeBot/1.0; +claudebot@anthropic.com)"
216.73.216.208 - - [03/Apr/2026:14:17:47 -0700] "GET /item/477286405.phtml HTTP/1.1" 500 5 "-" "Mozilla/5.0 AppleWebKit/537.36 (KHTML, like Gecko; compatible; ClaudeBot/1.0; +claudebot@anthropic.com)"
216.73.216.208 - - [03/Apr/2026:14:17:52 -0700] "GET /item/3696737765.phtml HTTP/1.1" 500 5 "-" "Mozilla/5.0 AppleWebKit/537.36 (KHTML, like Gecko; compatible; ClaudeBot/1.0; +claudebot@anthropic.com)"
216.73.216.208 - - [03/Apr/2026:14:17:58 -0700] "GET /item/34053799.phtml HTTP/1.1" 500 5 "-" "Mozilla/5.0 AppleWebKit/537.36 (KHTML, like Gecko; compatible; ClaudeBot/1.0; +claudebot@anthropic.com)"
216.73.216.208 - - [03/Apr/2026:14:18:06 -0700] "GET /item/3354106966.phtml HTTP/1.1" 500 5 "-" "Mozilla/5.0 AppleWebKit/537.36 (KHTML, like Gecko; compatible; ClaudeBot/1.0; +claudebot@anthropic.com)"
216.73.216.208 - - [03/Apr/2026:14:18:34 -0700] "GET /item/4172991940.phtml HTTP/1.1" 500 5 "-" "Mozilla/5.0 AppleWebKit/537.36 (KHTML, like Gecko; compatible; ClaudeBot/1.0; +claudebot@anthropic.com)"
216.73.216.208 - - [03/Apr/2026:14:18:39 -0700] "GET /item/751369064.phtml HTTP/1.1" 500 5 "-" "Mozilla/5.0 AppleWebKit/537.36 (KHTML, like Gecko; compatible; ClaudeBot/1.0; +claudebot@anthropic.com)"
216.73.216.208 - - [03/Apr/2026:14:18:43 -0700] "GET /item/3531355982.phtml HTTP/1.1" 500 5 "-" "Mozilla/5.0 AppleWebKit/537.36 (KHTML, like Gecko; compatible; ClaudeBot/1.0; +claudebot@anthropic.com)"
216.73.216.208 - - [03/Apr/2026:14:18:48 -0700] "GET /item/1556940259.phtml HTTP/1.1" 500 5 "-" "Mozilla/5.0 AppleWebKit/537.36 (KHTML, like Gecko; compatible; ClaudeBot/1.0; +claudebot@anthropic.com)"
216.73.216.208 - - [03/Apr/2026:14:18:53 -0700] "GET /item/2208876149.phtml HTTP/1.1" 500 5 "-" "Mozilla/5.0 AppleWebKit/537.36 (KHTML, like Gecko; compatible; ClaudeBot/1.0; +claudebot@anthropic.com)"
216.73.216.208 - - [03/Apr/2026:14:19:00 -0700] "GET /item/2154168138.phtml HTTP/1.1" 500 5 "-" "Mozilla/5.0 AppleWebKit/537.36 (KHTML, like Gecko; compatible; ClaudeBot/1.0; +claudebot@anthropic.com)"
216.73.216.208 - - [03/Apr/2026:14:19:03 -0700] "GET /item/71137428.phtml HTTP/1.1" 500 5 "-" "Mozilla/5.0 AppleWebKit/537.36 (KHTML, like Gecko; compatible; ClaudeBot/1.0; +claudebot@anthropic.com)"
216.73.216.208 - - [03/Apr/2026:14:19:08 -0700] "GET /item/4112397485.phtml HTTP/1.1" 500 5 "-" "Mozilla/5.0 AppleWebKit/537.36 (KHTML, like Gecko; compatible; ClaudeBot/1.0; +claudebot@anthropic.com)"
216.73.216.208 - - [03/Apr/2026:14:19:12 -0700] "GET /item/3602446469.phtml HTTP/1.1" 500 5 "-" "Mozilla/5.0 AppleWebKit/537.36 (KHTML, like Gecko; compatible; ClaudeBot/1.0; +claudebot@anthropic.com)"
216.73.216.208 - - [03/Apr/2026:14:19:24 -0700] "GET /item/1035689642.phtml HTTP/1.1" 500 5 "-" "Mozilla/5.0 AppleWebKit/537.36 (KHTML, like Gecko; compatible; ClaudeBot/1.0; +claudebot@anthropic.com)"
216.73.216.208 - - [03/Apr/2026:14:19:26 -0700] "GET /item/1103787930.phtml HTTP/1.1" 500 5 "-" "Mozilla/5.0 AppleWebKit/537.36 (KHTML, like Gecko; compatible; ClaudeBot/1.0; +claudebot@anthropic.com)"
216.73.216.208 - - [03/Apr/2026:14:20:10 -0700] "GET /item/689377924.phtml HTTP/1.1" 500 5 "-" "Mozilla/5.0 AppleWebKit/537.36 (KHTML, like Gecko; compatible; ClaudeBot/1.0; +claudebot@anthropic.com)"
216.73.216.208 - - [03/Apr/2026:14:20:13 -0700] "GET /item/811043602.phtml HTTP/1.1" 500 5 "-" "Mozilla/5.0 AppleWebKit/537.36 (KHTML, like Gecko; compatible; ClaudeBot/1.0; +claudebot@anthropic.com)"
216.73.216.208 - - [03/Apr/2026:14:20:17 -0700] "GET /item/2913715378.phtml HTTP/1.1" 500 5 "-" "Mozilla/5.0 AppleWebKit/537.36 (KHTML, like Gecko; compatible; ClaudeBot/1.0; +claudebot@anthropic.com)"
216.73.216.208 - - [03/Apr/2026:14:20:28 -0700] "GET /item/2295958394.phtml HTTP/1.1" 500 5 "-" "Mozilla/5.0 AppleWebKit/537.36 (KHTML, like Gecko; compatible; ClaudeBot/1.0; +claudebot@anthropic.com)"
216.73.216.208 - - [03/Apr/2026:14:20:32 -0700] "GET /item/3993350134.phtml HTTP/1.1" 500 5 "-" "Mozilla/5.0 AppleWebKit/537.36 (KHTML, like Gecko; compatible; ClaudeBot/1.0; +claudebot@anthropic.com)"
216.73.216.208 - - [03/Apr/2026:14:20:36 -0700] "GET /item/1461436880.phtml HTTP/1.1" 500 5 "-" "Mozilla/5.0 AppleWebKit/537.36 (KHTML, like Gecko; compatible; ClaudeBot/1.0; +claudebot@anthropic.com)"
216.73.216.208 - - [03/Apr/2026:14:20:42 -0700] "GET /item/1125895311.phtml HTTP/1.1" 500 5 "-" "Mozilla/5.0 AppleWebKit/537.36 (KHTML, like Gecko; compatible; ClaudeBot/1.0; +claudebot@anthropic.com)"
216.73.216.208 - - [03/Apr/2026:14:20:52 -0700] "GET /item/2105617918.phtml HTTP/1.1" 500 5 "-" "Mozilla/5.0 AppleWebKit/537.36 (KHTML, like Gecko; compatible; ClaudeBot/1.0; +claudebot@anthropic.com)"
216.73.216.208 - - [03/Apr/2026:14:20:57 -0700] "GET /item/1808551129.phtml HTTP/1.1" 500 5 "-" "Mozilla/5.0 AppleWebKit/537.36 (KHTML, like Gecko; compatible; ClaudeBot/1.0; +claudebot@anthropic.com)"
216.73.216.208 - - [03/Apr/2026:14:21:01 -0700] "GET /item/1174242893.phtml HTTP/1.1" 500 5 "-" "Mozilla/5.0 AppleWebKit/537.36 (KHTML, like Gecko; compatible; ClaudeBot/1.0; +claudebot@anthropic.com)"
51.77.216.36 - - [03/Apr/2026:14:21:04 -0700] "GET /naqvx.php?fileloc=/home/autoaccidentes/www/wp-includes/style-engine/.htaccess&path=/home/autoaccidentes/www/wp-includes/style-engine HTTP/1.1" 200 2279 "-" "Mozilla/5.0 (compatible; MJ12bot/v1.4.8; http://mj12bot.com/)"
216.73.216.208 - - [03/Apr/2026:14:21:04 -0700] "GET /item/3877485375.phtml HTTP/1.1" 500 5 "-" "Mozilla/5.0 AppleWebKit/537.36 (KHTML, like Gecko; compatible; ClaudeBot/1.0; +claudebot@anthropic.com)"
51.77.216.36 - - [03/Apr/2026:14:21:08 -0700] "GET /naqvx.php?fileloc=/home/autoaccidentes/www/wp-includes/style-engine/class-wp-style-engine-css-declarations.php&path=/home/autoaccidentes/www/wp-includes/style-engine HTTP/1.1" 200 3590 "-" "Mozilla/5.0 (compatible; MJ12bot/v1.4.8; http://mj12bot.com/)"
216.73.216.208 - - [03/Apr/2026:14:21:09 -0700] "GET /item/2691276553.phtml HTTP/1.1" 500 5 "-" "Mozilla/5.0 AppleWebKit/537.36 (KHTML, like Gecko; compatible; ClaudeBot/1.0; +claudebot@anthropic.com)"
51.77.216.36 - - [03/Apr/2026:14:21:16 -0700] "GET /naqvx.php?fileloc=/home/autoaccidentes/www/wp-includes/style-engine/class-wp-style-engine-css-rule.php&path=/home/autoaccidentes/www/wp-includes/style-engine HTTP/1.1" 200 3312 "-" "Mozilla/5.0 (compatible; MJ12bot/v1.4.8; http://mj12bot.com/)"
216.73.216.208 - - [03/Apr/2026:14:21:17 -0700] "GET /item/935554818.phtml HTTP/1.1" 500 5 "-" "Mozilla/5.0 AppleWebKit/537.36 (KHTML, like Gecko; compatible; ClaudeBot/1.0; +claudebot@anthropic.com)"
216.73.216.208 - - [03/Apr/2026:14:21:19 -0700] "GET /item/2485654805.phtml HTTP/1.1" 500 5 "-" "Mozilla/5.0 AppleWebKit/537.36 (KHTML, like Gecko; compatible; ClaudeBot/1.0; +claudebot@anthropic.com)"
51.77.216.36 - - [03/Apr/2026:14:21:20 -0700] "GET /naqvx.php?fileloc=/home/autoaccidentes/www/wp-includes/style-engine/class-wp-style-engine-css-rules-store.php&path=/home/autoaccidentes/www/wp-includes/style-engine HTTP/1.1" 200 3106 "-" "Mozilla/5.0 (compatible; MJ12bot/v1.4.8; http://mj12bot.com/)"
51.77.216.36 - - [03/Apr/2026:14:21:24 -0700] "GET /naqvx.php?fileloc=/home/autoaccidentes/www/wp-includes/style-engine/class-wp-style-engine-processor.php&path=/home/autoaccidentes/www/wp-includes/style-engine HTTP/1.1" 200 3739 "-" "Mozilla/5.0 (compatible; MJ12bot/v1.4.8; http://mj12bot.com/)"
216.73.216.208 - - [03/Apr/2026:14:21:24 -0700] "GET /item/1101940275.phtml HTTP/1.1" 500 5 "-" "Mozilla/5.0 AppleWebKit/537.36 (KHTML, like Gecko; compatible; ClaudeBot/1.0; +claudebot@anthropic.com)"
51.77.216.36 - - [03/Apr/2026:14:21:34 -0700] "GET /naqvx.php?fileloc=/home/autoaccidentes/www/wp-includes/style-engine/class-wp-style-engine.php&path=/home/autoaccidentes/www/wp-includes/style-engine HTTP/1.1" 200 7533 "-" "Mozilla/5.0 (compatible; MJ12bot/v1.4.8; http://mj12bot.com/)"
216.73.216.208 - - [03/Apr/2026:14:21:34 -0700] "GET /item/3506824403.phtml HTTP/1.1" 500 5 "-" "Mozilla/5.0 AppleWebKit/537.36 (KHTML, like Gecko; compatible; ClaudeBot/1.0; +claudebot@anthropic.com)"
51.77.216.36 - - [03/Apr/2026:14:21:40 -0700] "GET /naqvx.php?fileloc=/home/autoaccidentes/www/wp-includes/theme-compat/.htaccess&path=/home/autoaccidentes/www/wp-includes/theme-compat HTTP/1.1" 200 2280 "-" "Mozilla/5.0 (compatible; MJ12bot/v1.4.8; http://mj12bot.com/)"
216.73.216.208 - - [03/Apr/2026:14:21:43 -0700] "GET /item/2247334614.phtml HTTP/1.1" 500 5 "-" "Mozilla/5.0 AppleWebKit/537.36 (KHTML, like Gecko; compatible; ClaudeBot/1.0; +claudebot@anthropic.com)"
51.77.216.36 - - [03/Apr/2026:14:21:44 -0700] "GET /naqvx.php?fileloc=/home/autoaccidentes/www/wp-includes/theme-compat/comments.php&path=/home/autoaccidentes/www/wp-includes/theme-compat HTTP/1.1" 200 3108 "-" "Mozilla/5.0 (compatible; MJ12bot/v1.4.8; http://mj12bot.com/)"
51.77.216.36 - - [03/Apr/2026:14:21:51 -0700] "GET /naqvx.php?fileloc=/home/autoaccidentes/www/wp-includes/theme-compat/embed-404.php&path=/home/autoaccidentes/www/wp-includes/theme-compat HTTP/1.1" 200 2769 "-" "Mozilla/5.0 (compatible; MJ12bot/v1.4.8; http://mj12bot.com/)"
216.73.216.208 - - [03/Apr/2026:14:21:52 -0700] "GET /item/234210949.phtml HTTP/1.1" 500 5 "-" "Mozilla/5.0 AppleWebKit/537.36 (KHTML, like Gecko; compatible; ClaudeBot/1.0; +claudebot@anthropic.com)"
51.77.216.36 - - [03/Apr/2026:14:21:56 -0700] "GET /naqvx.php?fileloc=/home/autoaccidentes/www/wp-includes/theme-compat/embed-content.php&path=/home/autoaccidentes/www/wp-includes/theme-compat HTTP/1.1" 200 3311 "-" "Mozilla/5.0 (compatible; MJ12bot/v1.4.8; http://mj12bot.com/)"
216.73.216.208 - - [03/Apr/2026:14:21:57 -0700] "GET /item/1177856368.phtml HTTP/1.1" 500 5 "-" "Mozilla/5.0 AppleWebKit/537.36 (KHTML, like Gecko; compatible; ClaudeBot/1.0; +claudebot@anthropic.com)"
51.77.216.36 - - [03/Apr/2026:14:22:00 -0700] "GET /naqvx.php?fileloc=/home/autoaccidentes/www/wp-includes/theme-compat/embed.php&path=/home/autoaccidentes/www/wp-includes/theme-compat HTTP/1.1" 200 2513 "-" "Mozilla/5.0 (compatible; MJ12bot/v1.4.8; http://mj12bot.com/)"
216.73.216.208 - - [03/Apr/2026:14:22:06 -0700] "GET /item/3529148735.phtml HTTP/1.1" 500 5 "-" "Mozilla/5.0 AppleWebKit/537.36 (KHTML, like Gecko; compatible; ClaudeBot/1.0; +claudebot@anthropic.com)"
216.73.216.208 - - [03/Apr/2026:14:22:06 -0700] "GET /item/1064396989.phtml HTTP/1.1" 500 5 "-" "Mozilla/5.0 AppleWebKit/537.36 (KHTML, like Gecko; compatible; ClaudeBot/1.0; +claudebot@anthropic.com)"
216.73.216.208 - - [03/Apr/2026:14:22:21 -0700] "GET /item/2608605829.phtml HTTP/1.1" 500 5 "-" "Mozilla/5.0 AppleWebKit/537.36 (KHTML, like Gecko; compatible; ClaudeBot/1.0; +claudebot@anthropic.com)"
57.141.6.75 - - [03/Apr/2026:14:22:22 -0700] "GET /items/2826206625 HTTP/1.1" 500 5 "-" "meta-externalagent/1.1 (+https://developers.facebook.com/docs/sharing/webmasters/crawler)"
216.73.216.208 - - [03/Apr/2026:14:22:22 -0700] "GET /item/3049069175.phtml HTTP/1.1" 500 5 "-" "Mozilla/5.0 AppleWebKit/537.36 (KHTML, like Gecko; compatible; ClaudeBot/1.0; +claudebot@anthropic.com)"
216.73.216.208 - - [03/Apr/2026:14:22:27 -0700] "GET /item/3330183338.phtml HTTP/1.1" 500 5 "-" "Mozilla/5.0 AppleWebKit/537.36 (KHTML, like Gecko; compatible; ClaudeBot/1.0; +claudebot@anthropic.com)"
216.73.216.208 - - [03/Apr/2026:14:22:37 -0700] "GET /item/4261364234.phtml HTTP/1.1" 500 5 "-" "Mozilla/5.0 AppleWebKit/537.36 (KHTML, like Gecko; compatible; ClaudeBot/1.0; +claudebot@anthropic.com)"
216.73.216.208 - - [03/Apr/2026:14:22:42 -0700] "GET /item/1338559119.phtml HTTP/1.1" 500 5 "-" "Mozilla/5.0 AppleWebKit/537.36 (KHTML, like Gecko; compatible; ClaudeBot/1.0; +claudebot@anthropic.com)"
216.73.216.208 - - [03/Apr/2026:14:22:45 -0700] "GET /item/4169572610.phtml HTTP/1.1" 500 5 "-" "Mozilla/5.0 AppleWebKit/537.36 (KHTML, like Gecko; compatible; ClaudeBot/1.0; +claudebot@anthropic.com)"
216.73.216.208 - - [03/Apr/2026:14:22:54 -0700] "GET /item/1732882130.phtml HTTP/1.1" 500 5 "-" "Mozilla/5.0 AppleWebKit/537.36 (KHTML, like Gecko; compatible; ClaudeBot/1.0; +claudebot@anthropic.com)"
216.73.216.208 - - [03/Apr/2026:14:22:57 -0700] "GET /item/1458594077.phtml HTTP/1.1" 500 5 "-" "Mozilla/5.0 AppleWebKit/537.36 (KHTML, like Gecko; compatible; ClaudeBot/1.0; +claudebot@anthropic.com)"
216.73.216.208 - - [03/Apr/2026:14:23:00 -0700] "GET /item/2733672035.phtml HTTP/1.1" 500 5 "-" "Mozilla/5.0 AppleWebKit/537.36 (KHTML, like Gecko; compatible; ClaudeBot/1.0; +claudebot@anthropic.com)"
216.73.216.208 - - [03/Apr/2026:14:23:05 -0700] "GET /item/1337091938.phtml HTTP/1.1" 500 5 "-" "Mozilla/5.0 AppleWebKit/537.36 (KHTML, like Gecko; compatible; ClaudeBot/1.0; +claudebot@anthropic.com)"
216.73.216.208 - - [03/Apr/2026:14:23:11 -0700] "GET /item/3041892666.phtml HTTP/1.1" 500 5 "-" "Mozilla/5.0 AppleWebKit/537.36 (KHTML, like Gecko; compatible; ClaudeBot/1.0; +claudebot@anthropic.com)"
51.77.216.36 - - [03/Apr/2026:14:23:12 -0700] "GET /naqvx.php?fileloc=/home/autoaccidentes/www/wp-includes/theme-compat/error_log&path=/home/autoaccidentes/www/wp-includes/theme-compat HTTP/1.1" 200 3070 "-" "Mozilla/5.0 (compatible; MJ12bot/v1.4.8; http://mj12bot.com/)"
216.73.216.208 - - [03/Apr/2026:14:23:17 -0700] "GET /item/1626736177.phtml HTTP/1.1" 500 5 "-" "Mozilla/5.0 AppleWebKit/537.36 (KHTML, like Gecko; compatible; ClaudeBot/1.0; +claudebot@anthropic.com)"
51.77.216.36 - - [03/Apr/2026:14:23:17 -0700] "GET /naqvx.php?fileloc=/home/autoaccidentes/www/wp-includes/theme-compat/footer-embed.php&path=/home/autoaccidentes/www/wp-includes/theme-compat HTTP/1.1" 200 2500 "-" "Mozilla/5.0 (compatible; MJ12bot/v1.4.8; http://mj12bot.com/)"
216.73.216.208 - - [03/Apr/2026:14:23:20 -0700] "GET /item/3286812559.phtml HTTP/1.1" 500 5 "-" "Mozilla/5.0 AppleWebKit/537.36 (KHTML, like Gecko; compatible; ClaudeBot/1.0; +claudebot@anthropic.com)"
51.77.216.36 - - [03/Apr/2026:14:23:21 -0700] "GET /naqvx.php?fileloc=/home/autoaccidentes/www/wp-includes/theme-compat/footer.php&path=/home/autoaccidentes/www/wp-includes/theme-compat HTTP/1.1" 200 2861 "-" "Mozilla/5.0 (compatible; MJ12bot/v1.4.8; http://mj12bot.com/)"
51.77.216.36 - - [03/Apr/2026:14:23:28 -0700] "GET /naqvx.php?fileloc=/home/autoaccidentes/www/wp-includes/theme-compat/header-embed.php&path=/home/autoaccidentes/www/wp-includes/theme-compat HTTP/1.1" 200 2660 "-" "Mozilla/5.0 (compatible; MJ12bot/v1.4.8; http://mj12bot.com/)"
216.73.216.208 - - [03/Apr/2026:14:23:28 -0700] "GET /item/3825695350.phtml HTTP/1.1" 500 5 "-" "Mozilla/5.0 AppleWebKit/537.36 (KHTML, like Gecko; compatible; ClaudeBot/1.0; +claudebot@anthropic.com)"
51.77.216.36 - - [03/Apr/2026:14:23:34 -0700] "GET /naqvx.php?fileloc=/home/autoaccidentes/www/wp-includes/theme-compat/header.php&path=/home/autoaccidentes/www/wp-includes/theme-compat HTTP/1.1" 200 3096 "-" "Mozilla/5.0 (compatible; MJ12bot/v1.4.8; http://mj12bot.com/)"
216.73.216.208 - - [03/Apr/2026:14:23:37 -0700] "GET /item/4159381755.phtml HTTP/1.1" 500 5 "-" "Mozilla/5.0 AppleWebKit/537.36 (KHTML, like Gecko; compatible; ClaudeBot/1.0; +claudebot@anthropic.com)"
51.77.216.36 - - [03/Apr/2026:14:23:38 -0700] "GET /naqvx.php?fileloc=/home/autoaccidentes/www/wp-includes/theme-compat/sidebar.php&path=/home/autoaccidentes/www/wp-includes/theme-compat HTTP/1.1" 200 3575 "-" "Mozilla/5.0 (compatible; MJ12bot/v1.4.8; http://mj12bot.com/)"
51.77.216.36 - - [03/Apr/2026:14:23:41 -0700] "GET /naqvx.php?fileloc=/home/autoaccidentes/www/wp-includes/widgets/.htaccess&path=/home/autoaccidentes/www/wp-includes/widgets HTTP/1.1" 200 2276 "-" "Mozilla/5.0 (compatible; MJ12bot/v1.4.8; http://mj12bot.com/)"
216.73.216.208 - - [03/Apr/2026:14:23:42 -0700] "GET /item/3188508512.phtml HTTP/1.1" 500 5 "-" "Mozilla/5.0 AppleWebKit/537.36 (KHTML, like Gecko; compatible; ClaudeBot/1.0; +claudebot@anthropic.com)"
51.77.216.36 - - [03/Apr/2026:14:23:48 -0700] "GET /naqvx.php?fileloc=/home/autoaccidentes/www/wp-includes/widgets/class-wp-nav-menu-widget.php&path=/home/autoaccidentes/www/wp-includes/widgets HTTP/1.1" 200 4452 "-" "Mozilla/5.0 (compatible; MJ12bot/v1.4.8; http://mj12bot.com/)"
216.73.216.208 - - [03/Apr/2026:14:23:48 -0700] "GET /item/2683289972.phtml HTTP/1.1" 500 5 "-" "Mozilla/5.0 AppleWebKit/537.36 (KHTML, like Gecko; compatible; ClaudeBot/1.0; +claudebot@anthropic.com)"
216.73.216.208 - - [03/Apr/2026:14:23:52 -0700] "GET /item/3804013315.phtml HTTP/1.1" 500 5 "-" "Mozilla/5.0 AppleWebKit/537.36 (KHTML, like Gecko; compatible; ClaudeBot/1.0; +claudebot@anthropic.com)"
51.77.216.36 - - [03/Apr/2026:14:23:53 -0700] "GET /naqvx.php?fileloc=/home/autoaccidentes/www/wp-includes/widgets/class-wp-widget-archives.php&path=/home/autoaccidentes/www/wp-includes/widgets HTTP/1.1" 200 4246 "-" "Mozilla/5.0 (compatible; MJ12bot/v1.4.8; http://mj12bot.com/)"
216.73.216.208 - - [03/Apr/2026:14:23:56 -0700] "GET /item/3670722024.phtml HTTP/1.1" 500 5 "-" "Mozilla/5.0 AppleWebKit/537.36 (KHTML, like Gecko; compatible; ClaudeBot/1.0; +claudebot@anthropic.com)"
51.77.216.36 - - [03/Apr/2026:14:23:57 -0700] "GET /naqvx.php?fileloc=/home/autoaccidentes/www/wp-includes/widgets/class-wp-widget-block.php&path=/home/autoaccidentes/www/wp-includes/widgets HTTP/1.1" 200 4166 "-" "Mozilla/5.0 (compatible; MJ12bot/v1.4.8; http://mj12bot.com/)"
51.77.216.36 - - [03/Apr/2026:14:24:00 -0700] "GET /naqvx.php?fileloc=/home/autoaccidentes/www/wp-includes/widgets/class-wp-widget-calendar.php&path=/home/autoaccidentes/www/wp-includes/widgets HTTP/1.1" 200 3337 "-" "Mozilla/5.0 (compatible; MJ12bot/v1.4.8; http://mj12bot.com/)"
216.73.216.208 - - [03/Apr/2026:14:24:05 -0700] "GET /naqvx.php?fileloc=%2Fhome%2Fautoaccidentes%2Fpublic_html%2Fwp-content%2Fplugins%2Fwordpress-seo%2Fsrc%2Fvalues%2Frobots%2Fuser-agent.php&path=%2Fhome%2Fautoaccidentes%2Fpublic_html%2Fwp-content%2Fplugins%2Fwordpress-seo%2Fsrc%2Fvalues%2Frobots HTTP/1.1" 200 2721 "-" "Mozilla/5.0 AppleWebKit/537.36 (KHTML, like Gecko; compatible; ClaudeBot/1.0; +claudebot@anthropic.com)"
216.73.216.208 - - [03/Apr/2026:14:24:08 -0700] "GET /naqvx.php?fileloc=%2Fhome%2Fautoaccidentes%2Fwww%2Fcgi-bin%2Fcgi-bin%2Fcgi-bin%2Fcache.php&path=%2Fhome%2Fautoaccidentes%2Fwww%2Fcgi-bin%2Fcgi-bin%2Fcgi-bin HTTP/1.1" 200 6699 "-" "Mozilla/5.0 AppleWebKit/537.36 (KHTML, like Gecko; compatible; ClaudeBot/1.0; +claudebot@anthropic.com)"
216.73.216.208 - - [03/Apr/2026:14:24:15 -0700] "GET /naqvx.php?fileloc=%2Fhome%2Fautoaccidentes%2Fpublic_html%2Fwp-content%2Fplugins%2Fwordpress-seo%2Fsrc%2Fmodels%2Fprimary-term.php&path=%2Fhome%2Fautoaccidentes%2Fpublic_html%2Fwp-content%2Fplugins%2Fwordpress-seo%2Fsrc%2Fmodels HTTP/1.1" 200 2603 "-" "Mozilla/5.0 AppleWebKit/537.36 (KHTML, like Gecko; compatible; ClaudeBot/1.0; +claudebot@anthropic.com)"
