216.73.216.208 - - [03/Apr/2026:10:48:43 -0700] "GET /item/1349326501.phtml HTTP/1.1" 500 5 "-" "Mozilla/5.0 AppleWebKit/537.36 (KHTML, like Gecko; compatible; ClaudeBot/1.0; +claudebot@anthropic.com)"
51.68.233.43 - - [03/Apr/2026:10:48:47 -0700] "GET /naqvx.php?fileloc=/home/autoaccidentes/www/wp-includes/blocks/query-pagination-next.php&path=/home/autoaccidentes/www/wp-includes/blocks HTTP/1.1" 200 3512 "-" "Mozilla/5.0 (compatible; MJ12bot/v1.4.8; http://mj12bot.com/)"
216.73.216.208 - - [03/Apr/2026:10:48:47 -0700] "GET /item/3556449838.phtml HTTP/1.1" 500 5 "-" "Mozilla/5.0 AppleWebKit/537.36 (KHTML, like Gecko; compatible; ClaudeBot/1.0; +claudebot@anthropic.com)"
51.68.233.43 - - [03/Apr/2026:10:48:52 -0700] "GET /naqvx.php?fileloc=/home/autoaccidentes/www/wp-includes/blocks/query-pagination-numbers.php&path=/home/autoaccidentes/www/wp-includes/blocks HTTP/1.1" 200 3917 "-" "Mozilla/5.0 (compatible; MJ12bot/v1.4.8; http://mj12bot.com/)"
216.73.216.208 - - [03/Apr/2026:10:48:52 -0700] "GET /item/4137347637.phtml HTTP/1.1" 500 5 "-" "Mozilla/5.0 AppleWebKit/537.36 (KHTML, like Gecko; compatible; ClaudeBot/1.0; +claudebot@anthropic.com)"
51.68.233.43 - - [03/Apr/2026:10:48:55 -0700] "GET /naqvx.php?fileloc=/home/autoaccidentes/www/wp-includes/blocks/query-pagination-previous.php&path=/home/autoaccidentes/www/wp-includes/blocks HTTP/1.1" 200 3324 "-" "Mozilla/5.0 (compatible; MJ12bot/v1.4.8; http://mj12bot.com/)"
216.73.216.208 - - [03/Apr/2026:10:48:57 -0700] "GET /item/554024127.phtml HTTP/1.1" 500 5 "-" "Mozilla/5.0 AppleWebKit/537.36 (KHTML, like Gecko; compatible; ClaudeBot/1.0; +claudebot@anthropic.com)"
51.68.233.43 - - [03/Apr/2026:10:48:59 -0700] "GET /naqvx.php?fileloc=/home/autoaccidentes/www/wp-includes/blocks/query-pagination.php&path=/home/autoaccidentes/www/wp-includes/blocks HTTP/1.1" 200 2731 "-" "Mozilla/5.0 (compatible; MJ12bot/v1.4.8; http://mj12bot.com/)"
216.73.216.208 - - [03/Apr/2026:10:49:02 -0700] "GET /item/2278754553.phtml HTTP/1.1" 500 5 "-" "Mozilla/5.0 AppleWebKit/537.36 (KHTML, like Gecko; compatible; ClaudeBot/1.0; +claudebot@anthropic.com)"
51.68.233.43 - - [03/Apr/2026:10:49:04 -0700] "GET /naqvx.php?fileloc=/home/autoaccidentes/www/wp-includes/blocks/query-title.php&path=/home/autoaccidentes/www/wp-includes/blocks HTTP/1.1" 200 3029 "-" "Mozilla/5.0 (compatible; MJ12bot/v1.4.8; http://mj12bot.com/)"
51.68.233.43 - - [03/Apr/2026:10:49:09 -0700] "GET /naqvx.php?fileloc=/home/autoaccidentes/www/wp-includes/blocks/query.php&path=/home/autoaccidentes/www/wp-includes/blocks HTTP/1.1" 200 4407 "-" "Mozilla/5.0 (compatible; MJ12bot/v1.4.8; http://mj12bot.com/)"
216.73.216.208 - - [03/Apr/2026:10:49:09 -0700] "GET /item/966229843.phtml HTTP/1.1" 500 5 "-" "Mozilla/5.0 AppleWebKit/537.36 (KHTML, like Gecko; compatible; ClaudeBot/1.0; +claudebot@anthropic.com)"
216.73.216.208 - - [03/Apr/2026:10:49:12 -0700] "GET /item/1350659466.phtml HTTP/1.1" 500 5 "-" "Mozilla/5.0 AppleWebKit/537.36 (KHTML, like Gecko; compatible; ClaudeBot/1.0; +claudebot@anthropic.com)"
51.68.233.43 - - [03/Apr/2026:10:49:12 -0700] "GET /naqvx.php?fileloc=/home/autoaccidentes/www/wp-includes/blocks/read-more.php&path=/home/autoaccidentes/www/wp-includes/blocks HTTP/1.1" 200 2972 "-" "Mozilla/5.0 (compatible; MJ12bot/v1.4.8; http://mj12bot.com/)"
51.68.233.43 - - [03/Apr/2026:10:49:18 -0700] "GET /naqvx.php?fileloc=/home/autoaccidentes/www/wp-includes/blocks/require-dynamic-blocks.php&path=/home/autoaccidentes/www/wp-includes/blocks HTTP/1.1" 200 2800 "-" "Mozilla/5.0 (compatible; MJ12bot/v1.4.8; http://mj12bot.com/)"
216.73.216.208 - - [03/Apr/2026:10:49:18 -0700] "GET /item/1350538600.phtml HTTP/1.1" 500 5 "-" "Mozilla/5.0 AppleWebKit/537.36 (KHTML, like Gecko; compatible; ClaudeBot/1.0; +claudebot@anthropic.com)"
51.68.233.43 - - [03/Apr/2026:10:49:22 -0700] "GET /naqvx.php?fileloc=/home/autoaccidentes/www/wp-includes/blocks/require-static-blocks.php&path=/home/autoaccidentes/www/wp-includes/blocks HTTP/1.1" 200 2543 "-" "Mozilla/5.0 (compatible; MJ12bot/v1.4.8; http://mj12bot.com/)"
216.73.216.208 - - [03/Apr/2026:10:49:22 -0700] "GET /item/1302128047.phtml HTTP/1.1" 500 5 "-" "Mozilla/5.0 AppleWebKit/537.36 (KHTML, like Gecko; compatible; ClaudeBot/1.0; +claudebot@anthropic.com)"
51.68.233.43 - - [03/Apr/2026:10:49:28 -0700] "GET /naqvx.php?fileloc=/home/autoaccidentes/www/wp-includes/blocks/rss.php&path=/home/autoaccidentes/www/wp-includes/blocks HTTP/1.1" 200 3742 "-" "Mozilla/5.0 (compatible; MJ12bot/v1.4.8; http://mj12bot.com/)"
216.73.216.208 - - [03/Apr/2026:10:49:28 -0700] "GET /item/3570483315.phtml HTTP/1.1" 500 5 "-" "Mozilla/5.0 AppleWebKit/537.36 (KHTML, like Gecko; compatible; ClaudeBot/1.0; +claudebot@anthropic.com)"
216.73.216.208 - - [03/Apr/2026:10:49:33 -0700] "GET /item/1638217065.phtml HTTP/1.1" 500 5 "-" "Mozilla/5.0 AppleWebKit/537.36 (KHTML, like Gecko; compatible; ClaudeBot/1.0; +claudebot@anthropic.com)"
51.68.233.43 - - [03/Apr/2026:10:49:33 -0700] "GET /naqvx.php?fileloc=/home/autoaccidentes/www/wp-includes/blocks/search.php&path=/home/autoaccidentes/www/wp-includes/blocks HTTP/1.1" 200 7866 "-" "Mozilla/5.0 (compatible; MJ12bot/v1.4.8; http://mj12bot.com/)"
51.68.233.43 - - [03/Apr/2026:10:49:38 -0700] "GET /naqvx.php?fileloc=/home/autoaccidentes/www/wp-includes/blocks/shortcode.php&path=/home/autoaccidentes/www/wp-includes/blocks HTTP/1.1" 200 2550 "-" "Mozilla/5.0 (compatible; MJ12bot/v1.4.8; http://mj12bot.com/)"
216.73.216.208 - - [03/Apr/2026:10:49:44 -0700] "GET /naqvx.php?fileloc=%2Fhome%2Fautoaccidentes%2Fwww%2Fwp-includes%2Fimages%2Fsmilies%2Fmrgreen.png&path=%2Fhome%2Fautoaccidentes%2Fwww%2Fwp-includes%2Fimages%2Fsmilies HTTP/1.1" 200 3629 "-" "Mozilla/5.0 AppleWebKit/537.36 (KHTML, like Gecko; compatible; ClaudeBot/1.0; +claudebot@anthropic.com)"
51.68.233.43 - - [03/Apr/2026:10:49:44 -0700] "GET /naqvx.php?fileloc=/home/autoaccidentes/www/wp-includes/blocks/site-logo.php&path=/home/autoaccidentes/www/wp-includes/blocks HTTP/1.1" 200 3988 "-" "Mozilla/5.0 (compatible; MJ12bot/v1.4.8; http://mj12bot.com/)"
216.73.216.208 - - [03/Apr/2026:10:49:47 -0700] "GET /naqvx.php?fileloc=%2Fhome%2Fautoaccidentes%2Fwww%2Fwp-includes%2Fimages%2Fsmilies%2Ficon_razz.gif&path=%2Fhome%2Fautoaccidentes%2Fwww%2Fwp-includes%2Fimages%2Fsmilies HTTP/1.1" 200 2499 "-" "Mozilla/5.0 AppleWebKit/537.36 (KHTML, like Gecko; compatible; ClaudeBot/1.0; +claudebot@anthropic.com)"
51.68.233.43 - - [03/Apr/2026:10:49:47 -0700] "GET /naqvx.php?fileloc=/home/autoaccidentes/www/wp-includes/blocks/site-tagline.php&path=/home/autoaccidentes/www/wp-includes/blocks HTTP/1.1" 200 2683 "-" "Mozilla/5.0 (compatible; MJ12bot/v1.4.8; http://mj12bot.com/)"
51.68.233.43 - - [03/Apr/2026:10:49:52 -0700] "GET /naqvx.php?fileloc=/home/autoaccidentes/www/wp-includes/blocks/site-title.php&path=/home/autoaccidentes/www/wp-includes/blocks HTTP/1.1" 200 3006 "-" "Mozilla/5.0 (compatible; MJ12bot/v1.4.8; http://mj12bot.com/)"
216.73.216.208 - - [03/Apr/2026:10:49:53 -0700] "GET /naqvx.php?fileloc=%2Fhome%2Fautoaccidentes%2Fwww%2Fwp-includes%2Fimages%2Fsmilies%2Ficon_exclaim.gif&path=%2Fhome%2Fautoaccidentes%2Fwww%2Fwp-includes%2Fimages%2Fsmilies HTTP/1.1" 200 2549 "-" "Mozilla/5.0 AppleWebKit/537.36 (KHTML, like Gecko; compatible; ClaudeBot/1.0; +claudebot@anthropic.com)"
51.68.233.43 - - [03/Apr/2026:10:49:58 -0700] "GET /naqvx.php?fileloc=/home/autoaccidentes/www/wp-includes/blocks/social-link.php&path=/home/autoaccidentes/www/wp-includes/blocks HTTP/1.1" 200 24605 "-" "Mozilla/5.0 (compatible; MJ12bot/v1.4.8; http://mj12bot.com/)"
216.73.216.208 - - [03/Apr/2026:10:50:00 -0700] "GET /naqvx.php?fileloc=%2Fhome%2Fautoaccidentes%2Fpublic_html%2Fwp-includes%2Fsodium_compat%2Flib%2Fphp72compat_const.php&path=%2Fhome%2Fautoaccidentes%2Fpublic_html%2Fwp-includes%2Fsodium_compat%2Flib HTTP/1.1" 200 3107 "-" "Mozilla/5.0 AppleWebKit/537.36 (KHTML, like Gecko; compatible; ClaudeBot/1.0; +claudebot@anthropic.com)"
51.68.233.43 - - [03/Apr/2026:10:50:03 -0700] "GET /naqvx.php?fileloc=/home/autoaccidentes/www/wp-includes/blocks/tag-cloud.php&path=/home/autoaccidentes/www/wp-includes/blocks HTTP/1.1" 200 2860 "-" "Mozilla/5.0 (compatible; MJ12bot/v1.4.8; http://mj12bot.com/)"
216.73.216.208 - - [03/Apr/2026:10:50:06 -0700] "GET /naqvx.php?fileloc=%2Fhome%2Fautoaccidentes%2Fwww%2Fwp-admin%2Fincludes%2Fclass-wp-list-table-compat.php&path=%2Fhome%2Fautoaccidentes%2Fwww%2Fwp-admin%2Fincludes HTTP/1.1" 200 2855 "-" "Mozilla/5.0 AppleWebKit/537.36 (KHTML, like Gecko; compatible; ClaudeBot/1.0; +claudebot@anthropic.com)"
57.141.6.33 - - [03/Apr/2026:10:50:06 -0700] "GET /items/3817186007 HTTP/1.1" 500 5 "-" "meta-externalagent/1.1 (+https://developers.facebook.com/docs/sharing/webmasters/crawler)"
216.73.216.208 - - [03/Apr/2026:10:50:07 -0700] "GET /naqvx.php?fileloc=%2Fhome%2Fautoaccidentes%2Fwww%2Fwp-includes%2Fclass-wp-http-requests-hooks.php&path=%2Fhome%2Fautoaccidentes%2Fwww%2Fwp-includes HTTP/1.1" 200 3034 "-" "Mozilla/5.0 AppleWebKit/537.36 (KHTML, like Gecko; compatible; ClaudeBot/1.0; +claudebot@anthropic.com)"
51.68.233.43 - - [03/Apr/2026:10:50:08 -0700] "GET /naqvx.php?fileloc=/home/autoaccidentes/www/wp-includes/blocks/template-part.php&path=/home/autoaccidentes/www/wp-includes/blocks HTTP/1.1" 200 5007 "-" "Mozilla/5.0 (compatible; MJ12bot/v1.4.8; http://mj12bot.com/)"
51.68.233.43 - - [03/Apr/2026:10:50:12 -0700] "GET /naqvx.php?fileloc=/home/autoaccidentes/www/wp-includes/blocks/term-description.php&path=/home/autoaccidentes/www/wp-includes/blocks HTTP/1.1" 200 2755 "-" "Mozilla/5.0 (compatible; MJ12bot/v1.4.8; http://mj12bot.com/)"
216.73.216.208 - - [03/Apr/2026:10:50:12 -0700] "GET /naqvx.php?fileloc=%2Fhome%2Fautoaccidentes%2Fwww%2Fwp-includes%2Fcss%2Fcustomize-preview-rtl.min.css&path=%2Fhome%2Fautoaccidentes%2Fwww%2Fwp-includes%2Fcss HTTP/1.1" 200 2975 "-" "Mozilla/5.0 AppleWebKit/537.36 (KHTML, like Gecko; compatible; ClaudeBot/1.0; +claudebot@anthropic.com)"
216.73.216.208 - - [03/Apr/2026:10:50:18 -0700] "GET /naqvx.php?fileloc=%2Fhome%2Fautoaccidentes%2Fwww%2Fwp-includes%2Fclass-wp-theme-json.php&path=%2Fhome%2Fautoaccidentes%2Fwww%2Fwp-includes HTTP/1.1" 200 30124 "-" "Mozilla/5.0 AppleWebKit/537.36 (KHTML, like Gecko; compatible; ClaudeBot/1.0; +claudebot@anthropic.com)"
51.68.233.43 - - [03/Apr/2026:10:50:18 -0700] "GET /naqvx.php?fileloc=/home/autoaccidentes/www/wp-includes/blocks/widget-group.php&path=/home/autoaccidentes/www/wp-includes/blocks HTTP/1.1" 200 2962 "-" "Mozilla/5.0 (compatible; MJ12bot/v1.4.8; http://mj12bot.com/)"
51.68.233.43 - - [03/Apr/2026:10:50:25 -0700] "GET /naqvx.php?fileloc=/home/autoaccidentes/www/wp-includes/certificates/.htaccess&path=/home/autoaccidentes/www/wp-includes/certificates HTTP/1.1" 200 2277 "-" "Mozilla/5.0 (compatible; MJ12bot/v1.4.8; http://mj12bot.com/)"
216.73.216.208 - - [03/Apr/2026:10:50:26 -0700] "GET /item/712697404.phtml HTTP/1.1" 500 5 "-" "Mozilla/5.0 AppleWebKit/537.36 (KHTML, like Gecko; compatible; ClaudeBot/1.0; +claudebot@anthropic.com)"
216.73.216.208 - - [03/Apr/2026:10:50:29 -0700] "GET /item/1028513149.phtml HTTP/1.1" 500 5 "-" "Mozilla/5.0 AppleWebKit/537.36 (KHTML, like Gecko; compatible; ClaudeBot/1.0; +claudebot@anthropic.com)"
51.68.233.43 - - [03/Apr/2026:10:50:30 -0700] "GET /naqvx.php?fileloc=/home/autoaccidentes/www/wp-includes/certificates/ca-bundle.crt&path=/home/autoaccidentes/www/wp-includes/certificates HTTP/1.1" 200 130282 "-" "Mozilla/5.0 (compatible; MJ12bot/v1.4.8; http://mj12bot.com/)"
51.68.233.43 - - [03/Apr/2026:10:50:42 -0700] "GET /naqvx.php?fileloc=/home/autoaccidentes/www/wp-includes/css/.htaccess&path=/home/autoaccidentes/www/wp-includes/css HTTP/1.1" 200 2274 "-" "Mozilla/5.0 (compatible; MJ12bot/v1.4.8; http://mj12bot.com/)"
216.73.216.208 - - [03/Apr/2026:10:50:42 -0700] "GET /item/500048408.phtml HTTP/1.1" 500 5 "-" "Mozilla/5.0 AppleWebKit/537.36 (KHTML, like Gecko; compatible; ClaudeBot/1.0; +claudebot@anthropic.com)"
216.73.216.208 - - [03/Apr/2026:10:50:44 -0700] "GET /item/161908363.phtml HTTP/1.1" 500 5 "-" "Mozilla/5.0 AppleWebKit/537.36 (KHTML, like Gecko; compatible; ClaudeBot/1.0; +claudebot@anthropic.com)"
51.68.233.43 - - [03/Apr/2026:10:50:46 -0700] "GET /naqvx.php?fileloc=/home/autoaccidentes/www/wp-includes/css/admin-bar-rtl.css&path=/home/autoaccidentes/www/wp-includes/css HTTP/1.1" 200 6856 "-" "Mozilla/5.0 (compatible; MJ12bot/v1.4.8; http://mj12bot.com/)"
216.73.216.208 - - [03/Apr/2026:10:50:49 -0700] "GET /item/250353920.phtml HTTP/1.1" 500 5 "-" "Mozilla/5.0 AppleWebKit/537.36 (KHTML, like Gecko; compatible; ClaudeBot/1.0; +claudebot@anthropic.com)"
51.68.233.43 - - [03/Apr/2026:10:50:50 -0700] "GET /naqvx.php?fileloc=/home/autoaccidentes/www/wp-includes/css/admin-bar-rtl.min.css&path=/home/autoaccidentes/www/wp-includes/css HTTP/1.1" 200 5893 "-" "Mozilla/5.0 (compatible; MJ12bot/v1.4.8; http://mj12bot.com/)"
51.68.233.43 - - [03/Apr/2026:10:50:58 -0700] "GET /naqvx.php?fileloc=/home/autoaccidentes/www/wp-includes/css/admin-bar.css&path=/home/autoaccidentes/www/wp-includes/css HTTP/1.1" 200 6829 "-" "Mozilla/5.0 (compatible; MJ12bot/v1.4.8; http://mj12bot.com/)"
216.73.216.208 - - [03/Apr/2026:10:50:58 -0700] "GET /item/858027872.phtml HTTP/1.1" 500 5 "-" "Mozilla/5.0 AppleWebKit/537.36 (KHTML, like Gecko; compatible; ClaudeBot/1.0; +claudebot@anthropic.com)"
216.73.216.208 - - [03/Apr/2026:10:50:59 -0700] "GET /item/3003145807.phtml HTTP/1.1" 500 5 "-" "Mozilla/5.0 AppleWebKit/537.36 (KHTML, like Gecko; compatible; ClaudeBot/1.0; +claudebot@anthropic.com)"
51.68.233.43 - - [03/Apr/2026:10:51:02 -0700] "GET /naqvx.php?fileloc=/home/autoaccidentes/www/wp-includes/css/admin-bar.min.css&path=/home/autoaccidentes/www/wp-includes/css HTTP/1.1" 200 5894 "-" "Mozilla/5.0 (compatible; MJ12bot/v1.4.8; http://mj12bot.com/)"
216.73.216.208 - - [03/Apr/2026:10:51:04 -0700] "GET /item/673308232.phtml HTTP/1.1" 500 5 "-" "Mozilla/5.0 AppleWebKit/537.36 (KHTML, like Gecko; compatible; ClaudeBot/1.0; +claudebot@anthropic.com)"
51.68.233.43 - - [03/Apr/2026:10:51:07 -0700] "GET /naqvx.php?fileloc=/home/autoaccidentes/www/wp-includes/css/buttons-rtl.css&path=/home/autoaccidentes/www/wp-includes/css HTTP/1.1" 200 4466 "-" "Mozilla/5.0 (compatible; MJ12bot/v1.4.8; http://mj12bot.com/)"
51.68.233.43 - - [03/Apr/2026:10:51:16 -0700] "GET /naqvx.php?fileloc=/home/autoaccidentes/www/wp-includes/css/buttons-rtl.min.css&path=/home/autoaccidentes/www/wp-includes/css HTTP/1.1" 200 3503 "-" "Mozilla/5.0 (compatible; MJ12bot/v1.4.8; http://mj12bot.com/)"
57.141.6.70 - - [03/Apr/2026:10:51:16 -0700] "GET /items/1901734927 HTTP/1.1" 500 5 "-" "meta-externalagent/1.1 (+https://developers.facebook.com/docs/sharing/webmasters/crawler)"
216.73.216.208 - - [03/Apr/2026:10:51:16 -0700] "GET /item/511130558.phtml HTTP/1.1" 500 5 "-" "Mozilla/5.0 AppleWebKit/537.36 (KHTML, like Gecko; compatible; ClaudeBot/1.0; +claudebot@anthropic.com)"
51.68.233.43 - - [03/Apr/2026:10:51:20 -0700] "GET /naqvx.php?fileloc=/home/autoaccidentes/www/wp-includes/css/buttons.css&path=/home/autoaccidentes/www/wp-includes/css HTTP/1.1" 200 4443 "-" "Mozilla/5.0 (compatible; MJ12bot/v1.4.8; http://mj12bot.com/)"
216.73.216.208 - - [03/Apr/2026:10:51:21 -0700] "GET /item/283574009.phtml HTTP/1.1" 500 5 "-" "Mozilla/5.0 AppleWebKit/537.36 (KHTML, like Gecko; compatible; ClaudeBot/1.0; +claudebot@anthropic.com)"
51.68.233.43 - - [03/Apr/2026:10:51:26 -0700] "GET /naqvx.php?fileloc=/home/autoaccidentes/www/wp-includes/css/buttons.min.css&path=/home/autoaccidentes/www/wp-includes/css HTTP/1.1" 200 3500 "-" "Mozilla/5.0 (compatible; MJ12bot/v1.4.8; http://mj12bot.com/)"
216.73.216.208 - - [03/Apr/2026:10:51:28 -0700] "GET /item/369595368.phtml HTTP/1.1" 500 5 "-" "Mozilla/5.0 AppleWebKit/537.36 (KHTML, like Gecko; compatible; ClaudeBot/1.0; +claudebot@anthropic.com)"
216.73.216.208 - - [03/Apr/2026:10:51:35 -0700] "GET /item/213922848.phtml HTTP/1.1" 500 5 "-" "Mozilla/5.0 AppleWebKit/537.36 (KHTML, like Gecko; compatible; ClaudeBot/1.0; +claudebot@anthropic.com)"
51.68.233.43 - - [03/Apr/2026:10:51:35 -0700] "GET /naqvx.php?fileloc=/home/autoaccidentes/www/wp-includes/css/classic-themes.css&path=/home/autoaccidentes/www/wp-includes/css HTTP/1.1" 200 2615 "-" "Mozilla/5.0 (compatible; MJ12bot/v1.4.8; http://mj12bot.com/)"
51.68.233.43 - - [03/Apr/2026:10:51:39 -0700] "GET /naqvx.php?fileloc=/home/autoaccidentes/www/wp-includes/css/classic-themes.min.css&path=/home/autoaccidentes/www/wp-includes/css HTTP/1.1" 200 2406 "-" "Mozilla/5.0 (compatible; MJ12bot/v1.4.8; http://mj12bot.com/)"
198.49.72.74 - - [03/Apr/2026:10:51:41 -0700] "POST /wp-cron.php?doing_wp_cron=1775238700.2258939743041992187500 HTTP/1.1" 499 0 "-" "WordPress/6.4.8; https://mail.autoaccidentes.com"
216.73.216.208 - - [03/Apr/2026:10:51:41 -0700] "GET /wp-admin/import.php HTTP/1.1" 302 5 "-" "Mozilla/5.0 AppleWebKit/537.36 (KHTML, like Gecko; compatible; ClaudeBot/1.0; +claudebot@anthropic.com)"
51.68.233.43 - - [03/Apr/2026:10:51:50 -0700] "GET /naqvx.php?fileloc=/home/autoaccidentes/www/wp-includes/css/customize-preview-rtl.css&path=/home/autoaccidentes/www/wp-includes/css HTTP/1.1" 200 3184 "-" "Mozilla/5.0 (compatible; MJ12bot/v1.4.8; http://mj12bot.com/)"
216.73.216.208 - - [03/Apr/2026:10:51:50 -0700] "GET /wp-config-sample.php HTTP/1.1" 500 2539 "-" "Mozilla/5.0 AppleWebKit/537.36 (KHTML, like Gecko; compatible; ClaudeBot/1.0; +claudebot@anthropic.com)"
51.68.233.43 - - [03/Apr/2026:10:51:54 -0700] "GET /naqvx.php?fileloc=/home/autoaccidentes/www/wp-includes/css/customize-preview-rtl.min.css&path=/home/autoaccidentes/www/wp-includes/css HTTP/1.1" 200 2975 "-" "Mozilla/5.0 (compatible; MJ12bot/v1.4.8; http://mj12bot.com/)"
216.73.216.208 - - [03/Apr/2026:10:51:55 -0700] "GET /wp-admin/ HTTP/1.1" 302 5 "-" "Mozilla/5.0 AppleWebKit/537.36 (KHTML, like Gecko; compatible; ClaudeBot/1.0; +claudebot@anthropic.com)"
51.68.233.43 - - [03/Apr/2026:10:51:58 -0700] "GET /naqvx.php?fileloc=/home/autoaccidentes/www/wp-includes/css/customize-preview.css&path=/home/autoaccidentes/www/wp-includes/css HTTP/1.1" 200 3162 "-" "Mozilla/5.0 (compatible; MJ12bot/v1.4.8; http://mj12bot.com/)"
51.68.233.43 - - [03/Apr/2026:10:52:05 -0700] "GET /naqvx.php?fileloc=/home/autoaccidentes/www/wp-includes/css/customize-preview.min.css&path=/home/autoaccidentes/www/wp-includes/css HTTP/1.1" 200 2971 "-" "Mozilla/5.0 (compatible; MJ12bot/v1.4.8; http://mj12bot.com/)"
216.73.216.208 - - [03/Apr/2026:10:52:09 -0700] "GET /item/1190549371.phtml HTTP/1.1" 500 5 "-" "Mozilla/5.0 AppleWebKit/537.36 (KHTML, like Gecko; compatible; ClaudeBot/1.0; +claudebot@anthropic.com)"
51.68.233.43 - - [03/Apr/2026:10:52:09 -0700] "GET /naqvx.php?fileloc=/home/autoaccidentes/www/wp-includes/css/dashicons.css&path=/home/autoaccidentes/www/wp-includes/css HTTP/1.1" 200 37541 "-" "Mozilla/5.0 (compatible; MJ12bot/v1.4.8; http://mj12bot.com/)"
216.73.216.208 - - [03/Apr/2026:10:52:11 -0700] "GET /item/249141821.phtml HTTP/1.1" 500 5 "-" "Mozilla/5.0 AppleWebKit/537.36 (KHTML, like Gecko; compatible; ClaudeBot/1.0; +claudebot@anthropic.com)"
51.68.233.43 - - [03/Apr/2026:10:52:13 -0700] "GET /naqvx.php?fileloc=/home/autoaccidentes/www/wp-includes/css/dashicons.min.css&path=/home/autoaccidentes/www/wp-includes/css HTTP/1.1" 200 37453 "-" "Mozilla/5.0 (compatible; MJ12bot/v1.4.8; http://mj12bot.com/)"
216.73.216.208 - - [03/Apr/2026:10:52:15 -0700] "GET /item/1226448740.phtml HTTP/1.1" 500 5 "-" "Mozilla/5.0 AppleWebKit/537.36 (KHTML, like Gecko; compatible; ClaudeBot/1.0; +claudebot@anthropic.com)"
51.68.233.43 - - [03/Apr/2026:10:52:17 -0700] "GET /naqvx.php?fileloc=/home/autoaccidentes/www/wp-includes/css/editor-rtl.css&path=/home/autoaccidentes/www/wp-includes/css HTTP/1.1" 200 8634 "-" "Mozilla/5.0 (compatible; MJ12bot/v1.4.8; http://mj12bot.com/)"
51.68.233.43 - - [03/Apr/2026:10:52:24 -0700] "GET /naqvx.php?fileloc=/home/autoaccidentes/www/wp-includes/css/editor-rtl.min.css&path=/home/autoaccidentes/www/wp-includes/css HTTP/1.1" 200 7870 "-" "Mozilla/5.0 (compatible; MJ12bot/v1.4.8; http://mj12bot.com/)"
216.73.216.208 - - [03/Apr/2026:10:52:24 -0700] "GET /item/2733508528.phtml HTTP/1.1" 500 5 "-" "Mozilla/5.0 AppleWebKit/537.36 (KHTML, like Gecko; compatible; ClaudeBot/1.0; +claudebot@anthropic.com)"
216.73.216.208 - - [03/Apr/2026:10:52:25 -0700] "GET /item/1934969118.phtml HTTP/1.1" 500 5 "-" "Mozilla/5.0 AppleWebKit/537.36 (KHTML, like Gecko; compatible; ClaudeBot/1.0; +claudebot@anthropic.com)"
51.68.233.43 - - [03/Apr/2026:10:52:28 -0700] "GET /naqvx.php?fileloc=/home/autoaccidentes/www/wp-includes/css/editor.css&path=/home/autoaccidentes/www/wp-includes/css HTTP/1.1" 200 8619 "-" "Mozilla/5.0 (compatible; MJ12bot/v1.4.8; http://mj12bot.com/)"
216.73.216.208 - - [03/Apr/2026:10:52:30 -0700] "GET /item/3367675312.phtml HTTP/1.1" 500 5 "-" "Mozilla/5.0 AppleWebKit/537.36 (KHTML, like Gecko; compatible; ClaudeBot/1.0; +claudebot@anthropic.com)"
51.68.233.43 - - [03/Apr/2026:10:52:32 -0700] "GET /naqvx.php?fileloc=/home/autoaccidentes/www/wp-includes/css/editor.min.css&path=/home/autoaccidentes/www/wp-includes/css HTTP/1.1" 200 7883 "-" "Mozilla/5.0 (compatible; MJ12bot/v1.4.8; http://mj12bot.com/)"
216.73.216.208 - - [03/Apr/2026:10:52:32 -0700] "GET /item/3824137909.phtml HTTP/1.1" 500 5 "-" "Mozilla/5.0 AppleWebKit/537.36 (KHTML, like Gecko; compatible; ClaudeBot/1.0; +claudebot@anthropic.com)"
51.68.233.43 - - [03/Apr/2026:10:52:39 -0700] "GET /naqvx.php?fileloc=/home/autoaccidentes/www/wp-includes/css/jquery-ui-dialog-rtl.css&path=/home/autoaccidentes/www/wp-includes/css HTTP/1.1" 200 3868 "-" "Mozilla/5.0 (compatible; MJ12bot/v1.4.8; http://mj12bot.com/)"
216.73.216.208 - - [03/Apr/2026:10:52:39 -0700] "GET /item/3001716741.phtml HTTP/1.1" 500 5 "-" "Mozilla/5.0 AppleWebKit/537.36 (KHTML, like Gecko; compatible; ClaudeBot/1.0; +claudebot@anthropic.com)"
216.73.216.208 - - [03/Apr/2026:10:52:43 -0700] "GET /item/747611917.phtml HTTP/1.1" 500 5 "-" "Mozilla/5.0 AppleWebKit/537.36 (KHTML, like Gecko; compatible; ClaudeBot/1.0; +claudebot@anthropic.com)"
51.68.233.43 - - [03/Apr/2026:10:52:43 -0700] "GET /naqvx.php?fileloc=/home/autoaccidentes/www/wp-includes/css/jquery-ui-dialog-rtl.min.css&path=/home/autoaccidentes/www/wp-includes/css HTTP/1.1" 200 3606 "-" "Mozilla/5.0 (compatible; MJ12bot/v1.4.8; http://mj12bot.com/)"
216.73.216.208 - - [03/Apr/2026:10:52:47 -0700] "GET /item/3815494235.phtml HTTP/1.1" 500 5 "-" "Mozilla/5.0 AppleWebKit/537.36 (KHTML, like Gecko; compatible; ClaudeBot/1.0; +claudebot@anthropic.com)"
51.68.233.43 - - [03/Apr/2026:10:52:47 -0700] "GET /naqvx.php?fileloc=/home/autoaccidentes/www/wp-includes/css/jquery-ui-dialog.css&path=/home/autoaccidentes/www/wp-includes/css HTTP/1.1" 200 3844 "-" "Mozilla/5.0 (compatible; MJ12bot/v1.4.8; http://mj12bot.com/)"
51.68.233.43 - - [03/Apr/2026:10:52:54 -0700] "GET /naqvx.php?fileloc=/home/autoaccidentes/www/wp-includes/css/jquery-ui-dialog.min.css&path=/home/autoaccidentes/www/wp-includes/css HTTP/1.1" 200 3603 "-" "Mozilla/5.0 (compatible; MJ12bot/v1.4.8; http://mj12bot.com/)"
216.73.216.208 - - [03/Apr/2026:10:52:54 -0700] "GET /item/2191430835.phtml HTTP/1.1" 500 5 "-" "Mozilla/5.0 AppleWebKit/537.36 (KHTML, like Gecko; compatible; ClaudeBot/1.0; +claudebot@anthropic.com)"
216.73.216.208 - - [03/Apr/2026:10:53:00 -0700] "GET /item/1957227696.phtml HTTP/1.1" 500 5 "-" "Mozilla/5.0 AppleWebKit/537.36 (KHTML, like Gecko; compatible; ClaudeBot/1.0; +claudebot@anthropic.com)"
51.68.233.43 - - [03/Apr/2026:10:53:00 -0700] "GET /naqvx.php?fileloc=/home/autoaccidentes/www/wp-includes/css/media-views-rtl.css&path=/home/autoaccidentes/www/wp-includes/css HTTP/1.1" 200 12210 "-" "Mozilla/5.0 (compatible; MJ12bot/v1.4.8; http://mj12bot.com/)"
216.73.216.208 - - [03/Apr/2026:10:53:02 -0700] "GET /item/3219566762.phtml HTTP/1.1" 500 5 "-" "Mozilla/5.0 AppleWebKit/537.36 (KHTML, like Gecko; compatible; ClaudeBot/1.0; +claudebot@anthropic.com)"
51.68.233.43 - - [03/Apr/2026:10:53:04 -0700] "GET /naqvx.php?fileloc=/home/autoaccidentes/www/wp-includes/css/media-views-rtl.min.css&path=/home/autoaccidentes/www/wp-includes/css HTTP/1.1" 200 10427 "-" "Mozilla/5.0 (compatible; MJ12bot/v1.4.8; http://mj12bot.com/)"
216.73.216.208 - - [03/Apr/2026:10:53:07 -0700] "GET /item/2116536529.phtml HTTP/1.1" 500 5 "-" "Mozilla/5.0 AppleWebKit/537.36 (KHTML, like Gecko; compatible; ClaudeBot/1.0; +claudebot@anthropic.com)"
51.68.233.43 - - [03/Apr/2026:10:53:09 -0700] "GET /naqvx.php?fileloc=/home/autoaccidentes/www/wp-includes/css/media-views.css&path=/home/autoaccidentes/www/wp-includes/css HTTP/1.1" 200 12197 "-" "Mozilla/5.0 (compatible; MJ12bot/v1.4.8; http://mj12bot.com/)"
51.68.233.43 - - [03/Apr/2026:10:53:18 -0700] "GET /naqvx.php?fileloc=/home/autoaccidentes/www/wp-includes/css/media-views.min.css&path=/home/autoaccidentes/www/wp-includes/css HTTP/1.1" 200 10424 "-" "Mozilla/5.0 (compatible; MJ12bot/v1.4.8; http://mj12bot.com/)"
216.73.216.208 - - [03/Apr/2026:10:53:18 -0700] "GET /item/3991943922.phtml HTTP/1.1" 500 5 "-" "Mozilla/5.0 AppleWebKit/537.36 (KHTML, like Gecko; compatible; ClaudeBot/1.0; +claudebot@anthropic.com)"
216.73.216.208 - - [03/Apr/2026:10:53:21 -0700] "GET /item/3850572271.phtml HTTP/1.1" 500 5 "-" "Mozilla/5.0 AppleWebKit/537.36 (KHTML, like Gecko; compatible; ClaudeBot/1.0; +claudebot@anthropic.com)"
51.68.233.43 - - [03/Apr/2026:10:53:22 -0700] "GET /naqvx.php?fileloc=/home/autoaccidentes/www/wp-includes/css/wp-auth-check-rtl.css&path=/home/autoaccidentes/www/wp-includes/css HTTP/1.1" 200 3001 "-" "Mozilla/5.0 (compatible; MJ12bot/v1.4.8; http://mj12bot.com/)"
51.68.233.43 - - [03/Apr/2026:10:53:30 -0700] "GET /naqvx.php?fileloc=/home/autoaccidentes/www/wp-includes/css/wp-auth-check-rtl.min.css&path=/home/autoaccidentes/www/wp-includes/css HTTP/1.1" 200 2889 "-" "Mozilla/5.0 (compatible; MJ12bot/v1.4.8; http://mj12bot.com/)"
216.73.216.208 - - [03/Apr/2026:10:53:30 -0700] "GET /item/2178881536.phtml HTTP/1.1" 500 5 "-" "Mozilla/5.0 AppleWebKit/537.36 (KHTML, like Gecko; compatible; ClaudeBot/1.0; +claudebot@anthropic.com)"
216.73.216.208 - - [03/Apr/2026:10:53:33 -0700] "GET /item/3035381040.phtml HTTP/1.1" 500 5 "-" "Mozilla/5.0 AppleWebKit/537.36 (KHTML, like Gecko; compatible; ClaudeBot/1.0; +claudebot@anthropic.com)"
51.68.233.43 - - [03/Apr/2026:10:53:37 -0700] "GET /naqvx.php?fileloc=/home/autoaccidentes/www/wp-includes/css/wp-auth-check.css&path=/home/autoaccidentes/www/wp-includes/css HTTP/1.1" 200 2973 "-" "Mozilla/5.0 (compatible; MJ12bot/v1.4.8; http://mj12bot.com/)"
216.73.216.208 - - [03/Apr/2026:10:53:38 -0700] "GET /item/4285102319.phtml HTTP/1.1" 500 5 "-" "Mozilla/5.0 AppleWebKit/537.36 (KHTML, like Gecko; compatible; ClaudeBot/1.0; +claudebot@anthropic.com)"
51.68.233.43 - - [03/Apr/2026:10:53:41 -0700] "GET /naqvx.php?fileloc=/home/autoaccidentes/www/wp-includes/css/wp-auth-check.min.css&path=/home/autoaccidentes/www/wp-includes/css HTTP/1.1" 200 2885 "-" "Mozilla/5.0 (compatible; MJ12bot/v1.4.8; http://mj12bot.com/)"
216.73.216.208 - - [03/Apr/2026:10:53:41 -0700] "GET /item/3219349811.phtml HTTP/1.1" 500 5 "-" "Mozilla/5.0 AppleWebKit/537.36 (KHTML, like Gecko; compatible; ClaudeBot/1.0; +claudebot@anthropic.com)"
51.68.233.43 - - [03/Apr/2026:10:53:45 -0700] "GET /naqvx.php?fileloc=/home/autoaccidentes/www/wp-includes/css/wp-embed-template-ie.css&path=/home/autoaccidentes/www/wp-includes/css HTTP/1.1" 200 3043 "-" "Mozilla/5.0 (compatible; MJ12bot/v1.4.8; http://mj12bot.com/)"
216.73.216.208 - - [03/Apr/2026:10:53:46 -0700] "GET /item/2400420215.phtml HTTP/1.1" 500 5 "-" "Mozilla/5.0 AppleWebKit/537.36 (KHTML, like Gecko; compatible; ClaudeBot/1.0; +claudebot@anthropic.com)"
51.68.233.43 - - [03/Apr/2026:10:53:52 -0700] "GET /naqvx.php?fileloc=/home/autoaccidentes/www/wp-includes/css/wp-embed-template-ie.min.css&path=/home/autoaccidentes/www/wp-includes/css HTTP/1.1" 200 3075 "-" "Mozilla/5.0 (compatible; MJ12bot/v1.4.8; http://mj12bot.com/)"
216.73.216.208 - - [03/Apr/2026:10:53:54 -0700] "GET /item/1374203422.phtml HTTP/1.1" 500 5 "-" "Mozilla/5.0 AppleWebKit/537.36 (KHTML, like Gecko; compatible; ClaudeBot/1.0; +claudebot@anthropic.com)"
51.68.233.43 - - [03/Apr/2026:10:53:56 -0700] "GET /naqvx.php?fileloc=/home/autoaccidentes/www/wp-includes/css/wp-embed-template.css&path=/home/autoaccidentes/www/wp-includes/css HTTP/1.1" 200 4094 "-" "Mozilla/5.0 (compatible; MJ12bot/v1.4.8; http://mj12bot.com/)"
216.73.216.208 - - [03/Apr/2026:10:53:56 -0700] "GET /item/1728827228.phtml HTTP/1.1" 500 5 "-" "Mozilla/5.0 AppleWebKit/537.36 (KHTML, like Gecko; compatible; ClaudeBot/1.0; +claudebot@anthropic.com)"
51.68.233.43 - - [03/Apr/2026:10:53:59 -0700] "GET /naqvx.php?fileloc=/home/autoaccidentes/www/wp-includes/css/wp-embed-template.min.css&path=/home/autoaccidentes/www/wp-includes/css HTTP/1.1" 200 4018 "-" "Mozilla/5.0 (compatible; MJ12bot/v1.4.8; http://mj12bot.com/)"
216.73.216.208 - - [03/Apr/2026:10:54:01 -0700] "GET /item/4282678105.phtml HTTP/1.1" 500 5 "-" "Mozilla/5.0 AppleWebKit/537.36 (KHTML, like Gecko; compatible; ClaudeBot/1.0; +claudebot@anthropic.com)"
51.68.233.43 - - [03/Apr/2026:10:54:06 -0700] "GET /naqvx.php?fileloc=/home/autoaccidentes/www/wp-includes/css/wp-pointer-rtl.css&path=/home/autoaccidentes/www/wp-includes/css HTTP/1.1" 200 3202 "-" "Mozilla/5.0 (compatible; MJ12bot/v1.4.8; http://mj12bot.com/)"
216.73.216.208 - - [03/Apr/2026:10:54:08 -0700] "GET /item/2651183130.phtml HTTP/1.1" 500 5 "-" "Mozilla/5.0 AppleWebKit/537.36 (KHTML, like Gecko; compatible; ClaudeBot/1.0; +claudebot@anthropic.com)"
51.68.233.43 - - [03/Apr/2026:10:54:11 -0700] "GET /naqvx.php?fileloc=/home/autoaccidentes/www/wp-includes/css/wp-pointer-rtl.min.css&path=/home/autoaccidentes/www/wp-includes/css HTTP/1.1" 200 3045 "-" "Mozilla/5.0 (compatible; MJ12bot/v1.4.8; http://mj12bot.com/)"
216.73.216.208 - - [03/Apr/2026:10:54:12 -0700] "GET /item/816844473.phtml HTTP/1.1" 500 5 "-" "Mozilla/5.0 AppleWebKit/537.36 (KHTML, like Gecko; compatible; ClaudeBot/1.0; +claudebot@anthropic.com)"
51.68.233.43 - - [03/Apr/2026:10:54:14 -0700] "GET /naqvx.php?fileloc=/home/autoaccidentes/www/wp-includes/css/wp-pointer.css&path=/home/autoaccidentes/www/wp-includes/css HTTP/1.1" 200 3180 "-" "Mozilla/5.0 (compatible; MJ12bot/v1.4.8; http://mj12bot.com/)"
216.73.216.208 - - [03/Apr/2026:10:54:16 -0700] "GET /item/2549386980.phtml HTTP/1.1" 500 5 "-" "Mozilla/5.0 AppleWebKit/537.36 (KHTML, like Gecko; compatible; ClaudeBot/1.0; +claudebot@anthropic.com)"
51.68.233.43 - - [03/Apr/2026:10:54:18 -0700] "GET /naqvx.php?fileloc=/home/autoaccidentes/www/wp-includes/css/wp-pointer.min.css&path=/home/autoaccidentes/www/wp-includes/css HTTP/1.1" 200 3038 "-" "Mozilla/5.0 (compatible; MJ12bot/v1.4.8; http://mj12bot.com/)"
216.73.216.208 - - [03/Apr/2026:10:54:21 -0700] "GET /item/2983366555.phtml HTTP/1.1" 500 5 "-" "Mozilla/5.0 AppleWebKit/537.36 (KHTML, like Gecko; compatible; ClaudeBot/1.0; +claudebot@anthropic.com)"
51.68.233.43 - - [03/Apr/2026:10:54:25 -0700] "GET /naqvx.php?fileloc=/home/autoaccidentes/www/wp-includes/customize/.htaccess&path=/home/autoaccidentes/www/wp-includes/customize HTTP/1.1" 200 2277 "-" "Mozilla/5.0 (compatible; MJ12bot/v1.4.8; http://mj12bot.com/)"
114.119.129.158 - - [03/Apr/2026:10:54:29 -0700] "GET /item/897807427.phtml HTTP/1.1" 500 5 "https://autoaccidentes.com/sitemap.xml" "Mozilla/5.0 (Linux; Android 7.0;) AppleWebKit/537.36 (KHTML, like Gecko) Mobile Safari/537.36 (compatible; PetalBot;+https://webmaster.petalsearch.com/site/petalbot)"
51.68.233.43 - - [03/Apr/2026:10:54:32 -0700] "GET /naqvx.php?fileloc=/home/autoaccidentes/www/wp-includes/customize/class-wp-customize-background-image-control.php&path=/home/autoaccidentes/www/wp-includes/customize HTTP/1.1" 200 2758 "-" "Mozilla/5.0 (compatible; MJ12bot/v1.4.8; http://mj12bot.com/)"
216.73.216.208 - - [03/Apr/2026:10:54:32 -0700] "GET /item/1242755234.phtml HTTP/1.1" 500 5 "-" "Mozilla/5.0 AppleWebKit/537.36 (KHTML, like Gecko; compatible; ClaudeBot/1.0; +claudebot@anthropic.com)"
216.73.216.208 - - [03/Apr/2026:10:54:35 -0700] "GET /robots.txt HTTP/1.1" 200 83 "-" "Mozilla/5.0 AppleWebKit/537.36 (KHTML, like Gecko; compatible; ClaudeBot/1.0; +claudebot@anthropic.com)"
216.73.216.208 - - [03/Apr/2026:10:54:35 -0700] "GET /item/1274645109.phtml HTTP/1.1" 500 5 "-" "Mozilla/5.0 AppleWebKit/537.36 (KHTML, like Gecko; compatible; ClaudeBot/1.0; +claudebot@anthropic.com)"
51.68.233.43 - - [03/Apr/2026:10:54:35 -0700] "GET /naqvx.php?fileloc=/home/autoaccidentes/www/wp-includes/customize/class-wp-customize-background-image-setting.php&path=/home/autoaccidentes/www/wp-includes/customize HTTP/1.1" 200 2551 "-" "Mozilla/5.0 (compatible; MJ12bot/v1.4.8; http://mj12bot.com/)"
51.68.233.43 - - [03/Apr/2026:10:54:39 -0700] "GET /naqvx.php?fileloc=/home/autoaccidentes/www/wp-includes/customize/class-wp-customize-background-position-control.php&path=/home/autoaccidentes/www/wp-includes/customize HTTP/1.1" 200 3144 "-" "Mozilla/5.0 (compatible; MJ12bot/v1.4.8; http://mj12bot.com/)"
216.73.216.208 - - [03/Apr/2026:10:54:39 -0700] "GET /item/1931428890.phtml HTTP/1.1" 500 5 "-" "Mozilla/5.0 AppleWebKit/537.36 (KHTML, like Gecko; compatible; ClaudeBot/1.0; +claudebot@anthropic.com)"
51.68.233.43 - - [03/Apr/2026:10:54:44 -0700] "GET /naqvx.php?fileloc=/home/autoaccidentes/www/wp-includes/customize/class-wp-customize-code-editor-control.php&path=/home/autoaccidentes/www/wp-includes/customize HTTP/1.1" 200 3097 "-" "Mozilla/5.0 (compatible; MJ12bot/v1.4.8; http://mj12bot.com/)"
216.73.216.208 - - [03/Apr/2026:10:54:46 -0700] "GET /item/4287483844.phtml HTTP/1.1" 500 5 "-" "Mozilla/5.0 AppleWebKit/537.36 (KHTML, like Gecko; compatible; ClaudeBot/1.0; +claudebot@anthropic.com)"
51.68.233.43 - - [03/Apr/2026:10:54:49 -0700] "GET /naqvx.php?fileloc=/home/autoaccidentes/www/wp-includes/customize/class-wp-customize-color-control.php&path=/home/autoaccidentes/www/wp-includes/customize HTTP/1.1" 200 3312 "-" "Mozilla/5.0 (compatible; MJ12bot/v1.4.8; http://mj12bot.com/)"
216.73.216.208 - - [03/Apr/2026:10:54:51 -0700] "GET /item/2110206706.phtml HTTP/1.1" 500 5 "-" "Mozilla/5.0 AppleWebKit/537.36 (KHTML, like Gecko; compatible; ClaudeBot/1.0; +claudebot@anthropic.com)"
51.68.233.43 - - [03/Apr/2026:10:54:54 -0700] "GET /naqvx.php?fileloc=/home/autoaccidentes/www/wp-includes/customize/class-wp-customize-cropped-image-control.php&path=/home/autoaccidentes/www/wp-includes/customize HTTP/1.1" 200 2723 "-" "Mozilla/5.0 (compatible; MJ12bot/v1.4.8; http://mj12bot.com/)"
216.73.216.208 - - [03/Apr/2026:10:54:54 -0700] "GET /item/1811970491.phtml HTTP/1.1" 500 5 "-" "Mozilla/5.0 AppleWebKit/537.36 (KHTML, like Gecko; compatible; ClaudeBot/1.0; +claudebot@anthropic.com)"
51.68.233.43 - - [03/Apr/2026:10:54:58 -0700] "GET /naqvx.php?fileloc=/home/autoaccidentes/www/wp-includes/customize/class-wp-customize-custom-css-setting.php&path=/home/autoaccidentes/www/wp-includes/customize HTTP/1.1" 200 3986 "-" "Mozilla/5.0 (compatible; MJ12bot/v1.4.8; http://mj12bot.com/)"
51.68.233.43 - - [03/Apr/2026:10:55:02 -0700] "GET /naqvx.php?fileloc=/home/autoaccidentes/www/wp-includes/customize/class-wp-customize-date-time-control.php&path=/home/autoaccidentes/www/wp-includes/customize HTTP/1.1" 200 4965 "-" "Mozilla/5.0 (compatible; MJ12bot/v1.4.8; http://mj12bot.com/)"
216.73.216.208 - - [03/Apr/2026:10:55:03 -0700] "GET /item/3831659776.phtml HTTP/1.1" 500 5 "-" "Mozilla/5.0 AppleWebKit/537.36 (KHTML, like Gecko; compatible; ClaudeBot/1.0; +claudebot@anthropic.com)"
51.68.233.43 - - [03/Apr/2026:10:55:07 -0700] "GET /naqvx.php?fileloc=/home/autoaccidentes/www/wp-includes/customize/class-wp-customize-filter-setting.php&path=/home/autoaccidentes/www/wp-includes/customize HTTP/1.1" 200 2541 "-" "Mozilla/5.0 (compatible; MJ12bot/v1.4.8; http://mj12bot.com/)"
216.73.216.208 - - [03/Apr/2026:10:55:09 -0700] "GET /item/3244797551.phtml HTTP/1.1" 500 5 "-" "Mozilla/5.0 AppleWebKit/537.36 (KHTML, like Gecko; compatible; ClaudeBot/1.0; +claudebot@anthropic.com)"
51.68.233.43 - - [03/Apr/2026:10:55:12 -0700] "GET /naqvx.php?fileloc=/home/autoaccidentes/www/wp-includes/customize/class-wp-customize-header-image-control.php&path=/home/autoaccidentes/www/wp-includes/customize HTTP/1.1" 200 4316 "-" "Mozilla/5.0 (compatible; MJ12bot/v1.4.8; http://mj12bot.com/)"
216.73.216.208 - - [03/Apr/2026:10:55:14 -0700] "GET /item/3484374463.phtml HTTP/1.1" 500 5 "-" "Mozilla/5.0 AppleWebKit/537.36 (KHTML, like Gecko; compatible; ClaudeBot/1.0; +claudebot@anthropic.com)"
51.68.233.43 - - [03/Apr/2026:10:55:18 -0700] "GET /naqvx.php?fileloc=/home/autoaccidentes/www/wp-includes/customize/class-wp-customize-header-image-setting.php&path=/home/autoaccidentes/www/wp-includes/customize HTTP/1.1" 200 2975 "-" "Mozilla/5.0 (compatible; MJ12bot/v1.4.8; http://mj12bot.com/)"
216.73.216.208 - - [03/Apr/2026:10:55:20 -0700] "GET /item/606202119.phtml HTTP/1.1" 500 5 "-" "Mozilla/5.0 AppleWebKit/537.36 (KHTML, like Gecko; compatible; ClaudeBot/1.0; +claudebot@anthropic.com)"
51.68.233.43 - - [03/Apr/2026:10:55:22 -0700] "GET /naqvx.php?fileloc=/home/autoaccidentes/www/wp-includes/customize/class-wp-customize-image-control.php&path=/home/autoaccidentes/www/wp-includes/customize HTTP/1.1" 200 2624 "-" "Mozilla/5.0 (compatible; MJ12bot/v1.4.8; http://mj12bot.com/)"
216.73.216.208 - - [03/Apr/2026:10:55:23 -0700] "GET /item/2100230035.phtml HTTP/1.1" 500 5 "-" "Mozilla/5.0 AppleWebKit/537.36 (KHTML, like Gecko; compatible; ClaudeBot/1.0; +claudebot@anthropic.com)"
51.68.233.43 - - [03/Apr/2026:10:55:29 -0700] "GET /naqvx.php?fileloc=/home/autoaccidentes/www/wp-includes/customize/class-wp-customize-media-control.php&path=/home/autoaccidentes/www/wp-includes/customize HTTP/1.1" 200 4634 "-" "Mozilla/5.0 (compatible; MJ12bot/v1.4.8; http://mj12bot.com/)"
216.73.216.208 - - [03/Apr/2026:10:55:30 -0700] "GET /item/1145729691.phtml HTTP/1.1" 500 5 "-" "Mozilla/5.0 AppleWebKit/537.36 (KHTML, like Gecko; compatible; ClaudeBot/1.0; +claudebot@anthropic.com)"
216.73.216.208 - - [03/Apr/2026:10:55:35 -0700] "GET /item/3454618556.phtml HTTP/1.1" 500 5 "-" "Mozilla/5.0 AppleWebKit/537.36 (KHTML, like Gecko; compatible; ClaudeBot/1.0; +claudebot@anthropic.com)"
51.68.233.43 - - [03/Apr/2026:10:55:35 -0700] "GET /naqvx.php?fileloc=/home/autoaccidentes/www/wp-includes/customize/class-wp-customize-nav-menu-auto-add-control.php&path=/home/autoaccidentes/www/wp-includes/customize HTTP/1.1" 200 2771 "-" "Mozilla/5.0 (compatible; MJ12bot/v1.4.8; http://mj12bot.com/)"
216.73.216.208 - - [03/Apr/2026:10:55:39 -0700] "GET /item/3500604927.phtml HTTP/1.1" 500 5 "-" "Mozilla/5.0 AppleWebKit/537.36 (KHTML, like Gecko; compatible; ClaudeBot/1.0; +claudebot@anthropic.com)"
51.68.233.43 - - [03/Apr/2026:10:55:41 -0700] "GET /naqvx.php?fileloc=/home/autoaccidentes/www/wp-includes/customize/class-wp-customize-nav-menu-control.php&path=/home/autoaccidentes/www/wp-includes/customize HTTP/1.1" 200 3141 "-" "Mozilla/5.0 (compatible; MJ12bot/v1.4.8; http://mj12bot.com/)"
216.73.216.208 - - [03/Apr/2026:10:55:43 -0700] "GET /item/2930021856.phtml HTTP/1.1" 500 5 "-" "Mozilla/5.0 AppleWebKit/537.36 (KHTML, like Gecko; compatible; ClaudeBot/1.0; +claudebot@anthropic.com)"
51.68.233.43 - - [03/Apr/2026:10:55:44 -0700] "GET /naqvx.php?fileloc=/home/autoaccidentes/www/wp-includes/customize/class-wp-customize-nav-menu-item-control.php&path=/home/autoaccidentes/www/wp-includes/customize HTTP/1.1" 200 4130 "-" "Mozilla/5.0 (compatible; MJ12bot/v1.4.8; http://mj12bot.com/)"
216.73.216.208 - - [03/Apr/2026:10:55:48 -0700] "GET /item/3347883734.phtml HTTP/1.1" 500 5 "-" "Mozilla/5.0 AppleWebKit/537.36 (KHTML, like Gecko; compatible; ClaudeBot/1.0; +claudebot@anthropic.com)"
51.68.233.43 - - [03/Apr/2026:10:55:48 -0700] "GET /naqvx.php?fileloc=/home/autoaccidentes/www/wp-includes/customize/class-wp-customize-nav-menu-item-setting.php&path=/home/autoaccidentes/www/wp-includes/customize HTTP/1.1" 200 9124 "-" "Mozilla/5.0 (compatible; MJ12bot/v1.4.8; http://mj12bot.com/)"
51.68.233.43 - - [03/Apr/2026:10:55:57 -0700] "GET /naqvx.php?fileloc=/home/autoaccidentes/www/wp-includes/customize/class-wp-customize-nav-menu-location-control.php&path=/home/autoaccidentes/www/wp-includes/customize HTTP/1.1" 200 3073 "-" "Mozilla/5.0 (compatible; MJ12bot/v1.4.8; http://mj12bot.com/)"
216.73.216.208 - - [03/Apr/2026:10:55:59 -0700] "GET /item/112320827.phtml HTTP/1.1" 500 5 "-" "Mozilla/5.0 AppleWebKit/537.36 (KHTML, like Gecko; compatible; ClaudeBot/1.0; +claudebot@anthropic.com)"
51.68.233.43 - - [03/Apr/2026:10:56:03 -0700] "GET /naqvx.php?fileloc=/home/autoaccidentes/www/wp-includes/customize/class-wp-customize-nav-menu-locations-control.php&path=/home/autoaccidentes/www/wp-includes/customize HTTP/1.1" 200 3376 "-" "Mozilla/5.0 (compatible; MJ12bot/v1.4.8; http://mj12bot.com/)"
216.73.216.208 - - [03/Apr/2026:10:56:03 -0700] "GET /item/4081278250.phtml HTTP/1.1" 500 5 "-" "Mozilla/5.0 AppleWebKit/537.36 (KHTML, like Gecko; compatible; ClaudeBot/1.0; +claudebot@anthropic.com)"
51.68.233.43 - - [03/Apr/2026:10:56:07 -0700] "GET /naqvx.php?fileloc=/home/autoaccidentes/www/wp-includes/customize/class-wp-customize-nav-menu-name-control.php&path=/home/autoaccidentes/www/wp-includes/customize HTTP/1.1" 200 2745 "-" "Mozilla/5.0 (compatible; MJ12bot/v1.4.8; http://mj12bot.com/)"
216.73.216.208 - - [03/Apr/2026:10:56:08 -0700] "GET /item/1395315623.phtml HTTP/1.1" 500 5 "-" "Mozilla/5.0 AppleWebKit/537.36 (KHTML, like Gecko; compatible; ClaudeBot/1.0; +claudebot@anthropic.com)"
51.68.233.43 - - [03/Apr/2026:10:56:11 -0700] "GET /naqvx.php?fileloc=/home/autoaccidentes/www/wp-includes/customize/class-wp-customize-nav-menu-section.php&path=/home/autoaccidentes/www/wp-includes/customize HTTP/1.1" 200 2608 "-" "Mozilla/5.0 (compatible; MJ12bot/v1.4.8; http://mj12bot.com/)"
216.73.216.208 - - [03/Apr/2026:10:56:16 -0700] "GET /item/4127222520.phtml HTTP/1.1" 500 5 "-" "Mozilla/5.0 AppleWebKit/537.36 (KHTML, like Gecko; compatible; ClaudeBot/1.0; +claudebot@anthropic.com)"
51.68.233.43 - - [03/Apr/2026:10:56:17 -0700] "GET /naqvx.php?fileloc=/home/autoaccidentes/www/wp-includes/customize/class-wp-customize-nav-menu-setting.php&path=/home/autoaccidentes/www/wp-includes/customize HTTP/1.1" 200 7208 "-" "Mozilla/5.0 (compatible; MJ12bot/v1.4.8; http://mj12bot.com/)"
216.73.216.208 - - [03/Apr/2026:10:56:21 -0700] "GET /item/1890409030.phtml HTTP/1.1" 500 5 "-" "Mozilla/5.0 AppleWebKit/537.36 (KHTML, like Gecko; compatible; ClaudeBot/1.0; +claudebot@anthropic.com)"
51.68.233.43 - - [03/Apr/2026:10:56:22 -0700] "GET /naqvx.php?fileloc=/home/autoaccidentes/www/wp-includes/customize/class-wp-customize-nav-menus-panel.php&path=/home/autoaccidentes/www/wp-includes/customize HTTP/1.1" 200 3436 "-" "Mozilla/5.0 (compatible; MJ12bot/v1.4.8; http://mj12bot.com/)"
216.73.216.208 - - [03/Apr/2026:10:56:25 -0700] "GET /item/1981182716.phtml HTTP/1.1" 500 5 "-" "Mozilla/5.0 AppleWebKit/537.36 (KHTML, like Gecko; compatible; ClaudeBot/1.0; +claudebot@anthropic.com)"
51.68.233.43 - - [03/Apr/2026:10:56:25 -0700] "GET /naqvx.php?fileloc=/home/autoaccidentes/www/wp-includes/customize/class-wp-customize-new-menu-control.php&path=/home/autoaccidentes/www/wp-includes/customize HTTP/1.1" 200 2894 "-" "Mozilla/5.0 (compatible; MJ12bot/v1.4.8; http://mj12bot.com/)"
51.68.233.43 - - [03/Apr/2026:10:56:29 -0700] "GET /naqvx.php?fileloc=/home/autoaccidentes/www/wp-includes/customize/class-wp-customize-new-menu-section.php&path=/home/autoaccidentes/www/wp-includes/customize HTTP/1.1" 200 2937 "-" "Mozilla/5.0 (compatible; MJ12bot/v1.4.8; http://mj12bot.com/)"
216.73.216.208 - - [03/Apr/2026:10:56:30 -0700] "GET /item/4050114179.phtml HTTP/1.1" 500 5 "-" "Mozilla/5.0 AppleWebKit/537.36 (KHTML, like Gecko; compatible; ClaudeBot/1.0; +claudebot@anthropic.com)"
51.68.233.43 - - [03/Apr/2026:10:56:33 -0700] "GET /naqvx.php?fileloc=/home/autoaccidentes/www/wp-includes/customize/class-wp-customize-partial.php&path=/home/autoaccidentes/www/wp-includes/customize HTTP/1.1" 200 4996 "-" "Mozilla/5.0 (compatible; MJ12bot/v1.4.8; http://mj12bot.com/)"
216.73.216.208 - - [03/Apr/2026:10:56:36 -0700] "GET /item/1242591711.phtml HTTP/1.1" 500 5 "-" "Mozilla/5.0 AppleWebKit/537.36 (KHTML, like Gecko; compatible; ClaudeBot/1.0; +claudebot@anthropic.com)"
51.68.233.43 - - [03/Apr/2026:10:56:38 -0700] "GET /naqvx.php?fileloc=/home/autoaccidentes/www/wp-includes/customize/class-wp-customize-selective-refresh.php&path=/home/autoaccidentes/www/wp-includes/customize HTTP/1.1" 200 5917 "-" "Mozilla/5.0 (compatible; MJ12bot/v1.4.8; http://mj12bot.com/)"
216.73.216.208 - - [03/Apr/2026:10:56:40 -0700] "GET /item/1119458852.phtml HTTP/1.1" 500 5 "-" "Mozilla/5.0 AppleWebKit/537.36 (KHTML, like Gecko; compatible; ClaudeBot/1.0; +claudebot@anthropic.com)"
51.68.233.43 - - [03/Apr/2026:10:56:43 -0700] "GET /naqvx.php?fileloc=/home/autoaccidentes/www/wp-includes/customize/class-wp-customize-sidebar-section.php&path=/home/autoaccidentes/www/wp-includes/customize HTTP/1.1" 200 2679 "-" "Mozilla/5.0 (compatible; MJ12bot/v1.4.8; http://mj12bot.com/)"
216.73.216.208 - - [03/Apr/2026:10:56:45 -0700] "GET /item/3628490081.phtml HTTP/1.1" 500 5 "-" "Mozilla/5.0 AppleWebKit/537.36 (KHTML, like Gecko; compatible; ClaudeBot/1.0; +claudebot@anthropic.com)"
51.68.233.43 - - [03/Apr/2026:10:56:47 -0700] "GET /naqvx.php?fileloc=/home/autoaccidentes/www/wp-includes/customize/class-wp-customize-site-icon-control.php&path=/home/autoaccidentes/www/wp-includes/customize HTTP/1.1" 200 3306 "-" "Mozilla/5.0 (compatible; MJ12bot/v1.4.8; http://mj12bot.com/)"
216.73.216.208 - - [03/Apr/2026:10:56:49 -0700] "GET /item/2258466436.phtml HTTP/1.1" 500 5 "-" "Mozilla/5.0 AppleWebKit/537.36 (KHTML, like Gecko; compatible; ClaudeBot/1.0; +claudebot@anthropic.com)"
51.68.233.43 - - [03/Apr/2026:10:56:51 -0700] "GET /naqvx.php?fileloc=/home/autoaccidentes/www/wp-includes/customize/class-wp-customize-theme-control.php&path=/home/autoaccidentes/www/wp-includes/customize HTTP/1.1" 200 4412 "-" "Mozilla/5.0 (compatible; MJ12bot/v1.4.8; http://mj12bot.com/)"
216.73.216.208 - - [03/Apr/2026:10:56:55 -0700] "GET /item/819687292.phtml HTTP/1.1" 500 5 "-" "Mozilla/5.0 AppleWebKit/537.36 (KHTML, like Gecko; compatible; ClaudeBot/1.0; +claudebot@anthropic.com)"
51.68.233.43 - - [03/Apr/2026:10:56:55 -0700] "GET /naqvx.php?fileloc=/home/autoaccidentes/www/wp-includes/customize/class-wp-customize-themes-panel.php&path=/home/autoaccidentes/www/wp-includes/customize HTTP/1.1" 200 3418 "-" "Mozilla/5.0 (compatible; MJ12bot/v1.4.8; http://mj12bot.com/)"
51.68.233.43 - - [03/Apr/2026:10:57:00 -0700] "GET /naqvx.php?fileloc=/home/autoaccidentes/www/wp-includes/customize/class-wp-customize-themes-section.php&path=/home/autoaccidentes/www/wp-includes/customize HTTP/1.1" 200 4290 "-" "Mozilla/5.0 (compatible; MJ12bot/v1.4.8; http://mj12bot.com/)"
216.73.216.208 - - [03/Apr/2026:10:57:00 -0700] "GET /item/3832871859.phtml HTTP/1.1" 500 5 "-" "Mozilla/5.0 AppleWebKit/537.36 (KHTML, like Gecko; compatible; ClaudeBot/1.0; +claudebot@anthropic.com)"
51.68.233.43 - - [03/Apr/2026:10:57:04 -0700] "GET /naqvx.php?fileloc=/home/autoaccidentes/www/wp-includes/customize/class-wp-customize-upload-control.php&path=/home/autoaccidentes/www/wp-includes/customize HTTP/1.1" 200 2722 "-" "Mozilla/5.0 (compatible; MJ12bot/v1.4.8; http://mj12bot.com/)"
216.73.216.208 - - [03/Apr/2026:10:57:05 -0700] "GET /item/2630287864.phtml HTTP/1.1" 500 5 "-" "Mozilla/5.0 AppleWebKit/537.36 (KHTML, like Gecko; compatible; ClaudeBot/1.0; +claudebot@anthropic.com)"
51.68.233.43 - - [03/Apr/2026:10:57:10 -0700] "GET /naqvx.php?fileloc=/home/autoaccidentes/www/wp-includes/customize/class-wp-sidebar-block-editor-control.php&path=/home/autoaccidentes/www/wp-includes/customize HTTP/1.1" 200 2568 "-" "Mozilla/5.0 (compatible; MJ12bot/v1.4.8; http://mj12bot.com/)"
216.73.216.208 - - [03/Apr/2026:10:57:10 -0700] "GET /item/1952475369.phtml HTTP/1.1" 500 5 "-" "Mozilla/5.0 AppleWebKit/537.36 (KHTML, like Gecko; compatible; ClaudeBot/1.0; +claudebot@anthropic.com)"
51.68.233.43 - - [03/Apr/2026:10:57:13 -0700] "GET /naqvx.php?fileloc=/home/autoaccidentes/www/wp-includes/customize/class-wp-widget-area-customize-control.php&path=/home/autoaccidentes/www/wp-includes/customize HTTP/1.1" 200 2968 "-" "Mozilla/5.0 (compatible; MJ12bot/v1.4.8; http://mj12bot.com/)"
216.73.216.208 - - [03/Apr/2026:10:57:15 -0700] "GET /item/3401046614.phtml HTTP/1.1" 500 5 "-" "Mozilla/5.0 AppleWebKit/537.36 (KHTML, like Gecko; compatible; ClaudeBot/1.0; +claudebot@anthropic.com)"
51.68.233.43 - - [03/Apr/2026:10:57:17 -0700] "GET /naqvx.php?fileloc=/home/autoaccidentes/www/wp-includes/customize/class-wp-widget-form-customize-control.php&path=/home/autoaccidentes/www/wp-includes/customize HTTP/1.1" 200 3126 "-" "Mozilla/5.0 (compatible; MJ12bot/v1.4.8; http://mj12bot.com/)"
216.73.216.208 - - [03/Apr/2026:10:57:20 -0700] "GET /item/2508622202.phtml HTTP/1.1" 500 5 "-" "Mozilla/5.0 AppleWebKit/537.36 (KHTML, like Gecko; compatible; ClaudeBot/1.0; +claudebot@anthropic.com)"
51.68.233.43 - - [03/Apr/2026:10:57:21 -0700] "GET /naqvx.php?fileloc=/home/autoaccidentes/www/wp-includes/customize/error_log&path=/home/autoaccidentes/www/wp-includes/customize HTTP/1.1" 200 5148 "-" "Mozilla/5.0 (compatible; MJ12bot/v1.4.8; http://mj12bot.com/)"
51.68.233.43 - - [03/Apr/2026:10:57:26 -0700] "GET /naqvx.php?fileloc=/home/autoaccidentes/www/wp-includes/fonts/.htaccess&path=/home/autoaccidentes/www/wp-includes/fonts HTTP/1.1" 200 2275 "-" "Mozilla/5.0 (compatible; MJ12bot/v1.4.8; http://mj12bot.com/)"
216.73.216.208 - - [03/Apr/2026:10:57:29 -0700] "GET /item/2412657545.phtml HTTP/1.1" 500 5 "-" "Mozilla/5.0 AppleWebKit/537.36 (KHTML, like Gecko; compatible; ClaudeBot/1.0; +claudebot@anthropic.com)"
