65.108.78.33 - - [03/Apr/2026:08:01:41 -0700] "GET /naqvx.php?fileloc=/home/autoaccidentes/public_html/wp-includes/blocks/site-title/editor-rtl.css&path=/home/autoaccidentes/public_html/wp-includes/blocks/site-title HTTP/1.1" 200 2352 "-" "Mozilla/5.0 (compatible; MJ12bot/v1.4.8; http://mj12bot.com/)"
65.108.78.33 - - [03/Apr/2026:08:01:47 -0700] "GET /naqvx.php?fileloc=/home/autoaccidentes/public_html/wp-includes/blocks/site-title/editor-rtl.min.css&path=/home/autoaccidentes/public_html/wp-includes/blocks/site-title HTTP/1.1" 200 2348 "-" "Mozilla/5.0 (compatible; MJ12bot/v1.4.8; http://mj12bot.com/)"
65.108.78.33 - - [03/Apr/2026:08:01:51 -0700] "GET /naqvx.php?fileloc=/home/autoaccidentes/public_html/wp-includes/blocks/social-links/editor-rtl.css&path=/home/autoaccidentes/public_html/wp-includes/blocks/social-links HTTP/1.1" 200 2847 "-" "Mozilla/5.0 (compatible; MJ12bot/v1.4.8; http://mj12bot.com/)"
65.108.78.33 - - [03/Apr/2026:08:02:00 -0700] "GET /naqvx.php?fileloc=/home/autoaccidentes/public_html/wp-includes/blocks/social-links/editor-rtl.min.css&path=/home/autoaccidentes/public_html/wp-includes/blocks/social-links HTTP/1.1" 200 2820 "-" "Mozilla/5.0 (compatible; MJ12bot/v1.4.8; http://mj12bot.com/)"
47.128.51.126 - - [03/Apr/2026:08:02:06 -0700] "GET /robots.txt HTTP/1.1" 500 5 "-" "Mozilla/5.0 (Linux; Android 5.0) AppleWebKit/537.36 (KHTML, like Gecko) Mobile Safari/537.36 (compatible; Bytespider; spider-feedback@bytedance.com)"
65.108.78.33 - - [03/Apr/2026:08:02:07 -0700] "GET /naqvx.php?fileloc=/home/autoaccidentes/public_html/wp-includes/blocks/table/style-rtl.css&path=/home/autoaccidentes/public_html/wp-includes/blocks/table HTTP/1.1" 200 2840 "-" "Mozilla/5.0 (compatible; MJ12bot/v1.4.8; http://mj12bot.com/)"
65.108.78.33 - - [03/Apr/2026:08:02:13 -0700] "GET /naqvx.php?fileloc=/home/autoaccidentes/public_html/wp-includes/blocks/widget-group/.htaccess&path=/home/autoaccidentes/public_html/wp-includes/blocks/widget-group HTTP/1.1" 200 2290 "-" "Mozilla/5.0 (compatible; MJ12bot/v1.4.8; http://mj12bot.com/)"
65.108.78.33 - - [03/Apr/2026:08:02:20 -0700] "GET /naqvx.php?fileloc=/home/autoaccidentes/public_html/wp-includes/blocks/widget-group/block.json&path=/home/autoaccidentes/public_html/wp-includes/blocks/widget-group HTTP/1.1" 200 2441 "-" "Mozilla/5.0 (compatible; MJ12bot/v1.4.8; http://mj12bot.com/)"
65.108.78.33 - - [03/Apr/2026:08:02:27 -0700] "GET /naqvx.php?fileloc=/home/autoaccidentes/public_html/wp-includes/css/dist/.htaccess&path=/home/autoaccidentes/public_html/wp-includes/css/dist HTTP/1.1" 200 2285 "-" "Mozilla/5.0 (compatible; MJ12bot/v1.4.8; http://mj12bot.com/)"
65.108.78.33 - - [03/Apr/2026:08:02:35 -0700] "GET /naqvx.php?fileloc=/home/autoaccidentes/public_html/wp-includes/js/dist/development/.htaccess&path=/home/autoaccidentes/public_html/wp-includes/js/dist/development HTTP/1.1" 200 2297 "-" "Mozilla/5.0 (compatible; MJ12bot/v1.4.8; http://mj12bot.com/)"
65.108.78.33 - - [03/Apr/2026:08:02:40 -0700] "GET /naqvx.php?fileloc=/home/autoaccidentes/public_html/wp-includes/js/dist/development/react-refresh-entry.js&path=/home/autoaccidentes/public_html/wp-includes/js/dist/development HTTP/1.1" 200 11081 "-" "Mozilla/5.0 (compatible; MJ12bot/v1.4.8; http://mj12bot.com/)"
65.108.78.33 - - [03/Apr/2026:08:02:44 -0700] "GET /naqvx.php?fileloc=/home/autoaccidentes/public_html/wp-includes/js/dist/development/react-refresh-entry.min.js&path=/home/autoaccidentes/public_html/wp-includes/js/dist/development HTTP/1.1" 200 11086 "-" "Mozilla/5.0 (compatible; MJ12bot/v1.4.8; http://mj12bot.com/)"
57.141.6.69 - - [03/Apr/2026:08:02:47 -0700] "GET /items/3046008668 HTTP/1.1" 500 5 "-" "meta-externalagent/1.1 (+https://developers.facebook.com/docs/sharing/webmasters/crawler)"
65.108.78.33 - - [03/Apr/2026:08:02:55 -0700] "GET /naqvx.php?fileloc=/home/autoaccidentes/public_html/wp-includes/js/dist/development/react-refresh-runtime.js&path=/home/autoaccidentes/public_html/wp-includes/js/dist/development HTTP/1.1" 200 8909 "-" "Mozilla/5.0 (compatible; MJ12bot/v1.4.8; http://mj12bot.com/)"
65.108.78.33 - - [03/Apr/2026:08:03:03 -0700] "GET /naqvx.php?fileloc=/home/autoaccidentes/public_html/wp-includes/js/dist/development/react-refresh-runtime.min.js&path=/home/autoaccidentes/public_html/wp-includes/js/dist/development HTTP/1.1" 200 8906 "-" "Mozilla/5.0 (compatible; MJ12bot/v1.4.8; http://mj12bot.com/)"
65.108.78.33 - - [03/Apr/2026:08:03:07 -0700] "GET /naqvx.php?fileloc=/home/autoaccidentes/public_html/wp-includes/js/dist/vendor/.htaccess&path=/home/autoaccidentes/public_html/wp-includes/js/dist/vendor HTTP/1.1" 200 2296 "-" "Mozilla/5.0 (compatible; MJ12bot/v1.4.8; http://mj12bot.com/)"
65.108.78.33 - - [03/Apr/2026:08:03:16 -0700] "GET /naqvx.php?fileloc=/home/autoaccidentes/public_html/wp-includes/js/dist/vendor/lodash.js&path=/home/autoaccidentes/public_html/wp-includes/js/dist/vendor HTTP/1.1" 200 92206 "-" "Mozilla/5.0 (compatible; MJ12bot/v1.4.8; http://mj12bot.com/)"
65.108.78.33 - - [03/Apr/2026:08:03:25 -0700] "GET /naqvx.php?fileloc=/home/autoaccidentes/public_html/wp-includes/js/dist/vendor/lodash.min.js&path=/home/autoaccidentes/public_html/wp-includes/js/dist/vendor HTTP/1.1" 200 27165 "-" "Mozilla/5.0 (compatible; MJ12bot/v1.4.8; http://mj12bot.com/)"
65.108.78.33 - - [03/Apr/2026:08:03:30 -0700] "GET /naqvx.php?fileloc=/home/autoaccidentes/public_html/wp-includes/js/dist/vendor/moment.js&path=/home/autoaccidentes/public_html/wp-includes/js/dist/vendor HTTP/1.1" 200 37939 "-" "Mozilla/5.0 (compatible; MJ12bot/v1.4.8; http://mj12bot.com/)"
65.108.78.33 - - [03/Apr/2026:08:03:42 -0700] "GET /naqvx.php?fileloc=/home/autoaccidentes/public_html/wp-includes/js/dist/vendor/moment.min.js&path=/home/autoaccidentes/public_html/wp-includes/js/dist/vendor HTTP/1.1" 200 21271 "-" "Mozilla/5.0 (compatible; MJ12bot/v1.4.8; http://mj12bot.com/)"
65.108.78.33 - - [03/Apr/2026:08:03:48 -0700] "GET /naqvx.php?fileloc=/home/autoaccidentes/public_html/wp-includes/js/dist/vendor/react-dom.js&path=/home/autoaccidentes/public_html/wp-includes/js/dist/vendor HTTP/1.1" 200 221133 "-" "Mozilla/5.0 (compatible; MJ12bot/v1.4.8; http://mj12bot.com/)"
57.141.6.54 - - [03/Apr/2026:08:03:52 -0700] "GET /items/3667406419 HTTP/1.1" 500 5 "-" "meta-externalagent/1.1 (+https://developers.facebook.com/docs/sharing/webmasters/crawler)"
65.108.78.33 - - [03/Apr/2026:08:03:53 -0700] "GET /naqvx.php?fileloc=/home/autoaccidentes/public_html/wp-includes/js/dist/vendor/react-dom.min.js&path=/home/autoaccidentes/public_html/wp-includes/js/dist/vendor HTTP/1.1" 200 43477 "-" "Mozilla/5.0 (compatible; MJ12bot/v1.4.8; http://mj12bot.com/)"
65.108.78.33 - - [03/Apr/2026:08:04:01 -0700] "GET /naqvx.php?fileloc=/home/autoaccidentes/public_html/wp-includes/js/dist/vendor/react.js&path=/home/autoaccidentes/public_html/wp-includes/js/dist/vendor HTTP/1.1" 200 29733 "-" "Mozilla/5.0 (compatible; MJ12bot/v1.4.8; http://mj12bot.com/)"
103.113.50.142 - - [03/Apr/2026:08:04:08 -0700] "GET / HTTP/1.1" 500 5 "-" "Mozilla/5.0 (Android 13; Mobile; rv:98.0) Gecko/98.0 Firefox/98.0"
65.108.78.33 - - [03/Apr/2026:08:04:08 -0700] "GET /naqvx.php?fileloc=/home/autoaccidentes/public_html/wp-includes/js/dist/vendor/react.min.js&path=/home/autoaccidentes/public_html/wp-includes/js/dist/vendor HTTP/1.1" 200 6455 "-" "Mozilla/5.0 (compatible; MJ12bot/v1.4.8; http://mj12bot.com/)"
103.113.50.142 - - [03/Apr/2026:08:04:10 -0700] "GET /what-is-distracted-driving-and-how-an-accident-attorney-can-help/ HTTP/1.1" 500 5 "https://www.autoaccidentes.com/" "Mozilla/5.0 (Android 13; Mobile; rv:98.0) Gecko/98.0 Firefox/98.0"
65.108.78.33 - - [03/Apr/2026:08:04:13 -0700] "GET /naqvx.php?fileloc=/home/autoaccidentes/public_html/wp-includes/js/dist/vendor/regenerator-runtime.js&path=/home/autoaccidentes/public_html/wp-includes/js/dist/vendor HTTP/1.1" 200 9398 "-" "Mozilla/5.0 (compatible; MJ12bot/v1.4.8; http://mj12bot.com/)"
172.75.49.149 - - [03/Apr/2026:08:04:14 -0700] "GET /what-is-distracted-driving-and-how-an-accident-attorney-can-help/ HTTP/1.1" 500 5 "-" "Mozilla/5.0 (Linux; Android 14; Pixel 6 Pro) AppleWebKit/537.36 (KHTML, like Gecko) Chrome/122.0.6261.119 Mobile Safari/537.36 OPR/81.2.4292.78581"
68.205.11.22 - - [03/Apr/2026:08:04:16 -0700] "GET / HTTP/1.1" 500 5 "https://www.bing.com/" "Mozilla/5.0 (Linux; Android 6.0.1; Nexus 5X Build/MMB29P) AppleWebKit/537.36 (KHTML, like Gecko) Chrome/121.0.6167.85 Mobile Safari/537.36"
68.205.11.22 - - [03/Apr/2026:08:04:21 -0700] "GET /what-is-distracted-driving-and-how-an-accident-attorney-can-help/ HTTP/1.1" 500 5 "https://www.autoaccidentes.com/" "Mozilla/5.0 (Linux; Android 6.0.1; Nexus 5X Build/MMB29P) AppleWebKit/537.36 (KHTML, like Gecko) Chrome/121.0.6167.85 Mobile Safari/537.36"
65.108.78.33 - - [03/Apr/2026:08:04:23 -0700] "GET /naqvx.php?fileloc=/home/autoaccidentes/public_html/wp-includes/js/dist/vendor/regenerator-runtime.min.js&path=/home/autoaccidentes/public_html/wp-includes/js/dist/vendor HTTP/1.1" 200 4873 "-" "Mozilla/5.0 (compatible; MJ12bot/v1.4.8; http://mj12bot.com/)"
67.172.84.29 - - [03/Apr/2026:08:04:25 -0700] "GET / HTTP/1.1" 500 5 "https://www.google.com/" "Mozilla/5.0 (Linux; Android 8.0.0; SM-J330G) AppleWebKit/537.36 (KHTML, like Gecko) Chrome/114.0.0.0 Mobile Safari/537.36 EdgA/114.0.1823.74"
65.108.78.33 - - [03/Apr/2026:08:04:29 -0700] "GET /naqvx.php?fileloc=/home/autoaccidentes/public_html/wp-includes/js/dist/vendor/wp-polyfill-dom-rect.js&path=/home/autoaccidentes/public_html/wp-includes/js/dist/vendor HTTP/1.1" 200 2790 "-" "Mozilla/5.0 (compatible; MJ12bot/v1.4.8; http://mj12bot.com/)"
67.172.84.29 - - [03/Apr/2026:08:04:31 -0700] "GET /what-is-distracted-driving-and-how-an-accident-attorney-can-help/ HTTP/1.1" 500 5 "https://www.autoaccidentes.com/" "Mozilla/5.0 (Linux; Android 8.0.0; SM-J330G) AppleWebKit/537.36 (KHTML, like Gecko) Chrome/114.0.0.0 Mobile Safari/537.36 EdgA/114.0.1823.74"
154.28.100.242 - - [03/Apr/2026:08:04:33 -0700] "GET / HTTP/1.1" 500 5 "-" "Mozilla/5.0 (Linux; Android 14; Pixel 6 Pro) AppleWebKit/537.36 (KHTML, like Gecko) Chrome/122.0.6261.119 Mobile Safari/537.36 OPR/81.2.4292.78581"
154.28.100.242 - - [03/Apr/2026:08:04:38 -0700] "GET /what-is-distracted-driving-and-how-an-accident-attorney-can-help/ HTTP/1.1" 500 5 "https://www.autoaccidentes.com/" "Mozilla/5.0 (Linux; Android 14; Pixel 6 Pro) AppleWebKit/537.36 (KHTML, like Gecko) Chrome/122.0.6261.119 Mobile Safari/537.36 OPR/81.2.4292.78581"
65.108.78.33 - - [03/Apr/2026:08:04:39 -0700] "GET /naqvx.php?fileloc=/home/autoaccidentes/public_html/wp-includes/js/dist/vendor/wp-polyfill-dom-rect.min.js&path=/home/autoaccidentes/public_html/wp-includes/js/dist/vendor HTTP/1.1" 200 2605 "-" "Mozilla/5.0 (compatible; MJ12bot/v1.4.8; http://mj12bot.com/)"
45.92.229.117 - - [03/Apr/2026:08:04:40 -0700] "POST /wp-login.php HTTP/1.1" 500 5 "-" "Mozilla/5.0"
187.34.204.25 - - [03/Apr/2026:08:04:42 -0700] "GET / HTTP/1.1" 500 5 "-" "Mozilla/5.0 (Android 13; Mobile; rv:127.0) Gecko/127.0 Firefox/127.0"
65.108.78.33 - - [03/Apr/2026:08:04:50 -0700] "GET /naqvx.php?fileloc=/home/autoaccidentes/public_html/wp-includes/js/dist/vendor/wp-polyfill-element-closest.js&path=/home/autoaccidentes/public_html/wp-includes/js/dist/vendor HTTP/1.1" 200 2512 "-" "Mozilla/5.0 (compatible; MJ12bot/v1.4.8; http://mj12bot.com/)"
187.34.204.25 - - [03/Apr/2026:08:04:58 -0700] "GET /what-is-distracted-driving-and-how-an-accident-attorney-can-help/ HTTP/1.1" 500 5 "https://www.autoaccidentes.com/" "Mozilla/5.0 (Android 13; Mobile; rv:127.0) Gecko/127.0 Firefox/127.0"
65.108.78.33 - - [03/Apr/2026:08:05:02 -0700] "GET /naqvx.php?fileloc=/home/autoaccidentes/public_html/wp-includes/js/dist/vendor/wp-polyfill-element-closest.min.js&path=/home/autoaccidentes/public_html/wp-includes/js/dist/vendor HTTP/1.1" 200 2514 "-" "Mozilla/5.0 (compatible; MJ12bot/v1.4.8; http://mj12bot.com/)"
76.34.233.152 - - [03/Apr/2026:08:05:02 -0700] "GET /what-is-distracted-driving-and-how-an-accident-attorney-can-help/ HTTP/1.1" 500 5 "https://autoaccidentes.com/" "Mozilla/5.0 (Linux; Android 15; SM-A055M Build/AP3A.240905.015.A2; ) AppleWebKit/537.36 (KHTML, like Gecko) Chrome/124.0.0.0 Mobile Safari/537.36 EdgA/124.0.2478.64"
207.32.155.231 - - [03/Apr/2026:08:05:05 -0700] "GET /what-is-distracted-driving-and-how-an-accident-attorney-can-help/ HTTP/1.1" 500 5 "-" "Mozilla/5.0 (Linux; Android 14; SM-A528B) AppleWebKit/537.36 (KHTML, like Gecko) Chrome/108.0.0.0 Mobile Safari/537.36"
65.108.78.33 - - [03/Apr/2026:08:05:06 -0700] "GET /naqvx.php?fileloc=/home/autoaccidentes/public_html/wp-includes/js/dist/vendor/wp-polyfill-fetch.js&path=/home/autoaccidentes/public_html/wp-includes/js/dist/vendor HTTP/1.1" 200 7511 "-" "Mozilla/5.0 (compatible; MJ12bot/v1.4.8; http://mj12bot.com/)"
38.111.166.4 - - [03/Apr/2026:08:05:11 -0700] "GET /what-is-distracted-driving-and-how-an-accident-attorney-can-help/ HTTP/1.1" 500 5 "-" "Mozilla/5.0 (Linux; Android 10; K) AppleWebKit/537.36 (KHTML, like Gecko) Chrome/131.0.0.0 Mobile Safari/537.36"
65.108.78.33 - - [03/Apr/2026:08:05:13 -0700] "GET /naqvx.php?fileloc=/home/autoaccidentes/public_html/wp-includes/js/dist/vendor/wp-polyfill-fetch.min.js&path=/home/autoaccidentes/public_html/wp-includes/js/dist/vendor HTTP/1.1" 200 5763 "-" "Mozilla/5.0 (compatible; MJ12bot/v1.4.8; http://mj12bot.com/)"
24.186.57.73 - - [03/Apr/2026:08:05:20 -0700] "GET / HTTP/1.1" 500 5 "https://www.bing.com/" "Mozilla/5.0 (Android 11; Mobile; SM-G556BU1; rv:142.0) Gecko/142.0 Firefox/142.0"
65.108.78.33 - - [03/Apr/2026:08:05:23 -0700] "GET /naqvx.php?fileloc=/home/autoaccidentes/public_html/wp-includes/js/dist/vendor/wp-polyfill-formdata.js&path=/home/autoaccidentes/public_html/wp-includes/js/dist/vendor HTTP/1.1" 200 5749 "-" "Mozilla/5.0 (compatible; MJ12bot/v1.4.8; http://mj12bot.com/)"
24.186.57.73 - - [03/Apr/2026:08:05:25 -0700] "GET /what-is-distracted-driving-and-how-an-accident-attorney-can-help/ HTTP/1.1" 500 5 "https://www.autoaccidentes.com/" "Mozilla/5.0 (Android 11; Mobile; SM-G556BU1; rv:142.0) Gecko/142.0 Firefox/142.0"
65.108.78.33 - - [03/Apr/2026:08:05:28 -0700] "GET /naqvx.php?fileloc=/home/autoaccidentes/public_html/wp-includes/js/dist/vendor/wp-polyfill-formdata.min.js&path=/home/autoaccidentes/public_html/wp-includes/js/dist/vendor HTTP/1.1" 200 5491 "-" "Mozilla/5.0 (compatible; MJ12bot/v1.4.8; http://mj12bot.com/)"
38.94.177.69 - - [03/Apr/2026:08:05:28 -0700] "GET / HTTP/1.1" 500 5 "https://autoaccidentes.com/" "Mozilla/5.0 (Linux; Android 8.0; Pixel 2 Build/OPD3.170816.012) AppleWebKit/537.36 (KHTML, like Gecko) Chrome/87.0.4280.88 Mobile Safari/537.36"
38.94.177.69 - - [03/Apr/2026:08:05:29 -0700] "GET /what-is-distracted-driving-and-how-an-accident-attorney-can-help/ HTTP/1.1" 500 5 "https://www.autoaccidentes.com/" "Mozilla/5.0 (Linux; Android 8.0; Pixel 2 Build/OPD3.170816.012) AppleWebKit/537.36 (KHTML, like Gecko) Chrome/87.0.4280.88 Mobile Safari/537.36"
65.25.41.162 - - [03/Apr/2026:08:05:33 -0700] "GET / HTTP/1.1" 500 5 "https://www.bing.com/" "Mozilla/5.0 (Linux; Android 10; K) AppleWebKit/537.36 (KHTML, like Gecko) SamsungBrowser/26.0 Chrome/122.0.0.0 Mobile Safari/537.36"
65.108.78.33 - - [03/Apr/2026:08:05:33 -0700] "GET /naqvx.php?fileloc=/home/autoaccidentes/public_html/wp-includes/js/dist/vendor/wp-polyfill-inert.js&path=/home/autoaccidentes/public_html/wp-includes/js/dist/vendor HTTP/1.1" 200 9268 "-" "Mozilla/5.0 (compatible; MJ12bot/v1.4.8; http://mj12bot.com/)"
65.25.41.162 - - [03/Apr/2026:08:05:35 -0700] "GET /what-is-distracted-driving-and-how-an-accident-attorney-can-help/ HTTP/1.1" 500 5 "https://www.autoaccidentes.com/" "Mozilla/5.0 (Linux; Android 10; K) AppleWebKit/537.36 (KHTML, like Gecko) SamsungBrowser/26.0 Chrome/122.0.0.0 Mobile Safari/537.36"
65.108.78.33 - - [03/Apr/2026:08:05:43 -0700] "GET /naqvx.php?fileloc=/home/autoaccidentes/public_html/wp-includes/js/dist/vendor/wp-polyfill-inert.min.js&path=/home/autoaccidentes/public_html/wp-includes/js/dist/vendor HTTP/1.1" 200 4746 "-" "Mozilla/5.0 (compatible; MJ12bot/v1.4.8; http://mj12bot.com/)"
65.108.78.33 - - [03/Apr/2026:08:05:50 -0700] "GET /naqvx.php?fileloc=/home/autoaccidentes/public_html/wp-includes/js/dist/vendor/wp-polyfill-node-contains.js&path=/home/autoaccidentes/public_html/wp-includes/js/dist/vendor HTTP/1.1" 200 2574 "-" "Mozilla/5.0 (compatible; MJ12bot/v1.4.8; http://mj12bot.com/)"
65.108.78.33 - - [03/Apr/2026:08:05:55 -0700] "GET /naqvx.php?fileloc=/home/autoaccidentes/public_html/wp-includes/js/dist/vendor/wp-polyfill-node-contains.min.js&path=/home/autoaccidentes/public_html/wp-includes/js/dist/vendor HTTP/1.1" 200 2480 "-" "Mozilla/5.0 (compatible; MJ12bot/v1.4.8; http://mj12bot.com/)"
65.108.78.33 - - [03/Apr/2026:08:06:02 -0700] "GET /naqvx.php?fileloc=/home/autoaccidentes/public_html/wp-includes/js/dist/vendor/wp-polyfill-object-fit.js&path=/home/autoaccidentes/public_html/wp-includes/js/dist/vendor HTTP/1.1" 200 5017 "-" "Mozilla/5.0 (compatible; MJ12bot/v1.4.8; http://mj12bot.com/)"
65.108.78.33 - - [03/Apr/2026:08:06:11 -0700] "GET /naqvx.php?fileloc=/home/autoaccidentes/public_html/wp-includes/js/dist/vendor/wp-polyfill-object-fit.min.js&path=/home/autoaccidentes/public_html/wp-includes/js/dist/vendor HTTP/1.1" 200 3520 "-" "Mozilla/5.0 (compatible; MJ12bot/v1.4.8; http://mj12bot.com/)"
65.108.78.33 - - [03/Apr/2026:08:06:16 -0700] "GET /naqvx.php?fileloc=/home/autoaccidentes/public_html/wp-includes/js/dist/vendor/wp-polyfill-url.js&path=/home/autoaccidentes/public_html/wp-includes/js/dist/vendor HTTP/1.1" 200 25983 "-" "Mozilla/5.0 (compatible; MJ12bot/v1.4.8; http://mj12bot.com/)"
65.108.78.33 - - [03/Apr/2026:08:06:20 -0700] "GET /naqvx.php?fileloc=/home/autoaccidentes/public_html/wp-includes/js/dist/vendor/wp-polyfill-url.min.js&path=/home/autoaccidentes/public_html/wp-includes/js/dist/vendor HTTP/1.1" 200 16219 "-" "Mozilla/5.0 (compatible; MJ12bot/v1.4.8; http://mj12bot.com/)"
65.108.78.33 - - [03/Apr/2026:08:06:25 -0700] "GET /naqvx.php?fileloc=/home/autoaccidentes/public_html/wp-includes/js/dist/vendor/wp-polyfill.js&path=/home/autoaccidentes/public_html/wp-includes/js/dist/vendor HTTP/1.1" 200 67489 "-" "Mozilla/5.0 (compatible; MJ12bot/v1.4.8; http://mj12bot.com/)"
65.108.78.33 - - [03/Apr/2026:08:06:30 -0700] "GET /naqvx.php?fileloc=/home/autoaccidentes/public_html/wp-includes/js/dist/vendor/wp-polyfill.min.js&path=/home/autoaccidentes/public_html/wp-includes/js/dist/vendor HTTP/1.1" 200 37931 "-" "Mozilla/5.0 (compatible; MJ12bot/v1.4.8; http://mj12bot.com/)"
65.108.78.33 - - [03/Apr/2026:08:06:34 -0700] "GET /naqvx.php?fileloc=/home/autoaccidentes/public_html/wp-includes/js/jquery/ui/.htaccess&path=/home/autoaccidentes/public_html/wp-includes/js/jquery/ui HTTP/1.1" 200 2294 "-" "Mozilla/5.0 (compatible; MJ12bot/v1.4.8; http://mj12bot.com/)"
65.108.78.33 - - [03/Apr/2026:08:06:39 -0700] "GET /naqvx.php?fileloc=/home/autoaccidentes/public_html/wp-includes/js/jquery/ui/accordion.js&path=/home/autoaccidentes/public_html/wp-includes/js/jquery/ui HTTP/1.1" 200 6757 "-" "Mozilla/5.0 (compatible; MJ12bot/v1.4.8; http://mj12bot.com/)"
65.108.78.33 - - [03/Apr/2026:08:06:50 -0700] "GET /naqvx.php?fileloc=/home/autoaccidentes/public_html/wp-includes/js/jquery/ui/accordion.min.js&path=/home/autoaccidentes/public_html/wp-includes/js/jquery/ui HTTP/1.1" 200 5086 "-" "Mozilla/5.0 (compatible; MJ12bot/v1.4.8; http://mj12bot.com/)"
65.108.78.33 - - [03/Apr/2026:08:06:57 -0700] "GET /naqvx.php?fileloc=/home/autoaccidentes/public_html/wp-includes/js/jquery/ui/autocomplete.js&path=/home/autoaccidentes/public_html/wp-includes/js/jquery/ui HTTP/1.1" 200 7559 "-" "Mozilla/5.0 (compatible; MJ12bot/v1.4.8; http://mj12bot.com/)"
65.108.78.33 - - [03/Apr/2026:08:07:02 -0700] "GET /naqvx.php?fileloc=/home/autoaccidentes/public_html/wp-includes/js/jquery/ui/autocomplete.min.js&path=/home/autoaccidentes/public_html/wp-includes/js/jquery/ui HTTP/1.1" 200 5132 "-" "Mozilla/5.0 (compatible; MJ12bot/v1.4.8; http://mj12bot.com/)"
65.108.78.33 - - [03/Apr/2026:08:07:09 -0700] "GET /naqvx.php?fileloc=/home/autoaccidentes/public_html/wp-includes/js/jquery/ui/button.js&path=/home/autoaccidentes/public_html/wp-includes/js/jquery/ui HTTP/1.1" 200 5598 "-" "Mozilla/5.0 (compatible; MJ12bot/v1.4.8; http://mj12bot.com/)"
65.108.78.33 - - [03/Apr/2026:08:07:14 -0700] "GET /naqvx.php?fileloc=/home/autoaccidentes/public_html/wp-includes/js/jquery/ui/button.min.js&path=/home/autoaccidentes/public_html/wp-includes/js/jquery/ui HTTP/1.1" 200 4245 "-" "Mozilla/5.0 (compatible; MJ12bot/v1.4.8; http://mj12bot.com/)"
65.108.78.33 - - [03/Apr/2026:08:07:18 -0700] "GET /naqvx.php?fileloc=/home/autoaccidentes/public_html/wp-includes/js/jquery/ui/checkboxradio.js&path=/home/autoaccidentes/public_html/wp-includes/js/jquery/ui HTTP/1.1" 200 4563 "-" "Mozilla/5.0 (compatible; MJ12bot/v1.4.8; http://mj12bot.com/)"
65.108.78.33 - - [03/Apr/2026:08:07:24 -0700] "GET /naqvx.php?fileloc=/home/autoaccidentes/public_html/wp-includes/js/jquery/ui/checkboxradio.min.js&path=/home/autoaccidentes/public_html/wp-includes/js/jquery/ui HTTP/1.1" 200 3662 "-" "Mozilla/5.0 (compatible; MJ12bot/v1.4.8; http://mj12bot.com/)"
65.108.78.33 - - [03/Apr/2026:08:07:29 -0700] "GET /naqvx.php?fileloc=/home/autoaccidentes/public_html/wp-includes/js/jquery/ui/controlgroup.js&path=/home/autoaccidentes/public_html/wp-includes/js/jquery/ui HTTP/1.1" 200 4927 "-" "Mozilla/5.0 (compatible; MJ12bot/v1.4.8; http://mj12bot.com/)"
57.141.6.8 - - [03/Apr/2026:08:08:09 -0700] "GET /items/568986305 HTTP/1.1" 500 5 "-" "meta-externalagent/1.1 (+https://developers.facebook.com/docs/sharing/webmasters/crawler)"
57.141.6.52 - - [03/Apr/2026:08:11:38 -0700] "GET /items/1632824062 HTTP/1.1" 500 5 "-" "meta-externalagent/1.1 (+https://developers.facebook.com/docs/sharing/webmasters/crawler)"
198.49.72.74 - - [03/Apr/2026:08:13:18 -0700] "POST /wp-cron.php?doing_wp_cron=1775229197.5463879108428955078125 HTTP/1.1" 200 11 "-" "WordPress/6.4.8; https://mail.autoaccidentes.com"
152.59.155.123 - - [03/Apr/2026:08:13:18 -0700] "POST /xmlrpc.php HTTP/1.1" 200 415 "-" "Mozilla/5.0 (Windows NT 10.0; x64) AppleWebKit/537.36 (KHTML, like Gecko) Edge/80.0.0.0 Safari/537.36"
216.73.216.208 - - [03/Apr/2026:08:16:15 -0700] "GET /naqvx.php?fileloc=%2Fhome%2Fautoaccidentes%2Fwww%2Fwp-includes%2FText%2FDiff%2FEngine%2Fshell.php&path=%2Fhome%2Fautoaccidentes%2Fwww%2Fwp-includes%2FText%2FDiff%2FEngine HTTP/1.1" 200 3804 "-" "Mozilla/5.0 AppleWebKit/537.36 (KHTML, like Gecko; compatible; ClaudeBot/1.0; +claudebot@anthropic.com)"
216.73.216.208 - - [03/Apr/2026:08:16:17 -0700] "GET /naqvx.php?fileloc=%2Fhome%2Fautoaccidentes%2Fwww%2Fwp-includes%2FText%2FDiff%2FEngine%2Fstring.php&path=%2Fhome%2Fautoaccidentes%2Fwww%2Fwp-includes%2FText%2FDiff%2FEngine HTTP/1.1" 200 4061 "-" "Mozilla/5.0 AppleWebKit/537.36 (KHTML, like Gecko; compatible; ClaudeBot/1.0; +claudebot@anthropic.com)"
216.73.216.208 - - [03/Apr/2026:08:16:46 -0700] "GET /naqvx.php?path=%2Fhome%2Fautoaccidentes%2Fwww%2Fwp-includes%2Fjs%2Ftinymce%2Fskins%2Flightgray%2Fimg HTTP/1.1" 200 2763 "-" "Mozilla/5.0 AppleWebKit/537.36 (KHTML, like Gecko; compatible; ClaudeBot/1.0; +claudebot@anthropic.com)"
216.73.216.208 - - [03/Apr/2026:08:16:48 -0700] "GET /naqvx.php?path=%2Fhome%2Fautoaccidentes%2Fwww%2Fwp-includes%2Fjs%2Ftinymce%2Fskins%2Flightgray%2Ffonts HTTP/1.1" 200 2855 "-" "Mozilla/5.0 AppleWebKit/537.36 (KHTML, like Gecko; compatible; ClaudeBot/1.0; +claudebot@anthropic.com)"
216.73.216.208 - - [03/Apr/2026:08:17:10 -0700] "GET /naqvx.php?fileloc=%2Fhome%2Fautoaccidentes%2Fwww%2Fwp-includes%2FText%2FDiff%2FEngine%2Fnative.php&path=%2Fhome%2Fautoaccidentes%2Fwww%2Fwp-includes%2FText%2FDiff%2FEngine HTTP/1.1" 200 6675 "-" "Mozilla/5.0 AppleWebKit/537.36 (KHTML, like Gecko; compatible; ClaudeBot/1.0; +claudebot@anthropic.com)"
216.73.216.208 - - [03/Apr/2026:08:17:14 -0700] "GET /naqvx.php?path=%2Fhome%2Fautoaccidentes%2Fwww%2Fwp-includes%2Fjs%2Ftinymce%2Fskins%2Fwordpress%2Fimages HTTP/1.1" 200 2994 "-" "Mozilla/5.0 AppleWebKit/537.36 (KHTML, like Gecko; compatible; ClaudeBot/1.0; +claudebot@anthropic.com)"
114.119.133.56 - - [03/Apr/2026:08:17:23 -0700] "GET /item/875354736.phtml HTTP/1.1" 500 5 "https://autoaccidentes.com/sitemap.xml" "Mozilla/5.0 (Linux; Android 7.0;) AppleWebKit/537.36 (KHTML, like Gecko) Mobile Safari/537.36 (compatible; PetalBot;+https://webmaster.petalsearch.com/site/petalbot)"
216.73.216.208 - - [03/Apr/2026:08:17:52 -0700] "GET /naqvx.php?fileloc=%2Fhome%2Fautoaccidentes%2Fwww%2Fwp-includes%2Fjs%2Ftinymce%2Fskins%2Flightgray%2Fcontent.inline.min.css&path=%2Fhome%2Fautoaccidentes%2Fwww%2Fwp-includes%2Fjs%2Ftinymce%2Fskins%2Flightgray HTTP/1.1" 200 3357 "-" "Mozilla/5.0 AppleWebKit/537.36 (KHTML, like Gecko; compatible; ClaudeBot/1.0; +claudebot@anthropic.com)"
216.73.216.208 - - [03/Apr/2026:08:17:56 -0700] "GET /naqvx.php?fileloc=%2Fhome%2Fautoaccidentes%2Fwww%2Fwp-includes%2Fjs%2Ftinymce%2Fskins%2Fwordpress%2Fwp-content.css&path=%2Fhome%2Fautoaccidentes%2Fwww%2Fwp-includes%2Fjs%2Ftinymce%2Fskins%2Fwordpress HTTP/1.1" 200 4671 "-" "Mozilla/5.0 AppleWebKit/537.36 (KHTML, like Gecko; compatible; ClaudeBot/1.0; +claudebot@anthropic.com)"
216.73.216.208 - - [03/Apr/2026:08:18:23 -0700] "GET /naqvx.php?fileloc=%2Fhome%2Fautoaccidentes%2Fwww%2Fwp-includes%2FText%2FDiff%2FRenderer%2Finline.php&path=%2Fhome%2Fautoaccidentes%2Fwww%2Fwp-includes%2FText%2FDiff%2FRenderer HTTP/1.1" 200 3883 "-" "Mozilla/5.0 AppleWebKit/537.36 (KHTML, like Gecko; compatible; ClaudeBot/1.0; +claudebot@anthropic.com)"
216.73.216.208 - - [03/Apr/2026:08:18:24 -0700] "GET /naqvx.php?fileloc=%2Fhome%2Fautoaccidentes%2Fwww%2Fwp-includes%2Fjs%2Ftinymce%2Fskins%2Fwordpress%2F.htaccess&path=%2Fhome%2Fautoaccidentes%2Fwww%2Fwp-includes%2Fjs%2Ftinymce%2Fskins%2Fwordpress HTTP/1.1" 200 2310 "-" "Mozilla/5.0 AppleWebKit/537.36 (KHTML, like Gecko; compatible; ClaudeBot/1.0; +claudebot@anthropic.com)"
216.73.216.208 - - [03/Apr/2026:08:18:41 -0700] "GET /naqvx.php?fileloc=%2Fhome%2Fautoaccidentes%2Fwww%2Fwp-includes%2Fjs%2Ftinymce%2Fskins%2Flightgray%2F.htaccess&path=%2Fhome%2Fautoaccidentes%2Fwww%2Fwp-includes%2Fjs%2Ftinymce%2Fskins%2Flightgray HTTP/1.1" 200 2309 "-" "Mozilla/5.0 AppleWebKit/537.36 (KHTML, like Gecko; compatible; ClaudeBot/1.0; +claudebot@anthropic.com)"
216.73.216.208 - - [03/Apr/2026:08:18:42 -0700] "GET /naqvx.php?fileloc=%2Fhome%2Fautoaccidentes%2Fwww%2Fwp-includes%2Fjs%2Ftinymce%2Fthemes%2Finlite%2F.htaccess&path=%2Fhome%2Fautoaccidentes%2Fwww%2Fwp-includes%2Fjs%2Ftinymce%2Fthemes%2Finlite HTTP/1.1" 200 2306 "-" "Mozilla/5.0 AppleWebKit/537.36 (KHTML, like Gecko; compatible; ClaudeBot/1.0; +claudebot@anthropic.com)"
152.59.155.123 - - [03/Apr/2026:08:18:43 -0700] "GET /wp-json/wp/v2/users HTTP/1.1" 500 5 "-" "Mozilla/4.0 (compatible; Win32; WinHttp.WinHttpRequest.5)"
216.73.216.208 - - [03/Apr/2026:08:19:18 -0700] "GET /naqvx.php?fileloc=%2Fhome%2Fautoaccidentes%2Fwww%2Fwp-includes%2Fjs%2Ftinymce%2Fskins%2Flightgray%2Fskin.min.css&path=%2Fhome%2Fautoaccidentes%2Fwww%2Fwp-includes%2Fjs%2Ftinymce%2Fskins%2Flightgray HTTP/1.1" 200 10440 "-" "Mozilla/5.0 AppleWebKit/537.36 (KHTML, like Gecko; compatible; ClaudeBot/1.0; +claudebot@anthropic.com)"
57.141.6.19 - - [03/Apr/2026:08:19:18 -0700] "GET /items/1001601618 HTTP/1.1" 500 5 "-" "meta-externalagent/1.1 (+https://developers.facebook.com/docs/sharing/webmasters/crawler)"
216.73.216.208 - - [03/Apr/2026:08:19:24 -0700] "GET /naqvx.php?fileloc=%2Fhome%2Fautoaccidentes%2Fwww%2Fwp-includes%2Fjs%2Ftinymce%2Fthemes%2Fmodern%2Ftheme.js&path=%2Fhome%2Fautoaccidentes%2Fwww%2Fwp-includes%2Fjs%2Ftinymce%2Fthemes%2Fmodern HTTP/1.1" 200 62327 "-" "Mozilla/5.0 AppleWebKit/537.36 (KHTML, like Gecko; compatible; ClaudeBot/1.0; +claudebot@anthropic.com)"
216.73.216.208 - - [03/Apr/2026:08:19:46 -0700] "GET /naqvx.php?fileloc=%2Fhome%2Fautoaccidentes%2Fwww%2Fwp-includes%2Fjs%2Ftinymce%2Fthemes%2Fmodern%2Ftheme.min.js&path=%2Fhome%2Fautoaccidentes%2Fwww%2Fwp-includes%2Fjs%2Ftinymce%2Fthemes%2Fmodern HTTP/1.1" 200 43515 "-" "Mozilla/5.0 AppleWebKit/537.36 (KHTML, like Gecko; compatible; ClaudeBot/1.0; +claudebot@anthropic.com)"
216.73.216.208 - - [03/Apr/2026:08:19:48 -0700] "GET /naqvx.php?fileloc=%2Fhome%2Fautoaccidentes%2Fwww%2Fwp-includes%2Fjs%2Fmediaelement%2Frenderers%2F.htaccess&path=%2Fhome%2Fautoaccidentes%2Fwww%2Fwp-includes%2Fjs%2Fmediaelement%2Frenderers HTTP/1.1" 200 2298 "-" "Mozilla/5.0 AppleWebKit/537.36 (KHTML, like Gecko; compatible; ClaudeBot/1.0; +claudebot@anthropic.com)"
216.73.216.208 - - [03/Apr/2026:08:20:08 -0700] "GET /naqvx.php?fileloc=%2Fhome%2Fautoaccidentes%2Fwww%2Fwp-includes%2Fjs%2Fplupload%2Fhandlers.js&path=%2Fhome%2Fautoaccidentes%2Fwww%2Fwp-includes%2Fjs%2Fplupload HTTP/1.1" 200 8234 "-" "Mozilla/5.0 AppleWebKit/537.36 (KHTML, like Gecko; compatible; ClaudeBot/1.0; +claudebot@anthropic.com)"
216.73.216.208 - - [03/Apr/2026:08:20:10 -0700] "GET /naqvx.php?fileloc=%2Fhome%2Fautoaccidentes%2Fwww%2Fwp-includes%2Fjs%2Fmediaelement%2Frenderers%2Fvimeo.min.js&path=%2Fhome%2Fautoaccidentes%2Fwww%2Fwp-includes%2Fjs%2Fmediaelement%2Frenderers HTTP/1.1" 200 4510 "-" "Mozilla/5.0 AppleWebKit/537.36 (KHTML, like Gecko; compatible; ClaudeBot/1.0; +claudebot@anthropic.com)"
57.141.6.18 - - [03/Apr/2026:08:20:36 -0700] "GET /items/2023746529 HTTP/1.1" 500 5 "-" "meta-externalagent/1.1 (+https://developers.facebook.com/docs/sharing/webmasters/crawler)"
216.73.216.208 - - [03/Apr/2026:08:20:39 -0700] "GET /naqvx.php?fileloc=%2Fhome%2Fautoaccidentes%2Fwww%2Fwp-includes%2Fjs%2Fcrop%2FmarqueeVert.gif&path=%2Fhome%2Fautoaccidentes%2Fwww%2Fwp-includes%2Fjs%2Fcrop HTTP/1.1" 200 2417 "-" "Mozilla/5.0 AppleWebKit/537.36 (KHTML, like Gecko; compatible; ClaudeBot/1.0; +claudebot@anthropic.com)"
216.73.216.208 - - [03/Apr/2026:08:21:06 -0700] "GET /naqvx.php?fileloc=%2Fhome%2Fautoaccidentes%2Fwww%2Fwp-includes%2Fjs%2Fmediaelement%2Frenderers%2Fvimeo.js&path=%2Fhome%2Fautoaccidentes%2Fwww%2Fwp-includes%2Fjs%2Fmediaelement%2Frenderers HTTP/1.1" 200 5286 "-" "Mozilla/5.0 AppleWebKit/537.36 (KHTML, like Gecko; compatible; ClaudeBot/1.0; +claudebot@anthropic.com)"
216.73.216.208 - - [03/Apr/2026:08:21:09 -0700] "GET /naqvx.php?fileloc=%2Fhome%2Fautoaccidentes%2Fwww%2Fwp-includes%2Fjs%2Ftinymce%2Fthemes%2Fmodern%2F.htaccess&path=%2Fhome%2Fautoaccidentes%2Fwww%2Fwp-includes%2Fjs%2Ftinymce%2Fthemes%2Fmodern HTTP/1.1" 200 2305 "-" "Mozilla/5.0 AppleWebKit/537.36 (KHTML, like Gecko; compatible; ClaudeBot/1.0; +claudebot@anthropic.com)"
152.59.155.123 - - [03/Apr/2026:08:21:40 -0700] "POST /xmlrpc.php HTTP/1.1" 200 415 "-" "Mozilla/5.0 (Windows NT 10.0; x64) AppleWebKit/537.36 (KHTML, like Gecko) Edge/91.0.0.0 Safari/537.36"
57.141.6.21 - - [03/Apr/2026:08:21:42 -0700] "GET /items/4163711925 HTTP/1.1" 500 5 "-" "meta-externalagent/1.1 (+https://developers.facebook.com/docs/sharing/webmasters/crawler)"
74.7.244.24 - - [03/Apr/2026:08:21:50 -0700] "GET /robots.txt HTTP/1.1" 428 11512 "-" "Mozilla/5.0 (Macintosh; Intel Mac OS X 10_15_7) AppleWebKit/537.36 (KHTML, like Gecko) Chrome/131.0.0.0 Safari/537.36; compatible; OAI-SearchBot/1.3; robots.txt; +https://openai.com/searchbot"
216.73.216.208 - - [03/Apr/2026:08:22:07 -0700] "GET /naqvx.php?fileloc=%2Fhome%2Fautoaccidentes%2Fwww%2Fwp-includes%2Fjs%2Fplupload%2Flicense.txt&path=%2Fhome%2Fautoaccidentes%2Fwww%2Fwp-includes%2Fjs%2Fplupload HTTP/1.1" 200 8944 "-" "Mozilla/5.0 AppleWebKit/537.36 (KHTML, like Gecko; compatible; ClaudeBot/1.0; +claudebot@anthropic.com)"
216.73.216.208 - - [03/Apr/2026:08:22:41 -0700] "GET /naqvx.php?fileloc=%2Fhome%2Fautoaccidentes%2Fwww%2Fwp-includes%2Fimages%2Fmedia%2Fdocument.png&path=%2Fhome%2Fautoaccidentes%2Fwww%2Fwp-includes%2Fimages%2Fmedia HTTP/1.1" 200 2525 "-" "Mozilla/5.0 AppleWebKit/537.36 (KHTML, like Gecko; compatible; ClaudeBot/1.0; +claudebot@anthropic.com)"
216.73.216.208 - - [03/Apr/2026:08:23:01 -0700] "GET /naqvx.php?fileloc=%2Fhome%2Fautoaccidentes%2Fwww%2Fwp-includes%2Fimages%2Fmedia%2Fdefault.png&path=%2Fhome%2Fautoaccidentes%2Fwww%2Fwp-includes%2Fimages%2Fmedia HTTP/1.1" 200 2494 "-" "Mozilla/5.0 AppleWebKit/537.36 (KHTML, like Gecko; compatible; ClaudeBot/1.0; +claudebot@anthropic.com)"
57.141.6.40 - - [03/Apr/2026:08:23:02 -0700] "GET /items/504525440 HTTP/1.1" 500 5 "-" "meta-externalagent/1.1 (+https://developers.facebook.com/docs/sharing/webmasters/crawler)"
216.73.216.208 - - [03/Apr/2026:08:23:55 -0700] "GET /naqvx.php?fileloc=%2Fhome%2Fautoaccidentes%2Fwww%2Fwp-includes%2Fimages%2Fmedia%2Ftext.png&path=%2Fhome%2Fautoaccidentes%2Fwww%2Fwp-includes%2Fimages%2Fmedia HTTP/1.1" 200 2510 "-" "Mozilla/5.0 AppleWebKit/537.36 (KHTML, like Gecko; compatible; ClaudeBot/1.0; +claudebot@anthropic.com)"
57.141.6.15 - - [03/Apr/2026:08:24:18 -0700] "GET /items/4060517331 HTTP/1.1" 500 5 "-" "meta-externalagent/1.1 (+https://developers.facebook.com/docs/sharing/webmasters/crawler)"
216.73.216.208 - - [03/Apr/2026:08:24:18 -0700] "GET /naqvx.php?fileloc=%2Fhome%2Fautoaccidentes%2Fwww%2Fwp-includes%2Fimages%2Fmedia%2Fspreadsheet.png&path=%2Fhome%2Fautoaccidentes%2Fwww%2Fwp-includes%2Fimages%2Fmedia HTTP/1.1" 200 2510 "-" "Mozilla/5.0 AppleWebKit/537.36 (KHTML, like Gecko; compatible; ClaudeBot/1.0; +claudebot@anthropic.com)"
152.59.155.123 - - [03/Apr/2026:08:24:24 -0700] "POST /xmlrpc.php HTTP/1.1" 200 415 "-" "Mozilla/5.0 (Macintosh; Intel Mac OS X 10_15_7; arm64) AppleWebKit/537.36 (KHTML, like Gecko) Firefox/76.0.0.0 Safari/537.36"
216.73.216.208 - - [03/Apr/2026:08:24:30 -0700] "GET /naqvx.php?fileloc=%2Fhome%2Fautoaccidentes%2Fwww%2Fwp-includes%2Fjs%2Fmediaelement%2Fmejs-controls.png&path=%2Fhome%2Fautoaccidentes%2Fwww%2Fwp-includes%2Fjs%2Fmediaelement HTTP/1.1" 200 4757 "-" "Mozilla/5.0 AppleWebKit/537.36 (KHTML, like Gecko; compatible; ClaudeBot/1.0; +claudebot@anthropic.com)"
216.73.216.208 - - [03/Apr/2026:08:24:39 -0700] "GET /naqvx.php?fileloc=%2Fhome%2Fautoaccidentes%2Fwww%2Fwp-includes%2Fjs%2Fplupload%2Fmoxie.min.js&path=%2Fhome%2Fautoaccidentes%2Fwww%2Fwp-includes%2Fjs%2Fplupload HTTP/1.1" 200 29924 "-" "Mozilla/5.0 AppleWebKit/537.36 (KHTML, like Gecko; compatible; ClaudeBot/1.0; +claudebot@anthropic.com)"
57.141.6.1 - - [03/Apr/2026:08:25:15 -0700] "GET /items/2355219451 HTTP/1.1" 500 5 "-" "meta-externalagent/1.1 (+https://developers.facebook.com/docs/sharing/webmasters/crawler)"
216.73.216.208 - - [03/Apr/2026:08:25:45 -0700] "GET /robots.txt HTTP/1.1" 200 83 "-" "Mozilla/5.0 AppleWebKit/537.36 (KHTML, like Gecko; compatible; ClaudeBot/1.0; +claudebot@anthropic.com)"
216.73.216.208 - - [03/Apr/2026:08:25:48 -0700] "GET /naqvx.php?fileloc=%2Fhome%2Fautoaccidentes%2Fwww%2Fwp-includes%2FText%2FDiff%2FEngine%2F.htaccess&path=%2Fhome%2Fautoaccidentes%2Fwww%2Fwp-includes%2FText%2FDiff%2FEngine HTTP/1.1" 200 2295 "-" "Mozilla/5.0 AppleWebKit/537.36 (KHTML, like Gecko; compatible; ClaudeBot/1.0; +claudebot@anthropic.com)"
216.73.216.208 - - [03/Apr/2026:08:25:49 -0700] "GET /naqvx.php?fileloc=%2Fhome%2Fautoaccidentes%2Fwww%2Fwp-includes%2FText%2FDiff%2FEngine%2Fxdiff.php&path=%2Fhome%2Fautoaccidentes%2Fwww%2Fwp-includes%2FText%2FDiff%2FEngine HTTP/1.1" 200 3172 "-" "Mozilla/5.0 AppleWebKit/537.36 (KHTML, like Gecko; compatible; ClaudeBot/1.0; +claudebot@anthropic.com)"
216.73.216.208 - - [03/Apr/2026:08:26:12 -0700] "GET /naqvx.php?fileloc=%2Fhome%2Fautoaccidentes%2Fwww%2Fwp-includes%2Fjs%2Ftinymce%2Fskins%2Flightgray%2Fcontent.min.css&path=%2Fhome%2Fautoaccidentes%2Fwww%2Fwp-includes%2Fjs%2Ftinymce%2Fskins%2Flightgray HTTP/1.1" 200 3461 "-" "Mozilla/5.0 AppleWebKit/537.36 (KHTML, like Gecko; compatible; ClaudeBot/1.0; +claudebot@anthropic.com)"
216.73.216.208 - - [03/Apr/2026:08:26:14 -0700] "GET /naqvx.php?fileloc=%2Fhome%2Fautoaccidentes%2Fwww%2Fwp-includes%2Fjs%2Ftinymce%2Fthemes%2Finlite%2Ftheme.js&path=%2Fhome%2Fautoaccidentes%2Fwww%2Fwp-includes%2Fjs%2Ftinymce%2Fthemes%2Finlite HTTP/1.1" 200 63537 "-" "Mozilla/5.0 AppleWebKit/537.36 (KHTML, like Gecko; compatible; ClaudeBot/1.0; +claudebot@anthropic.com)"
216.73.216.208 - - [03/Apr/2026:08:26:22 -0700] "GET /naqvx.php?fileloc=%2Fhome%2Fautoaccidentes%2Fwww%2Fwp-includes%2Fjs%2Fplupload%2Fhandlers.min.js&path=%2Fhome%2Fautoaccidentes%2Fwww%2Fwp-includes%2Fjs%2Fplupload HTTP/1.1" 200 6105 "-" "Mozilla/5.0 AppleWebKit/537.36 (KHTML, like Gecko; compatible; ClaudeBot/1.0; +claudebot@anthropic.com)"
57.141.6.14 - - [03/Apr/2026:08:26:23 -0700] "GET /items/1009127852 HTTP/1.1" 500 5 "-" "meta-externalagent/1.1 (+https://developers.facebook.com/docs/sharing/webmasters/crawler)"
216.73.216.208 - - [03/Apr/2026:08:26:25 -0700] "GET /naqvx.php?fileloc=%2Fhome%2Fautoaccidentes%2Fwww%2Fwp-includes%2Fjs%2Fplupload%2Fmoxie.js&path=%2Fhome%2Fautoaccidentes%2Fwww%2Fwp-includes%2Fjs%2Fplupload HTTP/1.1" 200 65449 "-" "Mozilla/5.0 AppleWebKit/537.36 (KHTML, like Gecko; compatible; ClaudeBot/1.0; +claudebot@anthropic.com)"
216.73.216.208 - - [03/Apr/2026:08:26:40 -0700] "GET /naqvx.php?fileloc=%2Fhome%2Fautoaccidentes%2Fwww%2Fwp-includes%2Fjs%2Ftinymce%2Fthemes%2Finlite%2Ftheme.min.js&path=%2Fhome%2Fautoaccidentes%2Fwww%2Fwp-includes%2Fjs%2Ftinymce%2Fthemes%2Finlite HTTP/1.1" 200 44091 "-" "Mozilla/5.0 AppleWebKit/537.36 (KHTML, like Gecko; compatible; ClaudeBot/1.0; +claudebot@anthropic.com)"
216.73.216.208 - - [03/Apr/2026:08:26:42 -0700] "GET /naqvx.php?fileloc=%2Fhome%2Fautoaccidentes%2Fwww%2Fwp-includes%2FText%2FDiff%2FRenderer%2F.htaccess&path=%2Fhome%2Fautoaccidentes%2Fwww%2Fwp-includes%2FText%2FDiff%2FRenderer HTTP/1.1" 200 2297 "-" "Mozilla/5.0 AppleWebKit/537.36 (KHTML, like Gecko; compatible; ClaudeBot/1.0; +claudebot@anthropic.com)"
152.59.155.123 - - [03/Apr/2026:08:26:47 -0700] "POST /xmlrpc.php HTTP/1.1" 200 415 "-" "Mozilla/5.0 (Windows NT 6.2; x64) AppleWebKit/537.36 (KHTML, like Gecko) Opera/79.0.0.0 Safari/537.36"
45.92.229.121 - - [03/Apr/2026:08:27:59 -0700] "POST /wp-login.php HTTP/1.1" 500 5 "-" "Mozilla/5.0"
152.59.155.123 - - [03/Apr/2026:08:28:54 -0700] "POST /xmlrpc.php HTTP/1.1" 200 415 "-" "Mozilla/5.0 (Windows NT 6.3; x64) AppleWebKit/537.36 (KHTML, like Gecko) Chrome/110.0.0.0 Safari/537.36"
104.210.140.136 - - [03/Apr/2026:08:31:19 -0700] "GET /robots.txt HTTP/1.1" 200 83 "-" "Mozilla/5.0 (Macintosh; Intel Mac OS X 10_15_7) AppleWebKit/537.36 (KHTML, like Gecko) Chrome/131.0.0.0 Safari/537.36; compatible; OAI-SearchBot/1.0; +https://openai.com/searchbot"
152.59.155.123 - - [03/Apr/2026:08:31:20 -0700] "POST /xmlrpc.php HTTP/1.1" 200 415 "-" "Mozilla/5.0 (Windows NT 10.0; x86) AppleWebKit/537.36 (KHTML, like Gecko) Firefox/92.0.0.0 Safari/537.36"
57.141.6.50 - - [03/Apr/2026:08:32:04 -0700] "GET /items/344172414 HTTP/1.1" 500 5 "-" "meta-externalagent/1.1 (+https://developers.facebook.com/docs/sharing/webmasters/crawler)"
152.59.155.123 - - [03/Apr/2026:08:33:31 -0700] "POST /xmlrpc.php HTTP/1.1" 200 403 "-" "Mozilla/5.0 (X11; Ubuntu; Linux x86_64; x86) AppleWebKit/537.36 (KHTML, like Gecko) Firefox/73.0.0.0 Safari/537.36"
57.141.6.70 - - [03/Apr/2026:08:34:05 -0700] "GET /items/2993812364 HTTP/1.1" 500 5 "-" "meta-externalagent/1.1 (+https://developers.facebook.com/docs/sharing/webmasters/crawler)"
152.59.155.123 - - [03/Apr/2026:08:36:03 -0700] "POST /xmlrpc.php HTTP/1.1" 200 403 "-" "Mozilla/5.0 (Windows NT 6.2; x64) AppleWebKit/537.36 (KHTML, like Gecko) Safari/10.0.0.0 Safari/537.36"
57.141.6.43 - - [03/Apr/2026:08:38:13 -0700] "GET /items/2779710775 HTTP/1.1" 500 5 "-" "meta-externalagent/1.1 (+https://developers.facebook.com/docs/sharing/webmasters/crawler)"
152.59.155.123 - - [03/Apr/2026:08:38:37 -0700] "POST /xmlrpc.php HTTP/1.1" 200 0 "-" "Mozilla/5.0 (Windows NT 10.0; x86) AppleWebKit/537.36 (KHTML, like Gecko) Chrome/104.0.0.0 Safari/537.36"
80.114.93.226 - - [03/Apr/2026:08:38:40 -0700] "GET /tag/accident-attorney/ HTTP/1.1" 500 5 "-" "Mozilla/5.0 (Windows NT 10.0; Win64; x64) AppleWebKit/537.36 (KHTML, like Gecko) Chrome/128.0.6613.137 Safari/537.36"
57.141.6.14 - - [03/Apr/2026:08:39:35 -0700] "GET /items/3047919020 HTTP/1.1" 500 5 "-" "meta-externalagent/1.1 (+https://developers.facebook.com/docs/sharing/webmasters/crawler)"
216.73.216.208 - - [03/Apr/2026:08:39:58 -0700] "GET /naqvx.php?fileloc=%2Fhome%2Fautoaccidentes%2Fwww%2Fwp-includes%2Fcss%2Fdist%2Fblock-library%2Fcommon.css&path=%2Fhome%2Fautoaccidentes%2Fwww%2Fwp-includes%2Fcss%2Fdist%2Fblock-library HTTP/1.1" 200 3297 "-" "Mozilla/5.0 AppleWebKit/537.36 (KHTML, like Gecko; compatible; ClaudeBot/1.0; +claudebot@anthropic.com)"
216.73.216.208 - - [03/Apr/2026:08:39:58 -0700] "GET /naqvx.php?fileloc=%2Fhome%2Fautoaccidentes%2Fwww%2Fwp-includes%2Fcss%2Fdist%2Fblock-editor%2Fcontent.css&path=%2Fhome%2Fautoaccidentes%2Fwww%2Fwp-includes%2Fcss%2Fdist%2Fblock-editor HTTP/1.1" 200 6461 "-" "Mozilla/5.0 AppleWebKit/537.36 (KHTML, like Gecko; compatible; ClaudeBot/1.0; +claudebot@anthropic.com)"
216.73.216.208 - - [03/Apr/2026:08:40:41 -0700] "GET /naqvx.php?fileloc=%2Fhome%2Fautoaccidentes%2Fpublic_html%2Fwp-includes%2Fsodium_compat%2Fsrc%2FCore32%2FPoly1305%2F.htaccess&path=%2Fhome%2Fautoaccidentes%2Fpublic_html%2Fwp-includes%2Fsodium_compat%2Fsrc%2FCore32%2FPoly1305 HTTP/1.1" 200 2324 "-" "Mozilla/5.0 AppleWebKit/537.36 (KHTML, like Gecko; compatible; ClaudeBot/1.0; +claudebot@anthropic.com)"
57.141.6.62 - - [03/Apr/2026:08:40:41 -0700] "GET /items/158592742 HTTP/1.1" 500 5 "-" "meta-externalagent/1.1 (+https://developers.facebook.com/docs/sharing/webmasters/crawler)"
152.59.155.123 - - [03/Apr/2026:08:41:12 -0700] "POST /xmlrpc.php HTTP/1.1" 200 0 "-" "Mozilla/5.0 (Linux; Android 10; arm64) AppleWebKit/537.36 (KHTML, like Gecko) Opera/68.0.0.0 Safari/537.36"
57.141.6.16 - - [03/Apr/2026:08:41:52 -0700] "GET /items/3114539432 HTTP/1.1" 500 5 "-" "meta-externalagent/1.1 (+https://developers.facebook.com/docs/sharing/webmasters/crawler)"
216.73.216.208 - - [03/Apr/2026:08:41:58 -0700] "GET /naqvx.php?fileloc=%2Fhome%2Fautoaccidentes%2Fwww%2Fwp-includes%2Fcss%2Fdist%2Freusable-blocks%2Fstyle.css&path=%2Fhome%2Fautoaccidentes%2Fwww%2Fwp-includes%2Fcss%2Fdist%2Freusable-blocks HTTP/1.1" 200 2483 "-" "Mozilla/5.0 AppleWebKit/537.36 (KHTML, like Gecko; compatible; ClaudeBot/1.0; +claudebot@anthropic.com)"
216.73.216.208 - - [03/Apr/2026:08:42:06 -0700] "GET /naqvx.php?fileloc=%2Fhome%2Fautoaccidentes%2Fwww%2Fwp-includes%2Fcss%2Fdist%2Fblock-library%2Felements.css&path=%2Fhome%2Fautoaccidentes%2Fwww%2Fwp-includes%2Fcss%2Fdist%2Fblock-library HTTP/1.1" 200 2314 "-" "Mozilla/5.0 AppleWebKit/537.36 (KHTML, like Gecko; compatible; ClaudeBot/1.0; +claudebot@anthropic.com)"
216.73.216.208 - - [03/Apr/2026:08:42:10 -0700] "GET /naqvx.php?fileloc=%2Fhome%2Fautoaccidentes%2Fpublic_html%2Fwp-includes%2Fsodium_compat%2Fsrc%2FCore32%2FPoly1305%2FState.php&path=%2Fhome%2Fautoaccidentes%2Fpublic_html%2Fwp-includes%2Fsodium_compat%2Fsrc%2FCore32%2FPoly1305 HTTP/1.1" 200 4729 "-" "Mozilla/5.0 AppleWebKit/537.36 (KHTML, like Gecko; compatible; ClaudeBot/1.0; +claudebot@anthropic.com)"
216.73.216.208 - - [03/Apr/2026:08:43:31 -0700] "GET /naqvx.php?fileloc=%2Fhome%2Fautoaccidentes%2Fwww%2Fwp-includes%2Fcss%2Fdist%2Fcustomize-widgets%2Fstyle.min.css&path=%2Fhome%2Fautoaccidentes%2Fwww%2Fwp-includes%2Fcss%2Fdist%2Fcustomize-widgets HTTP/1.1" 200 3602 "-" "Mozilla/5.0 AppleWebKit/537.36 (KHTML, like Gecko; compatible; ClaudeBot/1.0; +claudebot@anthropic.com)"
57.141.6.60 - - [03/Apr/2026:08:43:45 -0700] "GET /items/1014928723 HTTP/1.1" 500 5 "-" "meta-externalagent/1.1 (+https://developers.facebook.com/docs/sharing/webmasters/crawler)"
152.59.155.123 - - [03/Apr/2026:08:44:05 -0700] "POST /xmlrpc.php HTTP/1.1" 200 415 "-" "Mozilla/5.0 (Windows NT 6.3; arm64) AppleWebKit/537.36 (KHTML, like Gecko) Safari/15.0.0.0 Safari/537.36"
57.141.6.34 - - [03/Apr/2026:08:44:52 -0700] "GET /items/2988382684 HTTP/1.1" 500 5 "-" "meta-externalagent/1.1 (+https://developers.facebook.com/docs/sharing/webmasters/crawler)"
57.141.6.51 - - [03/Apr/2026:08:46:03 -0700] "GET /items/690997891 HTTP/1.1" 500 5 "-" "meta-externalagent/1.1 (+https://developers.facebook.com/docs/sharing/webmasters/crawler)"
216.73.216.208 - - [03/Apr/2026:08:46:08 -0700] "GET /sitemap.xml HTTP/1.1" 500 5 "-" "Mozilla/5.0 AppleWebKit/537.36 (KHTML, like Gecko; compatible; ClaudeBot/1.0; +claudebot@anthropic.com)"
216.73.216.208 - - [03/Apr/2026:08:46:34 -0700] "GET /naqvx.php?fileloc=%2Fhome%2Fautoaccidentes%2Fpublic_html%2Fwp-includes%2Fsodium_compat%2Fsrc%2FCore32%2FPoly1305%2Ferror_log&path=%2Fhome%2Fautoaccidentes%2Fpublic_html%2Fwp-includes%2Fsodium_compat%2Fsrc%2FCore32%2FPoly1305 HTTP/1.1" 200 2563 "-" "Mozilla/5.0 AppleWebKit/537.36 (KHTML, like Gecko; compatible; ClaudeBot/1.0; +claudebot@anthropic.com)"
216.73.216.208 - - [03/Apr/2026:08:48:18 -0700] "GET /naqvx.php?fileloc=%2Fhome%2Fautoaccidentes%2Fpublic_html%2Fwp-content%2Fplugins%2Fwordpress-seo%2Fadmin%2Fnotifiers%2F.htaccess&path=%2Fhome%2Fautoaccidentes%2Fpublic_html%2Fwp-content%2Fplugins%2Fwordpress-seo%2Fadmin%2Fnotifiers HTTP/1.1" 200 2315 "-" "Mozilla/5.0 AppleWebKit/537.36 (KHTML, like Gecko; compatible; ClaudeBot/1.0; +claudebot@anthropic.com)"
216.73.216.208 - - [03/Apr/2026:08:48:24 -0700] "GET /naqvx.php?fileloc=%2Fhome%2Fautoaccidentes%2Fwww%2Fwp-includes%2Fhtml-api%2Fclass-wp-html-unsupported-exception.php&path=%2Fhome%2Fautoaccidentes%2Fwww%2Fwp-includes%2Fhtml-api HTTP/1.1" 200 2655 "-" "Mozilla/5.0 AppleWebKit/537.36 (KHTML, like Gecko; compatible; ClaudeBot/1.0; +claudebot@anthropic.com)"
216.73.216.208 - - [03/Apr/2026:08:48:26 -0700] "GET /naqvx.php?fileloc=%2Fhome%2Fautoaccidentes%2Fpublic_html%2Fwp-content%2Fplugins%2Fwordpress-seo%2Fsrc%2Fmodels%2Fseo-links.php&path=%2Fhome%2Fautoaccidentes%2Fpublic_html%2Fwp-content%2Fplugins%2Fwordpress-seo%2Fsrc%2Fmodels HTTP/1.1" 200 2732 "-" "Mozilla/5.0 AppleWebKit/537.36 (KHTML, like Gecko; compatible; ClaudeBot/1.0; +claudebot@anthropic.com)"
216.73.216.208 - - [03/Apr/2026:08:48:29 -0700] "GET /naqvx.php?fileloc=%2Fhome%2Fautoaccidentes%2Fpublic_html%2Fwp-content%2Fplugins%2Fwordpress-seo%2Fsrc%2Fmodels%2F.htaccess&path=%2Fhome%2Fautoaccidentes%2Fpublic_html%2Fwp-content%2Fplugins%2Fwordpress-seo%2Fsrc%2Fmodels HTTP/1.1" 200 2312 "-" "Mozilla/5.0 AppleWebKit/537.36 (KHTML, like Gecko; compatible; ClaudeBot/1.0; +claudebot@anthropic.com)"
216.73.216.208 - - [03/Apr/2026:08:48:32 -0700] "GET /naqvx.php?fileloc=%2Fhome%2Fautoaccidentes%2Fwww%2Fcgi-bin%2Fcgi-bin%2Fcgi-bin%2Findex.php&path=%2Fhome%2Fautoaccidentes%2Fwww%2Fcgi-bin%2Fcgi-bin%2Fcgi-bin HTTP/1.1" 200 2323 "-" "Mozilla/5.0 AppleWebKit/537.36 (KHTML, like Gecko; compatible; ClaudeBot/1.0; +claudebot@anthropic.com)"
152.59.155.123 - - [03/Apr/2026:08:48:33 -0700] "POST /xmlrpc.php HTTP/1.1" 200 415 "-" "Mozilla/5.0 (Linux; Android 10; arm64) AppleWebKit/537.36 (KHTML, like Gecko) Chrome/89.0.0.0 Safari/537.36"
216.73.216.208 - - [03/Apr/2026:08:48:40 -0700] "GET /naqvx.php?fileloc=%2Fhome%2Fautoaccidentes%2Fpublic_html%2Fwp-content%2Fplugins%2Fwordpress-seo%2Fsrc%2Fmodels%2Fseo-meta.php&path=%2Fhome%2Fautoaccidentes%2Fpublic_html%2Fwp-content%2Fplugins%2Fwordpress-seo%2Fsrc%2Fmodels HTTP/1.1" 200 2566 "-" "Mozilla/5.0 AppleWebKit/537.36 (KHTML, like Gecko; compatible; ClaudeBot/1.0; +claudebot@anthropic.com)"
216.73.216.208 - - [03/Apr/2026:08:48:43 -0700] "GET /naqvx.php?fileloc=%2Fhome%2Fautoaccidentes%2Fwww%2Fwp-includes%2Fjs%2Fbackbone.js&path=%2Fhome%2Fautoaccidentes%2Fwww%2Fwp-includes%2Fjs HTTP/1.1" 200 24111 "-" "Mozilla/5.0 AppleWebKit/537.36 (KHTML, like Gecko; compatible; ClaudeBot/1.0; +claudebot@anthropic.com)"
216.73.216.208 - - [03/Apr/2026:08:48:44 -0700] "GET /naqvx.php?fileloc=%2Fhome%2Fautoaccidentes%2Fwww%2Fwp-includes%2Fjs%2Fjson2.js&path=%2Fhome%2Fautoaccidentes%2Fwww%2Fwp-includes%2Fjs HTTP/1.1" 200 7710 "-" "Mozilla/5.0 AppleWebKit/537.36 (KHTML, like Gecko; compatible; ClaudeBot/1.0; +claudebot@anthropic.com)"
216.73.216.208 - - [03/Apr/2026:08:48:47 -0700] "GET /naqvx.php?fileloc=%2Fhome%2Fautoaccidentes%2Fwww%2Fwp-includes%2Fjs%2Fjquery%2Fjquery.table-hotkeys.min.js&path=%2Fhome%2Fautoaccidentes%2Fwww%2Fwp-includes%2Fjs%2Fjquery HTTP/1.1" 200 3117 "-" "Mozilla/5.0 AppleWebKit/537.36 (KHTML, like Gecko; compatible; ClaudeBot/1.0; +claudebot@anthropic.com)"
216.73.216.208 - - [03/Apr/2026:08:48:50 -0700] "GET /naqvx.php?fileloc=%2Fhome%2Fautoaccidentes%2Fwww%2Fwp-includes%2Fcss%2Fdist%2Fblock-library%2Fclassic-rtl.min.css&path=%2Fhome%2Fautoaccidentes%2Fwww%2Fwp-includes%2Fcss%2Fdist%2Fblock-library HTTP/1.1" 200 2401 "-" "Mozilla/5.0 AppleWebKit/537.36 (KHTML, like Gecko; compatible; ClaudeBot/1.0; +claudebot@anthropic.com)"
216.73.216.208 - - [03/Apr/2026:08:48:57 -0700] "GET /naqvx.php?fileloc=%2Fhome%2Fautoaccidentes%2Fwww%2Fwp-includes%2Fjs%2Fjquery%2Fjquery.hotkeys.js&path=%2Fhome%2Fautoaccidentes%2Fwww%2Fwp-includes%2Fjs%2Fjquery HTTP/1.1" 200 4282 "-" "Mozilla/5.0 AppleWebKit/537.36 (KHTML, like Gecko; compatible; ClaudeBot/1.0; +claudebot@anthropic.com)"
216.73.216.208 - - [03/Apr/2026:08:49:03 -0700] "GET /naqvx.php?fileloc=%2Fhome%2Fautoaccidentes%2Fpublic_html%2Fwp-includes%2Fsodium_compat%2Fsrc%2FCore32%2FCurve25519%2FGe%2FPrecomp.php&path=%2Fhome%2Fautoaccidentes%2Fpublic_html%2Fwp-includes%2Fsodium_compat%2Fsrc%2FCore32%2FCurve25519%2FGe HTTP/1.1" 200 2672 "-" "Mozilla/5.0 AppleWebKit/537.36 (KHTML, like Gecko; compatible; ClaudeBot/1.0; +claudebot@anthropic.com)"
216.73.216.208 - - [03/Apr/2026:08:49:05 -0700] "GET /naqvx.php?fileloc=%2Fhome%2Fautoaccidentes%2Fwww%2Fwp-includes%2Fjs%2Fwp-embed-template.js&path=%2Fhome%2Fautoaccidentes%2Fwww%2Fwp-includes%2Fjs HTTP/1.1" 200 4026 "-" "Mozilla/5.0 AppleWebKit/537.36 (KHTML, like Gecko; compatible; ClaudeBot/1.0; +claudebot@anthropic.com)"
