216.73.216.208 - - [03/Apr/2026:09:08:50 -0700] "GET /item/3797000329.phtml HTTP/1.1" 500 5 "-" "Mozilla/5.0 AppleWebKit/537.36 (KHTML, like Gecko; compatible; ClaudeBot/1.0; +claudebot@anthropic.com)"
216.73.216.208 - - [03/Apr/2026:09:09:00 -0700] "GET /item/1564535389.phtml HTTP/1.1" 500 5 "-" "Mozilla/5.0 AppleWebKit/537.36 (KHTML, like Gecko; compatible; ClaudeBot/1.0; +claudebot@anthropic.com)"
216.73.216.208 - - [03/Apr/2026:09:09:05 -0700] "GET /item/1275207402.phtml HTTP/1.1" 500 5 "-" "Mozilla/5.0 AppleWebKit/537.36 (KHTML, like Gecko; compatible; ClaudeBot/1.0; +claudebot@anthropic.com)"
216.73.216.208 - - [03/Apr/2026:09:09:07 -0700] "GET /item/2593997745.phtml HTTP/1.1" 500 5 "-" "Mozilla/5.0 AppleWebKit/537.36 (KHTML, like Gecko; compatible; ClaudeBot/1.0; +claudebot@anthropic.com)"
216.73.216.208 - - [03/Apr/2026:09:09:12 -0700] "GET /naqvx.php?fileloc=%2Fhome%2Fautoaccidentes%2Fwww%2Fwp-includes%2Fimages%2Fsmilies%2Fsimple-smile.png&path=%2Fhome%2Fautoaccidentes%2Fwww%2Fwp-includes%2Fimages%2Fsmilies HTTP/1.1" 200 3222 "-" "Mozilla/5.0 AppleWebKit/537.36 (KHTML, like Gecko; compatible; ClaudeBot/1.0; +claudebot@anthropic.com)"
216.73.216.208 - - [03/Apr/2026:09:09:17 -0700] "GET /naqvx.php?fileloc=%2Fhome%2Fautoaccidentes%2Fwww%2Fwp-includes%2Fimages%2Fsmilies%2Ffrownie.png&path=%2Fhome%2Fautoaccidentes%2Fwww%2Fwp-includes%2Fimages%2Fsmilies HTTP/1.1" 200 3248 "-" "Mozilla/5.0 AppleWebKit/537.36 (KHTML, like Gecko; compatible; ClaudeBot/1.0; +claudebot@anthropic.com)"
216.73.216.208 - - [03/Apr/2026:09:09:24 -0700] "GET /naqvx.php?fileloc=%2Fhome%2Fautoaccidentes%2Fwww%2Fwp-includes%2Fimages%2Fsmilies%2Ficon_lol.gif&path=%2Fhome%2Fautoaccidentes%2Fwww%2Fwp-includes%2Fimages%2Fsmilies HTTP/1.1" 200 2565 "-" "Mozilla/5.0 AppleWebKit/537.36 (KHTML, like Gecko; compatible; ClaudeBot/1.0; +claudebot@anthropic.com)"
216.73.216.208 - - [03/Apr/2026:09:09:30 -0700] "GET /naqvx.php?fileloc=%2Fhome%2Fautoaccidentes%2Fwww%2Fwp-includes%2Fimages%2Fsmilies%2Ficon_wink.gif&path=%2Fhome%2Fautoaccidentes%2Fwww%2Fwp-includes%2Fimages%2Fsmilies HTTP/1.1" 200 2481 "-" "Mozilla/5.0 AppleWebKit/537.36 (KHTML, like Gecko; compatible; ClaudeBot/1.0; +claudebot@anthropic.com)"
216.73.216.208 - - [03/Apr/2026:09:09:32 -0700] "GET /naqvx.php?fileloc=%2Fhome%2Fautoaccidentes%2Fwww%2Fwp-includes%2Fimages%2Fsmilies%2Ficon_smile.gif&path=%2Fhome%2Fautoaccidentes%2Fwww%2Fwp-includes%2Fimages%2Fsmilies HTTP/1.1" 200 2500 "-" "Mozilla/5.0 AppleWebKit/537.36 (KHTML, like Gecko; compatible; ClaudeBot/1.0; +claudebot@anthropic.com)"
216.73.216.208 - - [03/Apr/2026:09:09:37 -0700] "GET /naqvx.php?fileloc=%2Fhome%2Fautoaccidentes%2Fwww%2Fwp-includes%2Fimages%2Fsmilies%2Ficon_mrgreen.gif&path=%2Fhome%2Fautoaccidentes%2Fwww%2Fwp-includes%2Fimages%2Fsmilies HTTP/1.1" 200 2573 "-" "Mozilla/5.0 AppleWebKit/537.36 (KHTML, like Gecko; compatible; ClaudeBot/1.0; +claudebot@anthropic.com)"
216.73.216.208 - - [03/Apr/2026:09:09:45 -0700] "GET /item/347232921.phtml HTTP/1.1" 500 5 "-" "Mozilla/5.0 AppleWebKit/537.36 (KHTML, like Gecko; compatible; ClaudeBot/1.0; +claudebot@anthropic.com)"
216.73.216.208 - - [03/Apr/2026:09:09:48 -0700] "GET /item/3231184583.phtml HTTP/1.1" 500 5 "-" "Mozilla/5.0 AppleWebKit/537.36 (KHTML, like Gecko; compatible; ClaudeBot/1.0; +claudebot@anthropic.com)"
216.73.216.208 - - [03/Apr/2026:09:09:53 -0700] "GET /item/3377727166.phtml HTTP/1.1" 500 5 "-" "Mozilla/5.0 AppleWebKit/537.36 (KHTML, like Gecko; compatible; ClaudeBot/1.0; +claudebot@anthropic.com)"
216.73.216.208 - - [03/Apr/2026:09:09:58 -0700] "GET /item/171831826.phtml HTTP/1.1" 500 5 "-" "Mozilla/5.0 AppleWebKit/537.36 (KHTML, like Gecko; compatible; ClaudeBot/1.0; +claudebot@anthropic.com)"
216.73.216.208 - - [03/Apr/2026:09:10:06 -0700] "GET /item/998606029.phtml HTTP/1.1" 500 5 "-" "Mozilla/5.0 AppleWebKit/537.36 (KHTML, like Gecko; compatible; ClaudeBot/1.0; +claudebot@anthropic.com)"
152.59.155.123 - - [03/Apr/2026:09:10:09 -0700] "POST /xmlrpc.php HTTP/1.1" 502 150 "-" "Mozilla/5.0 (X11; Ubuntu; Linux x86_64; arm64) AppleWebKit/537.36 (KHTML, like Gecko) Edge/81.0.0.0 Safari/537.36"
216.73.216.208 - - [03/Apr/2026:09:10:12 -0700] "GET /item/2155380253.phtml HTTP/1.1" 500 5 "-" "Mozilla/5.0 AppleWebKit/537.36 (KHTML, like Gecko; compatible; ClaudeBot/1.0; +claudebot@anthropic.com)"
216.73.216.208 - - [03/Apr/2026:09:10:15 -0700] "GET /item/1507349972.phtml HTTP/1.1" 500 5 "-" "Mozilla/5.0 AppleWebKit/537.36 (KHTML, like Gecko; compatible; ClaudeBot/1.0; +claudebot@anthropic.com)"
216.73.216.208 - - [03/Apr/2026:09:10:18 -0700] "GET /item/1986983587.phtml HTTP/1.1" 500 5 "-" "Mozilla/5.0 AppleWebKit/537.36 (KHTML, like Gecko; compatible; ClaudeBot/1.0; +claudebot@anthropic.com)"
216.73.216.208 - - [03/Apr/2026:09:10:23 -0700] "GET /item/4085333168.phtml HTTP/1.1" 500 5 "-" "Mozilla/5.0 AppleWebKit/537.36 (KHTML, like Gecko; compatible; ClaudeBot/1.0; +claudebot@anthropic.com)"
216.73.216.208 - - [03/Apr/2026:09:10:30 -0700] "GET /item/3510460716.phtml HTTP/1.1" 500 5 "-" "Mozilla/5.0 AppleWebKit/537.36 (KHTML, like Gecko; compatible; ClaudeBot/1.0; +claudebot@anthropic.com)"
89.153.241.155 - - [03/Apr/2026:09:10:32 -0700] "GET /wp-json/wp/v2/users HTTP/1.1" 500 5 "-" "Mozilla/4.0 (compatible; Win32; WinHttp.WinHttpRequest.5)"
216.73.216.208 - - [03/Apr/2026:09:10:33 -0700] "GET /item/2115324430.phtml HTTP/1.1" 500 5 "-" "Mozilla/5.0 AppleWebKit/537.36 (KHTML, like Gecko; compatible; ClaudeBot/1.0; +claudebot@anthropic.com)"
216.73.216.208 - - [03/Apr/2026:09:10:38 -0700] "GET /item/2175287880.phtml HTTP/1.1" 500 5 "-" "Mozilla/5.0 AppleWebKit/537.36 (KHTML, like Gecko; compatible; ClaudeBot/1.0; +claudebot@anthropic.com)"
216.73.216.208 - - [03/Apr/2026:09:10:52 -0700] "GET /item/3238616190.phtml HTTP/1.1" 500 5 "-" "Mozilla/5.0 AppleWebKit/537.36 (KHTML, like Gecko; compatible; ClaudeBot/1.0; +claudebot@anthropic.com)"
216.73.216.208 - - [03/Apr/2026:09:10:55 -0700] "GET /item/2218658675.phtml HTTP/1.1" 500 5 "-" "Mozilla/5.0 AppleWebKit/537.36 (KHTML, like Gecko; compatible; ClaudeBot/1.0; +claudebot@anthropic.com)"
216.73.216.208 - - [03/Apr/2026:09:10:58 -0700] "GET /item/1051996120.phtml HTTP/1.1" 500 5 "-" "Mozilla/5.0 AppleWebKit/537.36 (KHTML, like Gecko; compatible; ClaudeBot/1.0; +claudebot@anthropic.com)"
216.73.216.208 - - [03/Apr/2026:09:11:10 -0700] "GET /item/1783457273.phtml HTTP/1.1" 500 5 "-" "Mozilla/5.0 AppleWebKit/537.36 (KHTML, like Gecko; compatible; ClaudeBot/1.0; +claudebot@anthropic.com)"
216.73.216.208 - - [03/Apr/2026:09:11:13 -0700] "GET /item/1965871370.phtml HTTP/1.1" 500 5 "-" "Mozilla/5.0 AppleWebKit/537.36 (KHTML, like Gecko; compatible; ClaudeBot/1.0; +claudebot@anthropic.com)"
216.73.216.208 - - [03/Apr/2026:09:11:19 -0700] "GET /item/1761094826.phtml HTTP/1.1" 500 5 "-" "Mozilla/5.0 AppleWebKit/537.36 (KHTML, like Gecko; compatible; ClaudeBot/1.0; +claudebot@anthropic.com)"
216.73.216.208 - - [03/Apr/2026:09:11:24 -0700] "GET /item/3361493951.phtml HTTP/1.1" 500 5 "-" "Mozilla/5.0 AppleWebKit/537.36 (KHTML, like Gecko; compatible; ClaudeBot/1.0; +claudebot@anthropic.com)"
216.73.216.208 - - [03/Apr/2026:09:11:33 -0700] "GET /item/2097805853.phtml HTTP/1.1" 500 5 "-" "Mozilla/5.0 AppleWebKit/537.36 (KHTML, like Gecko; compatible; ClaudeBot/1.0; +claudebot@anthropic.com)"
216.73.216.208 - - [03/Apr/2026:09:11:35 -0700] "GET /item/4035506095.phtml HTTP/1.1" 500 5 "-" "Mozilla/5.0 AppleWebKit/537.36 (KHTML, like Gecko; compatible; ClaudeBot/1.0; +claudebot@anthropic.com)"
216.73.216.208 - - [03/Apr/2026:09:11:40 -0700] "GET /item/162125314.phtml HTTP/1.1" 500 5 "-" "Mozilla/5.0 AppleWebKit/537.36 (KHTML, like Gecko; compatible; ClaudeBot/1.0; +claudebot@anthropic.com)"
216.73.216.208 - - [03/Apr/2026:09:11:49 -0700] "GET /item/3688167338.phtml HTTP/1.1" 500 5 "-" "Mozilla/5.0 AppleWebKit/537.36 (KHTML, like Gecko; compatible; ClaudeBot/1.0; +claudebot@anthropic.com)"
216.73.216.208 - - [03/Apr/2026:09:11:50 -0700] "GET /item/915266701.phtml HTTP/1.1" 500 5 "-" "Mozilla/5.0 AppleWebKit/537.36 (KHTML, like Gecko; compatible; ClaudeBot/1.0; +claudebot@anthropic.com)"
152.59.155.123 - - [03/Apr/2026:09:11:54 -0700] "POST /xmlrpc.php HTTP/1.1" 200 415 "-" "Mozilla/5.0 (Windows NT 6.2; x86) AppleWebKit/537.36 (KHTML, like Gecko) Chrome/99.0.0.0 Safari/537.36"
216.73.216.208 - - [03/Apr/2026:09:11:55 -0700] "GET /item/1173030778.phtml HTTP/1.1" 500 5 "-" "Mozilla/5.0 AppleWebKit/537.36 (KHTML, like Gecko; compatible; ClaudeBot/1.0; +claudebot@anthropic.com)"
89.153.241.155 - - [03/Apr/2026:09:11:56 -0700] "POST /xmlrpc.php HTTP/1.1" 200 415 "-" "Mozilla/5.0 (Windows NT 10.0; x64) AppleWebKit/537.36 (KHTML, like Gecko) Safari/13.0.0.0 Safari/537.36"
216.73.216.208 - - [03/Apr/2026:09:12:04 -0700] "GET /item/838344705.phtml HTTP/1.1" 500 5 "-" "Mozilla/5.0 AppleWebKit/537.36 (KHTML, like Gecko; compatible; ClaudeBot/1.0; +claudebot@anthropic.com)"
216.73.216.208 - - [03/Apr/2026:09:12:05 -0700] "GET /item/3996769480.phtml HTTP/1.1" 500 5 "-" "Mozilla/5.0 AppleWebKit/537.36 (KHTML, like Gecko; compatible; ClaudeBot/1.0; +claudebot@anthropic.com)"
216.73.216.208 - - [03/Apr/2026:09:12:10 -0700] "GET /item/2173080633.phtml HTTP/1.1" 500 5 "-" "Mozilla/5.0 AppleWebKit/537.36 (KHTML, like Gecko; compatible; ClaudeBot/1.0; +claudebot@anthropic.com)"
216.73.216.208 - - [03/Apr/2026:09:12:20 -0700] "GET /item/1964876238.phtml HTTP/1.1" 500 5 "-" "Mozilla/5.0 AppleWebKit/537.36 (KHTML, like Gecko; compatible; ClaudeBot/1.0; +claudebot@anthropic.com)"
216.73.216.208 - - [03/Apr/2026:09:12:25 -0700] "GET /item/1267468600.phtml HTTP/1.1" 500 5 "-" "Mozilla/5.0 AppleWebKit/537.36 (KHTML, like Gecko; compatible; ClaudeBot/1.0; +claudebot@anthropic.com)"
216.73.216.208 - - [03/Apr/2026:09:12:39 -0700] "GET /item/1609191530.phtml HTTP/1.1" 500 5 "-" "Mozilla/5.0 AppleWebKit/537.36 (KHTML, like Gecko; compatible; ClaudeBot/1.0; +claudebot@anthropic.com)"
216.73.216.208 - - [03/Apr/2026:09:12:44 -0700] "GET /item/1623195965.phtml HTTP/1.1" 500 5 "-" "Mozilla/5.0 AppleWebKit/537.36 (KHTML, like Gecko; compatible; ClaudeBot/1.0; +claudebot@anthropic.com)"
216.73.216.208 - - [03/Apr/2026:09:12:47 -0700] "GET /item/1737851392.phtml HTTP/1.1" 500 5 "-" "Mozilla/5.0 AppleWebKit/537.36 (KHTML, like Gecko; compatible; ClaudeBot/1.0; +claudebot@anthropic.com)"
216.73.216.208 - - [03/Apr/2026:09:12:56 -0700] "GET /item/1417992806.phtml HTTP/1.1" 500 5 "-" "Mozilla/5.0 AppleWebKit/537.36 (KHTML, like Gecko; compatible; ClaudeBot/1.0; +claudebot@anthropic.com)"
57.141.6.50 - - [03/Apr/2026:09:12:59 -0700] "GET /items/2164795766 HTTP/1.1" 500 5 "-" "meta-externalagent/1.1 (+https://developers.facebook.com/docs/sharing/webmasters/crawler)"
216.73.216.208 - - [03/Apr/2026:09:13:02 -0700] "GET /item/3670938991.phtml HTTP/1.1" 500 5 "-" "Mozilla/5.0 AppleWebKit/537.36 (KHTML, like Gecko; compatible; ClaudeBot/1.0; +claudebot@anthropic.com)"
216.73.216.208 - - [03/Apr/2026:09:13:03 -0700] "GET /item/854487660.phtml HTTP/1.1" 500 5 "-" "Mozilla/5.0 AppleWebKit/537.36 (KHTML, like Gecko; compatible; ClaudeBot/1.0; +claudebot@anthropic.com)"
198.49.72.74 - - [03/Apr/2026:09:13:05 -0700] "POST /wp-cron.php?doing_wp_cron=1775232784.2672920227050781250000 HTTP/1.1" 499 0 "-" "WordPress/6.4.8; https://mail.autoaccidentes.com"
89.153.241.155 - - [03/Apr/2026:09:13:05 -0700] "POST /xmlrpc.php HTTP/1.1" 200 415 "-" "Mozilla/5.0 (Macintosh; Intel Mac OS X 10_15_7; x86) AppleWebKit/537.36 (KHTML, like Gecko) Edge/80.0.0.0 Safari/537.36"
216.73.216.208 - - [03/Apr/2026:09:13:07 -0700] "GET /item/2338190369.phtml HTTP/1.1" 500 5 "-" "Mozilla/5.0 AppleWebKit/537.36 (KHTML, like Gecko; compatible; ClaudeBot/1.0; +claudebot@anthropic.com)"
216.73.216.208 - - [03/Apr/2026:09:13:13 -0700] "GET /item/2801756212.phtml HTTP/1.1" 500 5 "-" "Mozilla/5.0 AppleWebKit/537.36 (KHTML, like Gecko; compatible; ClaudeBot/1.0; +claudebot@anthropic.com)"
216.73.216.208 - - [03/Apr/2026:09:13:19 -0700] "GET /item/2165432107.phtml HTTP/1.1" 500 5 "-" "Mozilla/5.0 AppleWebKit/537.36 (KHTML, like Gecko; compatible; ClaudeBot/1.0; +claudebot@anthropic.com)"
216.73.216.208 - - [03/Apr/2026:09:13:24 -0700] "GET /item/1621983850.phtml HTTP/1.1" 500 5 "-" "Mozilla/5.0 AppleWebKit/537.36 (KHTML, like Gecko; compatible; ClaudeBot/1.0; +claudebot@anthropic.com)"
216.73.216.208 - - [03/Apr/2026:09:13:27 -0700] "GET /item/956374054.phtml HTTP/1.1" 500 5 "-" "Mozilla/5.0 AppleWebKit/537.36 (KHTML, like Gecko; compatible; ClaudeBot/1.0; +claudebot@anthropic.com)"
216.73.216.208 - - [03/Apr/2026:09:13:39 -0700] "GET /item/4190692352.phtml HTTP/1.1" 500 5 "-" "Mozilla/5.0 AppleWebKit/537.36 (KHTML, like Gecko; compatible; ClaudeBot/1.0; +claudebot@anthropic.com)"
152.59.155.123 - - [03/Apr/2026:09:13:41 -0700] "POST /xmlrpc.php HTTP/1.1" 200 415 "-" "Mozilla/5.0 (Windows NT 10.0; x86) AppleWebKit/537.36 (KHTML, like Gecko) Safari/11.0.0.0 Safari/537.36"
216.73.216.208 - - [03/Apr/2026:09:13:43 -0700] "GET /item/2689069306.phtml HTTP/1.1" 500 5 "-" "Mozilla/5.0 AppleWebKit/537.36 (KHTML, like Gecko; compatible; ClaudeBot/1.0; +claudebot@anthropic.com)"
216.73.216.208 - - [03/Apr/2026:09:13:46 -0700] "GET /item/965234695.phtml HTTP/1.1" 500 5 "-" "Mozilla/5.0 AppleWebKit/537.36 (KHTML, like Gecko; compatible; ClaudeBot/1.0; +claudebot@anthropic.com)"
216.73.216.208 - - [03/Apr/2026:09:13:51 -0700] "GET /item/4193116534.phtml HTTP/1.1" 500 5 "-" "Mozilla/5.0 AppleWebKit/537.36 (KHTML, like Gecko; compatible; ClaudeBot/1.0; +claudebot@anthropic.com)"
57.141.6.63 - - [03/Apr/2026:09:13:51 -0700] "GET /items/154538700 HTTP/1.1" 500 5 "-" "meta-externalagent/1.1 (+https://developers.facebook.com/docs/sharing/webmasters/crawler)"
216.73.216.208 - - [03/Apr/2026:09:13:57 -0700] "GET /item/3380151348.phtml HTTP/1.1" 500 5 "-" "Mozilla/5.0 AppleWebKit/537.36 (KHTML, like Gecko; compatible; ClaudeBot/1.0; +claudebot@anthropic.com)"
216.73.216.208 - - [03/Apr/2026:09:14:03 -0700] "GET /item/1276202550.phtml HTTP/1.1" 500 5 "-" "Mozilla/5.0 AppleWebKit/537.36 (KHTML, like Gecko; compatible; ClaudeBot/1.0; +claudebot@anthropic.com)"
216.73.216.208 - - [03/Apr/2026:09:14:07 -0700] "GET /item/2906066820.phtml HTTP/1.1" 500 5 "-" "Mozilla/5.0 AppleWebKit/537.36 (KHTML, like Gecko; compatible; ClaudeBot/1.0; +claudebot@anthropic.com)"
216.73.216.208 - - [03/Apr/2026:09:14:11 -0700] "GET /item/3319264727.phtml HTTP/1.1" 500 5 "-" "Mozilla/5.0 AppleWebKit/537.36 (KHTML, like Gecko; compatible; ClaudeBot/1.0; +claudebot@anthropic.com)"
216.73.216.208 - - [03/Apr/2026:09:14:20 -0700] "GET /item/3437553700.phtml HTTP/1.1" 500 5 "-" "Mozilla/5.0 AppleWebKit/537.36 (KHTML, like Gecko; compatible; ClaudeBot/1.0; +claudebot@anthropic.com)"
89.153.241.155 - - [03/Apr/2026:09:14:24 -0700] "POST /xmlrpc.php HTTP/1.1" 200 0 "-" "Mozilla/5.0 (Windows NT 10.0; x64) AppleWebKit/537.36 (KHTML, like Gecko) Safari/10.0.0.0 Safari/537.36"
216.73.216.208 - - [03/Apr/2026:09:14:24 -0700] "GET /item/3013197661.phtml HTTP/1.1" 500 5 "-" "Mozilla/5.0 AppleWebKit/537.36 (KHTML, like Gecko; compatible; ClaudeBot/1.0; +claudebot@anthropic.com)"
216.73.216.208 - - [03/Apr/2026:09:14:28 -0700] "GET /item/1456169863.phtml HTTP/1.1" 500 5 "-" "Mozilla/5.0 AppleWebKit/537.36 (KHTML, like Gecko; compatible; ClaudeBot/1.0; +claudebot@anthropic.com)"
216.73.216.208 - - [03/Apr/2026:09:14:31 -0700] "GET /item/2107661626.phtml HTTP/1.1" 500 5 "-" "Mozilla/5.0 AppleWebKit/537.36 (KHTML, like Gecko; compatible; ClaudeBot/1.0; +claudebot@anthropic.com)"
216.73.216.208 - - [03/Apr/2026:09:14:37 -0700] "GET /item/1711762372.phtml HTTP/1.1" 500 5 "-" "Mozilla/5.0 AppleWebKit/537.36 (KHTML, like Gecko; compatible; ClaudeBot/1.0; +claudebot@anthropic.com)"
216.73.216.208 - - [03/Apr/2026:09:14:44 -0700] "GET /item/3889961411.phtml HTTP/1.1" 500 5 "-" "Mozilla/5.0 AppleWebKit/537.36 (KHTML, like Gecko; compatible; ClaudeBot/1.0; +claudebot@anthropic.com)"
216.73.216.208 - - [03/Apr/2026:09:14:53 -0700] "GET /item/1500838330.phtml HTTP/1.1" 500 5 "-" "Mozilla/5.0 AppleWebKit/537.36 (KHTML, like Gecko; compatible; ClaudeBot/1.0; +claudebot@anthropic.com)"
45.130.83.91 - - [03/Apr/2026:09:14:55 -0700] "POST /wp-login.php HTTP/1.1" 500 5 "-" "Mozilla/5.0"
216.73.216.208 - - [03/Apr/2026:09:14:56 -0700] "GET /item/3711562832.phtml HTTP/1.1" 500 5 "-" "Mozilla/5.0 AppleWebKit/537.36 (KHTML, like Gecko; compatible; ClaudeBot/1.0; +claudebot@anthropic.com)"
57.141.6.44 - - [03/Apr/2026:09:14:57 -0700] "GET /items/930738326 HTTP/1.1" 500 5 "-" "meta-externalagent/1.1 (+https://developers.facebook.com/docs/sharing/webmasters/crawler)"
160.30.137.9 - - [03/Apr/2026:09:15:07 -0700] "GET /wp-login.php HTTP/1.1" 200 1762 "https://www.bing.com/" "Mozilla/5.0 (Windows NT 10.0; Win64; x64) AppleWebKit/537.36 (KHTML, like Gecko) Chrome/120.0.0.0 Safari/537.36"
216.73.216.208 - - [03/Apr/2026:09:15:07 -0700] "GET /item/1712757536.phtml HTTP/1.1" 500 5 "-" "Mozilla/5.0 AppleWebKit/537.36 (KHTML, like Gecko; compatible; ClaudeBot/1.0; +claudebot@anthropic.com)"
216.73.216.208 - - [03/Apr/2026:09:15:13 -0700] "GET /item/4105885827.phtml HTTP/1.1" 500 5 "-" "Mozilla/5.0 AppleWebKit/537.36 (KHTML, like Gecko; compatible; ClaudeBot/1.0; +claudebot@anthropic.com)"
160.30.137.9 - - [03/Apr/2026:09:15:15 -0700] "GET /wp-admin/ HTTP/1.1" 302 5 "-" "Mozilla/5.0 (Macintosh; Intel Mac OS X 13_6_1; rv:120.0) Gecko/20100101 Firefox/120.0"
216.73.216.208 - - [03/Apr/2026:09:15:15 -0700] "GET /item/3315671103.phtml HTTP/1.1" 500 5 "-" "Mozilla/5.0 AppleWebKit/537.36 (KHTML, like Gecko; compatible; ClaudeBot/1.0; +claudebot@anthropic.com)"
152.59.155.123 - - [03/Apr/2026:09:15:18 -0700] "POST /xmlrpc.php HTTP/1.1" 200 415 "-" "Mozilla/5.0 (Windows NT 10.0; x64) AppleWebKit/537.36 (KHTML, like Gecko) Opera/76.0.0.0 Safari/537.36"
216.73.216.208 - - [03/Apr/2026:09:15:19 -0700] "GET /item/2726495526.phtml HTTP/1.1" 500 5 "-" "Mozilla/5.0 AppleWebKit/537.36 (KHTML, like Gecko; compatible; ClaudeBot/1.0; +claudebot@anthropic.com)"
216.73.216.208 - - [03/Apr/2026:09:15:24 -0700] "GET /item/1672725283.phtml HTTP/1.1" 500 5 "-" "Mozilla/5.0 AppleWebKit/537.36 (KHTML, like Gecko; compatible; ClaudeBot/1.0; +claudebot@anthropic.com)"
216.73.216.208 - - [03/Apr/2026:09:15:32 -0700] "GET /item/1790850749.phtml HTTP/1.1" 500 5 "-" "Mozilla/5.0 AppleWebKit/537.36 (KHTML, like Gecko; compatible; ClaudeBot/1.0; +claudebot@anthropic.com)"
216.73.216.208 - - [03/Apr/2026:09:15:37 -0700] "GET /item/793601039.phtml HTTP/1.1" 500 5 "-" "Mozilla/5.0 AppleWebKit/537.36 (KHTML, like Gecko; compatible; ClaudeBot/1.0; +claudebot@anthropic.com)"
216.73.216.208 - - [03/Apr/2026:09:15:39 -0700] "GET /item/824656538.phtml HTTP/1.1" 500 5 "-" "Mozilla/5.0 AppleWebKit/537.36 (KHTML, like Gecko; compatible; ClaudeBot/1.0; +claudebot@anthropic.com)"
216.73.216.208 - - [03/Apr/2026:09:15:44 -0700] "GET /item/1511016891.phtml HTTP/1.1" 500 5 "-" "Mozilla/5.0 AppleWebKit/537.36 (KHTML, like Gecko; compatible; ClaudeBot/1.0; +claudebot@anthropic.com)"
89.153.241.155 - - [03/Apr/2026:09:15:44 -0700] "POST /xmlrpc.php HTTP/1.1" 200 415 "-" "Mozilla/5.0 (Windows NT 6.2; x64) AppleWebKit/537.36 (KHTML, like Gecko) Firefox/82.0.0.0 Safari/537.36"
216.73.216.208 - - [03/Apr/2026:09:15:50 -0700] "GET /item/2925052594.phtml HTTP/1.1" 500 5 "-" "Mozilla/5.0 AppleWebKit/537.36 (KHTML, like Gecko; compatible; ClaudeBot/1.0; +claudebot@anthropic.com)"
216.73.216.208 - - [03/Apr/2026:09:15:57 -0700] "GET /item/2515798711.phtml HTTP/1.1" 500 5 "-" "Mozilla/5.0 AppleWebKit/537.36 (KHTML, like Gecko; compatible; ClaudeBot/1.0; +claudebot@anthropic.com)"
216.73.216.208 - - [03/Apr/2026:09:15:59 -0700] "GET /item/3128351681.phtml HTTP/1.1" 500 5 "-" "Mozilla/5.0 AppleWebKit/537.36 (KHTML, like Gecko; compatible; ClaudeBot/1.0; +claudebot@anthropic.com)"
216.73.216.208 - - [03/Apr/2026:09:16:04 -0700] "GET /item/1294696440.phtml HTTP/1.1" 500 5 "-" "Mozilla/5.0 AppleWebKit/537.36 (KHTML, like Gecko; compatible; ClaudeBot/1.0; +claudebot@anthropic.com)"
57.141.6.43 - - [03/Apr/2026:09:16:05 -0700] "GET /items/1311064862 HTTP/1.1" 500 5 "-" "meta-externalagent/1.1 (+https://developers.facebook.com/docs/sharing/webmasters/crawler)"
216.73.216.208 - - [03/Apr/2026:09:16:09 -0700] "GET /item/3407483073.phtml HTTP/1.1" 500 5 "-" "Mozilla/5.0 AppleWebKit/537.36 (KHTML, like Gecko; compatible; ClaudeBot/1.0; +claudebot@anthropic.com)"
216.73.216.208 - - [03/Apr/2026:09:16:15 -0700] "GET /item/2286934230.phtml HTTP/1.1" 500 5 "-" "Mozilla/5.0 AppleWebKit/537.36 (KHTML, like Gecko; compatible; ClaudeBot/1.0; +claudebot@anthropic.com)"
216.73.216.208 - - [03/Apr/2026:09:16:21 -0700] "GET /item/2527886780.phtml HTTP/1.1" 500 5 "-" "Mozilla/5.0 AppleWebKit/537.36 (KHTML, like Gecko; compatible; ClaudeBot/1.0; +claudebot@anthropic.com)"
216.73.216.208 - - [03/Apr/2026:09:16:25 -0700] "GET /item/573749951.phtml HTTP/1.1" 500 5 "-" "Mozilla/5.0 AppleWebKit/537.36 (KHTML, like Gecko; compatible; ClaudeBot/1.0; +claudebot@anthropic.com)"
216.73.216.208 - - [03/Apr/2026:09:16:31 -0700] "GET /item/2634876668.phtml HTTP/1.1" 500 5 "-" "Mozilla/5.0 AppleWebKit/537.36 (KHTML, like Gecko; compatible; ClaudeBot/1.0; +claudebot@anthropic.com)"
216.73.216.208 - - [03/Apr/2026:09:16:36 -0700] "GET /item/2653607344.phtml HTTP/1.1" 500 5 "-" "Mozilla/5.0 AppleWebKit/537.36 (KHTML, like Gecko; compatible; ClaudeBot/1.0; +claudebot@anthropic.com)"
216.73.216.208 - - [03/Apr/2026:09:16:43 -0700] "GET /item/2635257126.phtml HTTP/1.1" 500 5 "-" "Mozilla/5.0 AppleWebKit/537.36 (KHTML, like Gecko; compatible; ClaudeBot/1.0; +claudebot@anthropic.com)"
216.73.216.208 - - [03/Apr/2026:09:16:47 -0700] "GET /item/3896558642.phtml HTTP/1.1" 500 5 "-" "Mozilla/5.0 AppleWebKit/537.36 (KHTML, like Gecko; compatible; ClaudeBot/1.0; +claudebot@anthropic.com)"
216.73.216.208 - - [03/Apr/2026:09:16:54 -0700] "GET /item/1170606580.phtml HTTP/1.1" 500 5 "-" "Mozilla/5.0 AppleWebKit/537.36 (KHTML, like Gecko; compatible; ClaudeBot/1.0; +claudebot@anthropic.com)"
216.73.216.208 - - [03/Apr/2026:09:16:56 -0700] "GET /item/1050784021.phtml HTTP/1.1" 500 5 "-" "Mozilla/5.0 AppleWebKit/537.36 (KHTML, like Gecko; compatible; ClaudeBot/1.0; +claudebot@anthropic.com)"
89.153.241.155 - - [03/Apr/2026:09:16:56 -0700] "POST /xmlrpc.php HTTP/1.1" 200 415 "-" "Mozilla/5.0 (X11; Ubuntu; Linux x86_64; arm64) AppleWebKit/537.36 (KHTML, like Gecko) Safari/13.0.0.0 Safari/537.36"
216.73.216.208 - - [03/Apr/2026:09:17:02 -0700] "GET /item/2226253805.phtml HTTP/1.1" 500 5 "-" "Mozilla/5.0 AppleWebKit/537.36 (KHTML, like Gecko; compatible; ClaudeBot/1.0; +claudebot@anthropic.com)"
216.73.216.208 - - [03/Apr/2026:09:17:07 -0700] "GET /item/3121175156.phtml HTTP/1.1" 500 5 "-" "Mozilla/5.0 AppleWebKit/537.36 (KHTML, like Gecko; compatible; ClaudeBot/1.0; +claudebot@anthropic.com)"
216.73.216.208 - - [03/Apr/2026:09:17:15 -0700] "GET /item/1316803821.phtml HTTP/1.1" 500 5 "-" "Mozilla/5.0 AppleWebKit/537.36 (KHTML, like Gecko; compatible; ClaudeBot/1.0; +claudebot@anthropic.com)"
216.73.216.208 - - [03/Apr/2026:09:17:23 -0700] "GET /item/3117508269.phtml HTTP/1.1" 500 5 "-" "Mozilla/5.0 AppleWebKit/537.36 (KHTML, like Gecko; compatible; ClaudeBot/1.0; +claudebot@anthropic.com)"
216.73.216.208 - - [03/Apr/2026:09:17:26 -0700] "GET /item/4234226670.phtml HTTP/1.1" 500 5 "-" "Mozilla/5.0 AppleWebKit/537.36 (KHTML, like Gecko; compatible; ClaudeBot/1.0; +claudebot@anthropic.com)"
216.73.216.208 - - [03/Apr/2026:09:17:31 -0700] "GET /item/2078966621.phtml HTTP/1.1" 500 5 "-" "Mozilla/5.0 AppleWebKit/537.36 (KHTML, like Gecko; compatible; ClaudeBot/1.0; +claudebot@anthropic.com)"
216.73.216.208 - - [03/Apr/2026:09:17:38 -0700] "GET /item/3324382451.phtml HTTP/1.1" 500 5 "-" "Mozilla/5.0 AppleWebKit/537.36 (KHTML, like Gecko; compatible; ClaudeBot/1.0; +claudebot@anthropic.com)"
216.73.216.208 - - [03/Apr/2026:09:17:47 -0700] "GET /item/2450995390.phtml HTTP/1.1" 500 5 "-" "Mozilla/5.0 AppleWebKit/537.36 (KHTML, like Gecko; compatible; ClaudeBot/1.0; +claudebot@anthropic.com)"
216.73.216.208 - - [03/Apr/2026:09:17:50 -0700] "GET /item/1323403787.phtml HTTP/1.1" 500 5 "-" "Mozilla/5.0 AppleWebKit/537.36 (KHTML, like Gecko; compatible; ClaudeBot/1.0; +claudebot@anthropic.com)"
216.73.216.208 - - [03/Apr/2026:09:17:57 -0700] "GET /item/1389351229.phtml HTTP/1.1" 500 5 "-" "Mozilla/5.0 AppleWebKit/537.36 (KHTML, like Gecko; compatible; ClaudeBot/1.0; +claudebot@anthropic.com)"
216.73.216.208 - - [03/Apr/2026:09:18:01 -0700] "GET /item/2541499716.phtml HTTP/1.1" 500 5 "-" "Mozilla/5.0 AppleWebKit/537.36 (KHTML, like Gecko; compatible; ClaudeBot/1.0; +claudebot@anthropic.com)"
216.73.216.208 - - [03/Apr/2026:09:18:07 -0700] "GET /item/3780693867.phtml HTTP/1.1" 500 5 "-" "Mozilla/5.0 AppleWebKit/537.36 (KHTML, like Gecko; compatible; ClaudeBot/1.0; +claudebot@anthropic.com)"
216.73.216.208 - - [03/Apr/2026:09:18:10 -0700] "GET /item/3616091979.phtml HTTP/1.1" 500 5 "-" "Mozilla/5.0 AppleWebKit/537.36 (KHTML, like Gecko; compatible; ClaudeBot/1.0; +claudebot@anthropic.com)"
89.153.241.155 - - [03/Apr/2026:09:18:12 -0700] "POST /xmlrpc.php HTTP/1.1" 200 415 "-" "Mozilla/5.0 (Macintosh; Intel Mac OS X 10_15_7; x64) AppleWebKit/537.36 (KHTML, like Gecko) Firefox/72.0.0.0 Safari/537.36"
57.141.6.17 - - [03/Apr/2026:09:18:13 -0700] "GET /items/2548236809 HTTP/1.1" 500 5 "-" "meta-externalagent/1.1 (+https://developers.facebook.com/docs/sharing/webmasters/crawler)"
216.73.216.208 - - [03/Apr/2026:09:18:15 -0700] "GET /item/404244539.phtml HTTP/1.1" 500 5 "-" "Mozilla/5.0 AppleWebKit/537.36 (KHTML, like Gecko; compatible; ClaudeBot/1.0; +claudebot@anthropic.com)"
216.73.216.208 - - [03/Apr/2026:09:18:20 -0700] "GET /item/2726076921.phtml HTTP/1.1" 500 5 "-" "Mozilla/5.0 AppleWebKit/537.36 (KHTML, like Gecko; compatible; ClaudeBot/1.0; +claudebot@anthropic.com)"
216.73.216.208 - - [03/Apr/2026:09:18:26 -0700] "GET /item/1690231566.phtml HTTP/1.1" 500 5 "-" "Mozilla/5.0 AppleWebKit/537.36 (KHTML, like Gecko; compatible; ClaudeBot/1.0; +claudebot@anthropic.com)"
216.73.216.208 - - [03/Apr/2026:09:18:30 -0700] "GET /item/1057003513.phtml HTTP/1.1" 500 5 "-" "Mozilla/5.0 AppleWebKit/537.36 (KHTML, like Gecko; compatible; ClaudeBot/1.0; +claudebot@anthropic.com)"
216.73.216.208 - - [03/Apr/2026:09:18:34 -0700] "GET /item/1824298081.phtml HTTP/1.1" 500 0 "-" "Mozilla/5.0 AppleWebKit/537.36 (KHTML, like Gecko; compatible; ClaudeBot/1.0; +claudebot@anthropic.com)"
217.182.194.16 - - [03/Apr/2026:09:18:36 -0700] "GET /robots.txt HTTP/1.1" 200 83 "-" "Mozilla/5.0 (compatible; MJ12bot/v1.4.8; http://mj12bot.com/)"
216.73.216.208 - - [03/Apr/2026:09:18:39 -0700] "GET /item/1759882727.phtml HTTP/1.1" 500 5 "-" "Mozilla/5.0 AppleWebKit/537.36 (KHTML, like Gecko; compatible; ClaudeBot/1.0; +claudebot@anthropic.com)"
217.182.194.16 - - [03/Apr/2026:09:18:41 -0700] "GET /naqvx.php?fileloc=/home/autoaccidentes/.cpanel/caches/filesys/~home~autoaccidentes&path=/home/autoaccidentes/.cpanel/caches/filesys HTTP/1.1" 200 2391 "-" "Mozilla/5.0 (compatible; MJ12bot/v1.4.8; http://mj12bot.com/)"
216.73.216.208 - - [03/Apr/2026:09:18:44 -0700] "GET /item/1380490588.phtml HTTP/1.1" 500 5 "-" "Mozilla/5.0 AppleWebKit/537.36 (KHTML, like Gecko; compatible; ClaudeBot/1.0; +claudebot@anthropic.com)"
217.182.194.16 - - [03/Apr/2026:09:18:47 -0700] "GET /naqvx.php?fileloc=/home/autoaccidentes/public_html/acercadenosotros/acercadenosotros/acercadenosotros/.htaccess&path=/home/autoaccidentes/public_html/acercadenosotros/acercadenosotros/acercadenosotros HTTP/1.1" 200 2279 "-" "Mozilla/5.0 (compatible; MJ12bot/v1.4.8; http://mj12bot.com/)"
216.73.216.208 - - [03/Apr/2026:09:18:50 -0700] "GET /item/2912503279.phtml HTTP/1.1" 500 5 "-" "Mozilla/5.0 AppleWebKit/537.36 (KHTML, like Gecko; compatible; ClaudeBot/1.0; +claudebot@anthropic.com)"
217.182.194.16 - - [03/Apr/2026:09:18:52 -0700] "GET /naqvx.php?fileloc=/home/autoaccidentes/public_html/wp-content/plugins/wordpress-seo/license.txt&path=/home/autoaccidentes/public_html/wp-content/plugins/wordpress-seo HTTP/1.1" 200 13344 "-" "Mozilla/5.0 (compatible; MJ12bot/v1.4.8; http://mj12bot.com/)"
216.73.216.208 - - [03/Apr/2026:09:18:55 -0700] "GET /item/3106244316.phtml HTTP/1.1" 500 5 "-" "Mozilla/5.0 AppleWebKit/537.36 (KHTML, like Gecko; compatible; ClaudeBot/1.0; +claudebot@anthropic.com)"
217.182.194.16 - - [03/Apr/2026:09:18:57 -0700] "GET /naqvx.php?fileloc=/home/autoaccidentes/public_html/wp-content/plugins/wordpress-seo/readme.txt&path=/home/autoaccidentes/public_html/wp-content/plugins/wordpress-seo HTTP/1.1" 200 11967 "-" "Mozilla/5.0 (compatible; MJ12bot/v1.4.8; http://mj12bot.com/)"
216.73.216.208 - - [03/Apr/2026:09:18:59 -0700] "GET /item/4027782354.phtml HTTP/1.1" 500 5 "-" "Mozilla/5.0 AppleWebKit/537.36 (KHTML, like Gecko; compatible; ClaudeBot/1.0; +claudebot@anthropic.com)"
217.182.194.16 - - [03/Apr/2026:09:19:00 -0700] "GET /naqvx.php?fileloc=/home/autoaccidentes/public_html/wp-content/plugins/wp-social-seo-booster/license.txt&path=/home/autoaccidentes/public_html/wp-content/plugins/wp-social-seo-booster HTTP/1.1" 200 7943 "-" "Mozilla/5.0 (compatible; MJ12bot/v1.4.8; http://mj12bot.com/)"
216.73.216.208 - - [03/Apr/2026:09:19:05 -0700] "GET /item/3477361461.phtml HTTP/1.1" 500 5 "-" "Mozilla/5.0 AppleWebKit/537.36 (KHTML, like Gecko; compatible; ClaudeBot/1.0; +claudebot@anthropic.com)"
217.182.194.16 - - [03/Apr/2026:09:19:05 -0700] "GET /naqvx.php?fileloc=/home/autoaccidentes/public_html/wp-content/plugins/wp-social-seo-booster/readme.txt&path=/home/autoaccidentes/public_html/wp-content/plugins/wp-social-seo-booster HTTP/1.1" 200 5010 "-" "Mozilla/5.0 (compatible; MJ12bot/v1.4.8; http://mj12bot.com/)"
216.73.216.208 - - [03/Apr/2026:09:19:09 -0700] "GET /item/3478356625.phtml HTTP/1.1" 500 5 "-" "Mozilla/5.0 AppleWebKit/537.36 (KHTML, like Gecko; compatible; ClaudeBot/1.0; +claudebot@anthropic.com)"
217.182.194.16 - - [03/Apr/2026:09:19:15 -0700] "GET /naqvx.php?fileloc=/home/autoaccidentes/public_html/wp-content/plugins/wp-social-seo-booster/wpsocial-seo-booster.php&path=/home/autoaccidentes/public_html/wp-content/plugins/wp-social-seo-booster HTTP/1.1" 200 4556 "-" "Mozilla/5.0 (compatible; MJ12bot/v1.4.8; http://mj12bot.com/)"
216.73.216.208 - - [03/Apr/2026:09:19:15 -0700] "GET /item/479923814.phtml HTTP/1.1" 500 5 "-" "Mozilla/5.0 AppleWebKit/537.36 (KHTML, like Gecko; compatible; ClaudeBot/1.0; +claudebot@anthropic.com)"
217.182.194.16 - - [03/Apr/2026:09:19:19 -0700] "GET /naqvx.php?fileloc=/home/autoaccidentes/public_html/wp-content/plugins/xtlhq/LICENSE.txt&path=/home/autoaccidentes/public_html/wp-content/plugins/xtlhq HTTP/1.1" 200 9050 "-" "Mozilla/5.0 (compatible; MJ12bot/v1.4.8; http://mj12bot.com/)"
216.73.216.208 - - [03/Apr/2026:09:19:19 -0700] "GET /item/1536888944.phtml HTTP/1.1" 500 5 "-" "Mozilla/5.0 AppleWebKit/537.36 (KHTML, like Gecko; compatible; ClaudeBot/1.0; +claudebot@anthropic.com)"
57.141.6.67 - - [03/Apr/2026:09:19:19 -0700] "GET /items/1329087 HTTP/1.1" 500 5 "-" "meta-externalagent/1.1 (+https://developers.facebook.com/docs/sharing/webmasters/crawler)"
216.73.216.208 - - [03/Apr/2026:09:19:25 -0700] "GET /item/1001030211.phtml HTTP/1.1" 500 5 "-" "Mozilla/5.0 AppleWebKit/537.36 (KHTML, like Gecko; compatible; ClaudeBot/1.0; +claudebot@anthropic.com)"
217.182.194.16 - - [03/Apr/2026:09:19:25 -0700] "GET /naqvx.php?fileloc=/home/autoaccidentes/public_html/wp-content/plugins/xtlhq/femrq.php&path=/home/autoaccidentes/public_html/wp-content/plugins/xtlhq HTTP/1.1" 200 54000 "-" "Mozilla/5.0 (compatible; MJ12bot/v1.4.8; http://mj12bot.com/)"
89.153.241.155 - - [03/Apr/2026:09:19:27 -0700] "POST /xmlrpc.php HTTP/1.1" 200 403 "-" "Mozilla/5.0 (Windows NT 6.3; x64) AppleWebKit/537.36 (KHTML, like Gecko) Edge/92.0.0.0 Safari/537.36"
152.59.155.123 - - [03/Apr/2026:09:19:28 -0700] "POST /xmlrpc.php HTTP/1.1" 200 0 "-" "Mozilla/5.0 (Windows NT 10.0; x64) AppleWebKit/537.36 (KHTML, like Gecko) Safari/12.0.0.0 Safari/537.36"
217.182.194.16 - - [03/Apr/2026:09:19:30 -0700] "GET /naqvx.php?fileloc=/home/autoaccidentes/public_html/wp-content/plugins/xtlhq/index.php&path=/home/autoaccidentes/public_html/wp-content/plugins/xtlhq HTTP/1.1" 200 6115 "-" "Mozilla/5.0 (compatible; MJ12bot/v1.4.8; http://mj12bot.com/)"
216.73.216.208 - - [03/Apr/2026:09:19:30 -0700] "GET /item/4215223915.phtml HTTP/1.1" 500 5 "-" "Mozilla/5.0 AppleWebKit/537.36 (KHTML, like Gecko; compatible; ClaudeBot/1.0; +claudebot@anthropic.com)"
217.182.194.16 - - [03/Apr/2026:09:19:34 -0700] "GET /naqvx.php?fileloc=/home/autoaccidentes/public_html/wp-content/plugins/xtlhq/ovacpxrve.php&path=/home/autoaccidentes/public_html/wp-content/plugins/xtlhq HTTP/1.1" 200 17010 "-" "Mozilla/5.0 (compatible; MJ12bot/v1.4.8; http://mj12bot.com/)"
216.73.216.208 - - [03/Apr/2026:09:19:36 -0700] "GET /item/1695619417.phtml HTTP/1.1" 500 5 "-" "Mozilla/5.0 AppleWebKit/537.36 (KHTML, like Gecko; compatible; ClaudeBot/1.0; +claudebot@anthropic.com)"
217.182.194.16 - - [03/Apr/2026:09:19:38 -0700] "GET /naqvx.php?fileloc=/home/autoaccidentes/public_html/wp-content/plugins/xtlhq/ovacxuwyf.php&path=/home/autoaccidentes/public_html/wp-content/plugins/xtlhq HTTP/1.1" 200 17010 "-" "Mozilla/5.0 (compatible; MJ12bot/v1.4.8; http://mj12bot.com/)"
216.73.216.208 - - [03/Apr/2026:09:19:41 -0700] "GET /item/3800593985.phtml HTTP/1.1" 500 5 "-" "Mozilla/5.0 AppleWebKit/537.36 (KHTML, like Gecko; compatible; ClaudeBot/1.0; +claudebot@anthropic.com)"
216.73.216.208 - - [03/Apr/2026:09:19:44 -0700] "GET /item/4126010421.phtml HTTP/1.1" 500 5 "-" "Mozilla/5.0 AppleWebKit/537.36 (KHTML, like Gecko; compatible; ClaudeBot/1.0; +claudebot@anthropic.com)"
217.182.194.16 - - [03/Apr/2026:09:19:44 -0700] "GET /naqvx.php?fileloc=/home/autoaccidentes/public_html/wp-content/plugins/xtlhq/ovazfxocr.php&path=/home/autoaccidentes/public_html/wp-content/plugins/xtlhq HTTP/1.1" 200 17012 "-" "Mozilla/5.0 (compatible; MJ12bot/v1.4.8; http://mj12bot.com/)"
217.182.194.16 - - [03/Apr/2026:09:19:48 -0700] "GET /naqvx.php?fileloc=/home/autoaccidentes/public_html/wp-content/plugins/xtlhq/php.ini&path=/home/autoaccidentes/public_html/wp-content/plugins/xtlhq HTTP/1.1" 200 2352 "-" "Mozilla/5.0 (compatible; MJ12bot/v1.4.8; http://mj12bot.com/)"
216.73.216.208 - - [03/Apr/2026:09:19:49 -0700] "GET /item/2508203613.phtml HTTP/1.1" 500 5 "-" "Mozilla/5.0 AppleWebKit/537.36 (KHTML, like Gecko; compatible; ClaudeBot/1.0; +claudebot@anthropic.com)"
217.182.194.16 - - [03/Apr/2026:09:19:55 -0700] "GET /naqvx.php?fileloc=/home/autoaccidentes/public_html/wp-content/plugins/xtlhq/protect-uploads.php&path=/home/autoaccidentes/public_html/wp-content/plugins/xtlhq HTTP/1.1" 200 2788 "-" "Mozilla/5.0 (compatible; MJ12bot/v1.4.8; http://mj12bot.com/)"
216.73.216.208 - - [03/Apr/2026:09:19:57 -0700] "GET /item/3122387255.phtml HTTP/1.1" 500 5 "-" "Mozilla/5.0 AppleWebKit/537.36 (KHTML, like Gecko; compatible; ClaudeBot/1.0; +claudebot@anthropic.com)"
217.182.194.16 - - [03/Apr/2026:09:20:03 -0700] "GET /naqvx.php?fileloc=/home/autoaccidentes/public_html/wp-content/plugins/xtlhq/readme.txt&path=/home/autoaccidentes/public_html/wp-content/plugins/xtlhq HTTP/1.1" 200 3319 "-" "Mozilla/5.0 (compatible; MJ12bot/v1.4.8; http://mj12bot.com/)"
216.73.216.208 - - [03/Apr/2026:09:20:06 -0700] "GET /item/2636252290.phtml HTTP/1.1" 500 5 "-" "Mozilla/5.0 AppleWebKit/537.36 (KHTML, like Gecko; compatible; ClaudeBot/1.0; +claudebot@anthropic.com)"
217.182.194.16 - - [03/Apr/2026:09:20:07 -0700] "GET /naqvx.php?fileloc=/home/autoaccidentes/public_html/wp-content/plugins/xtlhq/uninstall.php&path=/home/autoaccidentes/public_html/wp-content/plugins/xtlhq HTTP/1.1" 200 2959 "-" "Mozilla/5.0 (compatible; MJ12bot/v1.4.8; http://mj12bot.com/)"
216.73.216.208 - - [03/Apr/2026:09:20:09 -0700] "GET /item/2749741743.phtml HTTP/1.1" 500 5 "-" "Mozilla/5.0 AppleWebKit/537.36 (KHTML, like Gecko; compatible; ClaudeBot/1.0; +claudebot@anthropic.com)"
217.182.194.16 - - [03/Apr/2026:09:20:11 -0700] "GET /naqvx.php?fileloc=/home/autoaccidentes/public_html/wp-content/plugins/xtlhq/yqfny.php&path=/home/autoaccidentes/public_html/wp-content/plugins/xtlhq HTTP/1.1" 200 54002 "-" "Mozilla/5.0 (compatible; MJ12bot/v1.4.8; http://mj12bot.com/)"
217.182.194.16 - - [03/Apr/2026:09:20:20 -0700] "GET /naqvx.php?fileloc=/home/autoaccidentes/public_html/wp-content/themes/consultstreet/comments.php&path=/home/autoaccidentes/public_html/wp-content/themes/consultstreet HTTP/1.1" 200 3784 "-" "Mozilla/5.0 (compatible; MJ12bot/v1.4.8; http://mj12bot.com/)"
217.182.194.16 - - [03/Apr/2026:09:20:24 -0700] "GET /naqvx.php?fileloc=/home/autoaccidentes/public_html/wp-content/themes/consultstreet/header.php&path=/home/autoaccidentes/public_html/wp-content/themes/consultstreet HTTP/1.1" 200 2761 "-" "Mozilla/5.0 (compatible; MJ12bot/v1.4.8; http://mj12bot.com/)"
217.182.194.16 - - [03/Apr/2026:09:20:28 -0700] "GET /naqvx.php?fileloc=/home/autoaccidentes/public_html/wp-content/themes/consultstreet/index.php&path=/home/autoaccidentes/public_html/wp-content/themes/consultstreet HTTP/1.1" 200 3074 "-" "Mozilla/5.0 (compatible; MJ12bot/v1.4.8; http://mj12bot.com/)"
217.182.194.16 - - [03/Apr/2026:09:20:35 -0700] "GET /naqvx.php?fileloc=/home/autoaccidentes/public_html/wp-content/themes/consultstreet/license.txt&path=/home/autoaccidentes/public_html/wp-content/themes/consultstreet HTTP/1.1" 200 7935 "-" "Mozilla/5.0 (compatible; MJ12bot/v1.4.8; http://mj12bot.com/)"
89.153.241.155 - - [03/Apr/2026:09:20:36 -0700] "POST /xmlrpc.php HTTP/1.1" 200 415 "-" "Mozilla/5.0 (Windows NT 6.2; arm64) AppleWebKit/537.36 (KHTML, like Gecko) Chrome/106.0.0.0 Safari/537.36"
217.182.194.16 - - [03/Apr/2026:09:20:39 -0700] "GET /naqvx.php?fileloc=/home/autoaccidentes/public_html/wp-content/themes/consultstreet/page.php&path=/home/autoaccidentes/public_html/wp-content/themes/consultstreet HTTP/1.1" 200 3105 "-" "Mozilla/5.0 (compatible; MJ12bot/v1.4.8; http://mj12bot.com/)"
217.182.194.16 - - [03/Apr/2026:09:20:43 -0700] "GET /naqvx.php?fileloc=/home/autoaccidentes/public_html/wp-content/themes/consultstreet/readme.txt&path=/home/autoaccidentes/public_html/wp-content/themes/consultstreet HTTP/1.1" 200 7177 "-" "Mozilla/5.0 (compatible; MJ12bot/v1.4.8; http://mj12bot.com/)"
217.182.194.16 - - [03/Apr/2026:09:20:50 -0700] "GET /naqvx.php?fileloc=/home/autoaccidentes/public_html/wp-content/themes/consultstreet/screenshot.png&path=/home/autoaccidentes/public_html/wp-content/themes/consultstreet HTTP/1.1" 200 378071 "-" "Mozilla/5.0 (compatible; MJ12bot/v1.4.8; http://mj12bot.com/)"
217.182.194.16 - - [03/Apr/2026:09:20:54 -0700] "GET /naqvx.php?fileloc=/home/autoaccidentes/public_html/wp-content/themes/consultstreet/search.php&path=/home/autoaccidentes/public_html/wp-content/themes/consultstreet HTTP/1.1" 200 2884 "-" "Mozilla/5.0 (compatible; MJ12bot/v1.4.8; http://mj12bot.com/)"
217.182.194.16 - - [03/Apr/2026:09:21:01 -0700] "GET /naqvx.php?fileloc=/home/autoaccidentes/public_html/wp-content/themes/consultstreet/searchform.php&path=/home/autoaccidentes/public_html/wp-content/themes/consultstreet HTTP/1.1" 200 2482 "-" "Mozilla/5.0 (compatible; MJ12bot/v1.4.8; http://mj12bot.com/)"
217.182.194.16 - - [03/Apr/2026:09:21:06 -0700] "GET /naqvx.php?fileloc=/home/autoaccidentes/public_html/wp-content/themes/ecnvl/index.php&path=/home/autoaccidentes/public_html/wp-content/themes/ecnvl HTTP/1.1" 200 2284 "-" "Mozilla/5.0 (compatible; MJ12bot/v1.4.8; http://mj12bot.com/)"
217.182.194.16 - - [03/Apr/2026:09:21:10 -0700] "GET /naqvx.php?fileloc=/home/autoaccidentes/public_html/wp-content/themes/ecnvl/readme.txt&path=/home/autoaccidentes/public_html/wp-content/themes/ecnvl HTTP/1.1" 200 3324 "-" "Mozilla/5.0 (compatible; MJ12bot/v1.4.8; http://mj12bot.com/)"
217.182.194.16 - - [03/Apr/2026:09:21:14 -0700] "GET /naqvx.php?fileloc=/home/autoaccidentes/public_html/wp-content/themes/vantage-child/.htaccess&path=/home/autoaccidentes/public_html/wp-content/themes/vantage-child HTTP/1.1" 200 2292 "-" "Mozilla/5.0 (compatible; MJ12bot/v1.4.8; http://mj12bot.com/)"
217.182.194.16 - - [03/Apr/2026:09:21:20 -0700] "GET /naqvx.php?fileloc=/home/autoaccidentes/public_html/wp-includes/js/jquery/ui/controlgroup.min.js&path=/home/autoaccidentes/public_html/wp-includes/js/jquery/ui HTTP/1.1" 200 3886 "-" "Mozilla/5.0 (compatible; MJ12bot/v1.4.8; http://mj12bot.com/)"
217.182.194.16 - - [03/Apr/2026:09:21:24 -0700] "GET /naqvx.php?fileloc=/home/autoaccidentes/public_html/wp-includes/js/jquery/ui/core.js&path=/home/autoaccidentes/public_html/wp-includes/js/jquery/ui HTTP/1.1" 200 15482 "-" "Mozilla/5.0 (compatible; MJ12bot/v1.4.8; http://mj12bot.com/)"
152.59.155.123 - - [03/Apr/2026:09:21:27 -0700] "POST /xmlrpc.php HTTP/1.1" 200 415 "-" "Mozilla/5.0 (Windows NT 10.0; x86) AppleWebKit/537.36 (KHTML, like Gecko) Edge/80.0.0.0 Safari/537.36"
217.182.194.16 - - [03/Apr/2026:09:21:30 -0700] "GET /naqvx.php?fileloc=/home/autoaccidentes/public_html/wp-includes/js/jquery/ui/core.min.js&path=/home/autoaccidentes/public_html/wp-includes/js/jquery/ui HTTP/1.1" 200 9377 "-" "Mozilla/5.0 (compatible; MJ12bot/v1.4.8; http://mj12bot.com/)"
217.182.194.16 - - [03/Apr/2026:09:21:34 -0700] "GET /naqvx.php?fileloc=/home/autoaccidentes/public_html/wp-includes/js/jquery/ui/datepicker.js&path=/home/autoaccidentes/public_html/wp-includes/js/jquery/ui HTTP/1.1" 200 22627 "-" "Mozilla/5.0 (compatible; MJ12bot/v1.4.8; http://mj12bot.com/)"
217.182.194.16 - - [03/Apr/2026:09:21:43 -0700] "GET /naqvx.php?fileloc=/home/autoaccidentes/public_html/wp-includes/js/jquery/ui/datepicker.min.js&path=/home/autoaccidentes/public_html/wp-includes/js/jquery/ui HTTP/1.1" 200 13453 "-" "Mozilla/5.0 (compatible; MJ12bot/v1.4.8; http://mj12bot.com/)"
89.153.241.155 - - [03/Apr/2026:09:21:47 -0700] "POST /xmlrpc.php HTTP/1.1" 200 403 "-" "Mozilla/5.0 (Windows NT 6.3; x86) AppleWebKit/537.36 (KHTML, like Gecko) Opera/75.0.0.0 Safari/537.36"
217.182.194.16 - - [03/Apr/2026:09:21:53 -0700] "GET /naqvx.php?fileloc=/home/autoaccidentes/public_html/wp-includes/js/jquery/ui/dialog.js&path=/home/autoaccidentes/public_html/wp-includes/js/jquery/ui HTTP/1.1" 200 8736 "-" "Mozilla/5.0 (compatible; MJ12bot/v1.4.8; http://mj12bot.com/)"
217.182.194.16 - - [03/Apr/2026:09:21:57 -0700] "GET /naqvx.php?fileloc=/home/autoaccidentes/public_html/wp-includes/js/jquery/ui/dialog.min.js&path=/home/autoaccidentes/public_html/wp-includes/js/jquery/ui HTTP/1.1" 200 6137 "-" "Mozilla/5.0 (compatible; MJ12bot/v1.4.8; http://mj12bot.com/)"
217.182.194.16 - - [03/Apr/2026:09:22:08 -0700] "GET /naqvx.php?fileloc=/home/autoaccidentes/public_html/wp-includes/js/jquery/ui/draggable.js&path=/home/autoaccidentes/public_html/wp-includes/js/jquery/ui HTTP/1.1" 200 10693 "-" "Mozilla/5.0 (compatible; MJ12bot/v1.4.8; http://mj12bot.com/)"
217.182.194.16 - - [03/Apr/2026:09:22:14 -0700] "GET /naqvx.php?fileloc=/home/autoaccidentes/public_html/wp-includes/js/jquery/ui/draggable.min.js&path=/home/autoaccidentes/public_html/wp-includes/js/jquery/ui HTTP/1.1" 200 7144 "-" "Mozilla/5.0 (compatible; MJ12bot/v1.4.8; http://mj12bot.com/)"
217.182.194.16 - - [03/Apr/2026:09:22:18 -0700] "GET /naqvx.php?fileloc=/home/autoaccidentes/public_html/wp-includes/js/jquery/ui/droppable.js&path=/home/autoaccidentes/public_html/wp-includes/js/jquery/ui HTTP/1.1" 200 5736 "-" "Mozilla/5.0 (compatible; MJ12bot/v1.4.8; http://mj12bot.com/)"
217.182.194.16 - - [03/Apr/2026:09:22:23 -0700] "GET /naqvx.php?fileloc=/home/autoaccidentes/public_html/wp-includes/js/jquery/ui/effect-blind.js&path=/home/autoaccidentes/public_html/wp-includes/js/jquery/ui HTTP/1.1" 200 2976 "-" "Mozilla/5.0 (compatible; MJ12bot/v1.4.8; http://mj12bot.com/)"
217.182.194.16 - - [03/Apr/2026:09:22:34 -0700] "GET /naqvx.php?fileloc=/home/autoaccidentes/public_html/wp-includes/js/jquery/ui/effect-blind.min.js&path=/home/autoaccidentes/public_html/wp-includes/js/jquery/ui HTTP/1.1" 200 2745 "-" "Mozilla/5.0 (compatible; MJ12bot/v1.4.8; http://mj12bot.com/)"
217.182.194.16 - - [03/Apr/2026:09:22:38 -0700] "GET /naqvx.php?fileloc=/home/autoaccidentes/public_html/wp-includes/js/jquery/ui/effect-bounce.js&path=/home/autoaccidentes/public_html/wp-includes/js/jquery/ui HTTP/1.1" 200 3347 "-" "Mozilla/5.0 (compatible; MJ12bot/v1.4.8; http://mj12bot.com/)"
217.182.194.16 - - [03/Apr/2026:09:22:42 -0700] "GET /naqvx.php?fileloc=/home/autoaccidentes/public_html/wp-includes/js/jquery/ui/effect-bounce.min.js&path=/home/autoaccidentes/public_html/wp-includes/js/jquery/ui HTTP/1.1" 200 2860 "-" "Mozilla/5.0 (compatible; MJ12bot/v1.4.8; http://mj12bot.com/)"
217.182.194.16 - - [03/Apr/2026:09:22:47 -0700] "GET /naqvx.php?fileloc=/home/autoaccidentes/public_html/wp-includes/js/jquery/ui/effect-clip.js&path=/home/autoaccidentes/public_html/wp-includes/js/jquery/ui HTTP/1.1" 200 2926 "-" "Mozilla/5.0 (compatible; MJ12bot/v1.4.8; http://mj12bot.com/)"
217.182.194.16 - - [03/Apr/2026:09:22:52 -0700] "GET /naqvx.php?fileloc=/home/autoaccidentes/public_html/wp-includes/js/jquery/ui/effect-clip.min.js&path=/home/autoaccidentes/public_html/wp-includes/js/jquery/ui HTTP/1.1" 200 2694 "-" "Mozilla/5.0 (compatible; MJ12bot/v1.4.8; http://mj12bot.com/)"
89.153.241.155 - - [03/Apr/2026:09:22:56 -0700] "POST /xmlrpc.php HTTP/1.1" 200 415 "-" "Mozilla/5.0 (Macintosh; Intel Mac OS X 10_15_7; x64) AppleWebKit/537.36 (KHTML, like Gecko) Firefox/84.0.0.0 Safari/537.36"
217.182.194.16 - - [03/Apr/2026:09:22:57 -0700] "GET /naqvx.php?fileloc=/home/autoaccidentes/public_html/wp-includes/js/jquery/ui/effect-drop.js&path=/home/autoaccidentes/public_html/wp-includes/js/jquery/ui HTTP/1.1" 200 2975 "-" "Mozilla/5.0 (compatible; MJ12bot/v1.4.8; http://mj12bot.com/)"
217.182.194.16 - - [03/Apr/2026:09:23:01 -0700] "GET /naqvx.php?fileloc=/home/autoaccidentes/public_html/wp-includes/js/jquery/ui/effect-drop.min.js&path=/home/autoaccidentes/public_html/wp-includes/js/jquery/ui HTTP/1.1" 200 2710 "-" "Mozilla/5.0 (compatible; MJ12bot/v1.4.8; http://mj12bot.com/)"
217.182.194.16 - - [03/Apr/2026:09:23:07 -0700] "GET /naqvx.php?fileloc=/home/autoaccidentes/public_html/wp-includes/js/jquery/ui/effect-explode.js&path=/home/autoaccidentes/public_html/wp-includes/js/jquery/ui HTTP/1.1" 200 3506 "-" "Mozilla/5.0 (compatible; MJ12bot/v1.4.8; http://mj12bot.com/)"
217.182.194.16 - - [03/Apr/2026:09:23:13 -0700] "GET /naqvx.php?fileloc=/home/autoaccidentes/public_html/wp-includes/js/jquery/ui/effect-explode.min.js&path=/home/autoaccidentes/public_html/wp-includes/js/jquery/ui HTTP/1.1" 200 2907 "-" "Mozilla/5.0 (compatible; MJ12bot/v1.4.8; http://mj12bot.com/)"
152.59.155.123 - - [03/Apr/2026:09:23:15 -0700] "POST /xmlrpc.php HTTP/1.1" 200 415 "-" "Mozilla/5.0 (Windows NT 10.0; arm64) AppleWebKit/537.36 (KHTML, like Gecko) Opera/78.0.0.0 Safari/537.36"
217.182.194.16 - - [03/Apr/2026:09:23:17 -0700] "GET /naqvx.php?fileloc=/home/autoaccidentes/public_html/wp-includes/js/jquery/ui/effect-fade.js&path=/home/autoaccidentes/public_html/wp-includes/js/jquery/ui HTTP/1.1" 200 2759 "-" "Mozilla/5.0 (compatible; MJ12bot/v1.4.8; http://mj12bot.com/)"
217.182.194.16 - - [03/Apr/2026:09:23:25 -0700] "GET /naqvx.php?fileloc=/home/autoaccidentes/public_html/wp-includes/js/jquery/ui/effect-fade.min.js&path=/home/autoaccidentes/public_html/wp-includes/js/jquery/ui HTTP/1.1" 200 2592 "-" "Mozilla/5.0 (compatible; MJ12bot/v1.4.8; http://mj12bot.com/)"
217.182.194.16 - - [03/Apr/2026:09:23:32 -0700] "GET /naqvx.php?fileloc=/home/autoaccidentes/public_html/wp-includes/js/jquery/ui/effect-fold.js&path=/home/autoaccidentes/public_html/wp-includes/js/jquery/ui HTTP/1.1" 200 3131 "-" "Mozilla/5.0 (compatible; MJ12bot/v1.4.8; http://mj12bot.com/)"
217.182.194.16 - - [03/Apr/2026:09:23:38 -0700] "GET /naqvx.php?fileloc=/home/autoaccidentes/public_html/wp-includes/js/jquery/ui/effect-fold.min.js&path=/home/autoaccidentes/public_html/wp-includes/js/jquery/ui HTTP/1.1" 200 2812 "-" "Mozilla/5.0 (compatible; MJ12bot/v1.4.8; http://mj12bot.com/)"
217.182.194.16 - - [03/Apr/2026:09:23:42 -0700] "GET /naqvx.php?fileloc=/home/autoaccidentes/public_html/wp-includes/js/jquery/ui/effect-highlight.js&path=/home/autoaccidentes/public_html/wp-includes/js/jquery/ui HTTP/1.1" 200 2856 "-" "Mozilla/5.0 (compatible; MJ12bot/v1.4.8; http://mj12bot.com/)"
57.141.6.22 - - [03/Apr/2026:09:23:45 -0700] "GET /items/168771287 HTTP/1.1" 500 5 "-" "meta-externalagent/1.1 (+https://developers.facebook.com/docs/sharing/webmasters/crawler)"
217.182.194.16 - - [03/Apr/2026:09:23:54 -0700] "GET /naqvx.php?fileloc=/home/autoaccidentes/public_html/wp-includes/js/jquery/ui/effect-highlight.min.js&path=/home/autoaccidentes/public_html/wp-includes/js/jquery/ui HTTP/1.1" 200 2638 "-" "Mozilla/5.0 (compatible; MJ12bot/v1.4.8; http://mj12bot.com/)"
217.182.194.16 - - [03/Apr/2026:09:23:58 -0700] "GET /naqvx.php?fileloc=/home/autoaccidentes/public_html/wp-includes/js/jquery/ui/effect-puff.js&path=/home/autoaccidentes/public_html/wp-includes/js/jquery/ui HTTP/1.1" 200 2778 "-" "Mozilla/5.0 (compatible; MJ12bot/v1.4.8; http://mj12bot.com/)"
217.182.194.16 - - [03/Apr/2026:09:24:02 -0700] "GET /naqvx.php?fileloc=/home/autoaccidentes/public_html/wp-includes/js/jquery/ui/effect-puff.min.js&path=/home/autoaccidentes/public_html/wp-includes/js/jquery/ui HTTP/1.1" 200 2568 "-" "Mozilla/5.0 (compatible; MJ12bot/v1.4.8; http://mj12bot.com/)"
217.182.194.16 - - [03/Apr/2026:09:24:13 -0700] "GET /naqvx.php?fileloc=/home/autoaccidentes/public_html/wp-includes/js/jquery/ui/effect-pulsate.js&path=/home/autoaccidentes/public_html/wp-includes/js/jquery/ui HTTP/1.1" 200 2989 "-" "Mozilla/5.0 (compatible; MJ12bot/v1.4.8; http://mj12bot.com/)"
217.182.194.16 - - [03/Apr/2026:09:24:20 -0700] "GET /naqvx.php?fileloc=/home/autoaccidentes/public_html/wp-includes/js/jquery/ui/effect-pulsate.min.js&path=/home/autoaccidentes/public_html/wp-includes/js/jquery/ui HTTP/1.1" 200 2679 "-" "Mozilla/5.0 (compatible; MJ12bot/v1.4.8; http://mj12bot.com/)"
