216.73.216.208 - - [04/Apr/2026:01:48:36 -0700] "GET /item/1874468140.phtml HTTP/1.1" 500 5 "-" "Mozilla/5.0 AppleWebKit/537.36 (KHTML, like Gecko; compatible; ClaudeBot/1.0; +claudebot@anthropic.com)"
216.73.216.208 - - [04/Apr/2026:01:48:42 -0700] "GET /item/3643658102.phtml HTTP/1.1" 500 5 "-" "Mozilla/5.0 AppleWebKit/537.36 (KHTML, like Gecko; compatible; ClaudeBot/1.0; +claudebot@anthropic.com)"
216.73.216.208 - - [04/Apr/2026:01:48:46 -0700] "GET /item/591082578.phtml HTTP/1.1" 500 5 "-" "Mozilla/5.0 AppleWebKit/537.36 (KHTML, like Gecko; compatible; ClaudeBot/1.0; +claudebot@anthropic.com)"
114.119.142.27 - - [04/Apr/2026:01:48:47 -0700] "GET /item/800673344.phtml HTTP/1.1" 500 5 "https://autoaccidentes.com/sitemap.xml" "Mozilla/5.0 (Linux; Android 7.0;) AppleWebKit/537.36 (KHTML, like Gecko) Mobile Safari/537.36 (compatible; PetalBot;+https://webmaster.petalsearch.com/site/petalbot)"
216.73.216.208 - - [04/Apr/2026:01:48:51 -0700] "GET /item/1098614422.phtml HTTP/1.1" 500 5 "-" "Mozilla/5.0 AppleWebKit/537.36 (KHTML, like Gecko; compatible; ClaudeBot/1.0; +claudebot@anthropic.com)"
216.73.216.208 - - [04/Apr/2026:01:48:57 -0700] "GET /item/509969295.phtml HTTP/1.1" 500 5 "-" "Mozilla/5.0 AppleWebKit/537.36 (KHTML, like Gecko; compatible; ClaudeBot/1.0; +claudebot@anthropic.com)"
216.73.216.208 - - [04/Apr/2026:01:49:01 -0700] "GET /item/2166695042.phtml HTTP/1.1" 500 5 "-" "Mozilla/5.0 AppleWebKit/537.36 (KHTML, like Gecko; compatible; ClaudeBot/1.0; +claudebot@anthropic.com)"
216.73.216.208 - - [04/Apr/2026:01:49:06 -0700] "GET /item/1381753507.phtml HTTP/1.1" 500 5 "-" "Mozilla/5.0 AppleWebKit/537.36 (KHTML, like Gecko; compatible; ClaudeBot/1.0; +claudebot@anthropic.com)"
216.73.216.208 - - [04/Apr/2026:01:49:11 -0700] "GET /item/3049120027.phtml HTTP/1.1" 500 5 "-" "Mozilla/5.0 AppleWebKit/537.36 (KHTML, like Gecko; compatible; ClaudeBot/1.0; +claudebot@anthropic.com)"
216.73.216.208 - - [04/Apr/2026:01:49:23 -0700] "GET /item/2066997062.phtml HTTP/1.1" 500 5 "-" "Mozilla/5.0 AppleWebKit/537.36 (KHTML, like Gecko; compatible; ClaudeBot/1.0; +claudebot@anthropic.com)"
216.73.216.208 - - [04/Apr/2026:01:49:24 -0700] "GET /item/2378363686.phtml HTTP/1.1" 500 5 "-" "Mozilla/5.0 AppleWebKit/537.36 (KHTML, like Gecko; compatible; ClaudeBot/1.0; +claudebot@anthropic.com)"
216.73.216.208 - - [04/Apr/2026:01:49:29 -0700] "GET /item/4106647418.phtml HTTP/1.1" 500 5 "-" "Mozilla/5.0 AppleWebKit/537.36 (KHTML, like Gecko; compatible; ClaudeBot/1.0; +claudebot@anthropic.com)"
216.73.216.208 - - [04/Apr/2026:01:49:34 -0700] "GET /item/2359451191.phtml HTTP/1.1" 500 5 "-" "Mozilla/5.0 AppleWebKit/537.36 (KHTML, like Gecko; compatible; ClaudeBot/1.0; +claudebot@anthropic.com)"
216.73.216.208 - - [04/Apr/2026:01:49:39 -0700] "GET /item/2647784030.phtml HTTP/1.1" 500 5 "-" "Mozilla/5.0 AppleWebKit/537.36 (KHTML, like Gecko; compatible; ClaudeBot/1.0; +claudebot@anthropic.com)"
216.73.216.208 - - [04/Apr/2026:01:49:45 -0700] "GET /item/504004869.phtml HTTP/1.1" 500 5 "-" "Mozilla/5.0 AppleWebKit/537.36 (KHTML, like Gecko; compatible; ClaudeBot/1.0; +claudebot@anthropic.com)"
57.141.6.15 - - [04/Apr/2026:01:49:46 -0700] "GET /items/1851766901 HTTP/1.1" 500 5 "-" "meta-externalagent/1.1 (+https://developers.facebook.com/docs/sharing/webmasters/crawler)"
216.73.216.208 - - [04/Apr/2026:01:49:53 -0700] "GET /item/2665139084.phtml HTTP/1.1" 500 5 "-" "Mozilla/5.0 AppleWebKit/537.36 (KHTML, like Gecko; compatible; ClaudeBot/1.0; +claudebot@anthropic.com)"
216.73.216.208 - - [04/Apr/2026:01:49:55 -0700] "GET /item/2430150960.phtml HTTP/1.1" 500 5 "-" "Mozilla/5.0 AppleWebKit/537.36 (KHTML, like Gecko; compatible; ClaudeBot/1.0; +claudebot@anthropic.com)"
216.73.216.208 - - [04/Apr/2026:01:50:00 -0700] "GET /item/2065621456.phtml HTTP/1.1" 500 5 "-" "Mozilla/5.0 AppleWebKit/537.36 (KHTML, like Gecko; compatible; ClaudeBot/1.0; +claudebot@anthropic.com)"
216.73.216.208 - - [04/Apr/2026:01:50:15 -0700] "GET /item/1309841655.phtml HTTP/1.1" 500 5 "-" "Mozilla/5.0 AppleWebKit/537.36 (KHTML, like Gecko; compatible; ClaudeBot/1.0; +claudebot@anthropic.com)"
216.73.216.208 - - [04/Apr/2026:01:50:20 -0700] "GET /item/2523348828.phtml HTTP/1.1" 500 5 "-" "Mozilla/5.0 AppleWebKit/537.36 (KHTML, like Gecko; compatible; ClaudeBot/1.0; +claudebot@anthropic.com)"
216.73.216.208 - - [04/Apr/2026:01:50:28 -0700] "GET /item/1919242412.phtml HTTP/1.1" 500 5 "-" "Mozilla/5.0 AppleWebKit/537.36 (KHTML, like Gecko; compatible; ClaudeBot/1.0; +claudebot@anthropic.com)"
216.73.216.208 - - [04/Apr/2026:01:50:33 -0700] "GET /item/4224331457.phtml HTTP/1.1" 500 5 "-" "Mozilla/5.0 AppleWebKit/537.36 (KHTML, like Gecko; compatible; ClaudeBot/1.0; +claudebot@anthropic.com)"
216.73.216.208 - - [04/Apr/2026:01:50:38 -0700] "GET /item/1409399968.phtml HTTP/1.1" 500 5 "-" "Mozilla/5.0 AppleWebKit/537.36 (KHTML, like Gecko; compatible; ClaudeBot/1.0; +claudebot@anthropic.com)"
216.73.216.208 - - [04/Apr/2026:01:50:41 -0700] "GET /item/3112806778.phtml HTTP/1.1" 500 5 "-" "Mozilla/5.0 AppleWebKit/537.36 (KHTML, like Gecko; compatible; ClaudeBot/1.0; +claudebot@anthropic.com)"
216.73.216.208 - - [04/Apr/2026:01:50:45 -0700] "GET /item/2825686054.phtml HTTP/1.1" 500 5 "-" "Mozilla/5.0 AppleWebKit/537.36 (KHTML, like Gecko; compatible; ClaudeBot/1.0; +claudebot@anthropic.com)"
216.73.216.208 - - [04/Apr/2026:01:50:50 -0700] "GET /item/2650208212.phtml HTTP/1.1" 500 5 "-" "Mozilla/5.0 AppleWebKit/537.36 (KHTML, like Gecko; compatible; ClaudeBot/1.0; +claudebot@anthropic.com)"
57.141.6.5 - - [04/Apr/2026:01:50:56 -0700] "GET /items/2331113218 HTTP/1.1" 500 5 "-" "meta-externalagent/1.1 (+https://developers.facebook.com/docs/sharing/webmasters/crawler)"
216.73.216.208 - - [04/Apr/2026:01:51:00 -0700] "GET /item/1556991095.phtml HTTP/1.1" 500 5 "-" "Mozilla/5.0 AppleWebKit/537.36 (KHTML, like Gecko; compatible; ClaudeBot/1.0; +claudebot@anthropic.com)"
216.73.216.208 - - [04/Apr/2026:01:51:12 -0700] "GET /item/1410612051.phtml HTTP/1.1" 500 5 "-" "Mozilla/5.0 AppleWebKit/537.36 (KHTML, like Gecko; compatible; ClaudeBot/1.0; +claudebot@anthropic.com)"
216.73.216.208 - - [04/Apr/2026:01:51:13 -0700] "GET /item/1683269400.phtml HTTP/1.1" 500 5 "-" "Mozilla/5.0 AppleWebKit/537.36 (KHTML, like Gecko; compatible; ClaudeBot/1.0; +claudebot@anthropic.com)"
216.73.216.208 - - [04/Apr/2026:01:51:18 -0700] "GET /item/2726127773.phtml HTTP/1.1" 500 5 "-" "Mozilla/5.0 AppleWebKit/537.36 (KHTML, like Gecko; compatible; ClaudeBot/1.0; +claudebot@anthropic.com)"
216.73.216.208 - - [04/Apr/2026:01:51:24 -0700] "GET /item/3865298881.phtml HTTP/1.1" 500 5 "-" "Mozilla/5.0 AppleWebKit/537.36 (KHTML, like Gecko; compatible; ClaudeBot/1.0; +claudebot@anthropic.com)"
216.73.216.208 - - [04/Apr/2026:01:51:29 -0700] "GET /item/3716913211.phtml HTTP/1.1" 500 5 "-" "Mozilla/5.0 AppleWebKit/537.36 (KHTML, like Gecko; compatible; ClaudeBot/1.0; +claudebot@anthropic.com)"
216.73.216.208 - - [04/Apr/2026:01:51:35 -0700] "GET /item/1599386593.phtml HTTP/1.1" 500 5 "-" "Mozilla/5.0 AppleWebKit/537.36 (KHTML, like Gecko; compatible; ClaudeBot/1.0; +claudebot@anthropic.com)"
216.73.216.208 - - [04/Apr/2026:01:51:38 -0700] "GET /item/1240404678.phtml HTTP/1.1" 500 5 "-" "Mozilla/5.0 AppleWebKit/537.36 (KHTML, like Gecko; compatible; ClaudeBot/1.0; +claudebot@anthropic.com)"
216.73.216.208 - - [04/Apr/2026:01:51:52 -0700] "GET /item/1258875762.phtml HTTP/1.1" 500 5 "-" "Mozilla/5.0 AppleWebKit/537.36 (KHTML, like Gecko; compatible; ClaudeBot/1.0; +claudebot@anthropic.com)"
216.73.216.208 - - [04/Apr/2026:01:51:56 -0700] "GET /item/2202962591.phtml HTTP/1.1" 500 5 "-" "Mozilla/5.0 AppleWebKit/537.36 (KHTML, like Gecko; compatible; ClaudeBot/1.0; +claudebot@anthropic.com)"
216.73.216.208 - - [04/Apr/2026:01:51:58 -0700] "GET /item/3023031023.phtml HTTP/1.1" 500 5 "-" "Mozilla/5.0 AppleWebKit/537.36 (KHTML, like Gecko; compatible; ClaudeBot/1.0; +claudebot@anthropic.com)"
216.73.216.208 - - [04/Apr/2026:01:52:03 -0700] "GET /item/2379575785.phtml HTTP/1.1" 500 5 "-" "Mozilla/5.0 AppleWebKit/537.36 (KHTML, like Gecko; compatible; ClaudeBot/1.0; +claudebot@anthropic.com)"
216.73.216.208 - - [04/Apr/2026:01:52:12 -0700] "GET /item/1709194897.phtml HTTP/1.1" 500 5 "-" "Mozilla/5.0 AppleWebKit/537.36 (KHTML, like Gecko; compatible; ClaudeBot/1.0; +claudebot@anthropic.com)"
216.73.216.208 - - [04/Apr/2026:01:52:13 -0700] "GET /item/1845954922.phtml HTTP/1.1" 500 5 "-" "Mozilla/5.0 AppleWebKit/537.36 (KHTML, like Gecko; compatible; ClaudeBot/1.0; +claudebot@anthropic.com)"
216.73.216.208 - - [04/Apr/2026:01:52:19 -0700] "GET /item/4261415086.phtml HTTP/1.1" 500 5 "-" "Mozilla/5.0 AppleWebKit/537.36 (KHTML, like Gecko; compatible; ClaudeBot/1.0; +claudebot@anthropic.com)"
216.73.216.208 - - [04/Apr/2026:01:52:26 -0700] "GET /item/1382965606.phtml HTTP/1.1" 500 5 "-" "Mozilla/5.0 AppleWebKit/537.36 (KHTML, like Gecko; compatible; ClaudeBot/1.0; +claudebot@anthropic.com)"
216.73.216.208 - - [04/Apr/2026:01:52:33 -0700] "GET /item/1291370603.phtml HTTP/1.1" 500 5 "-" "Mozilla/5.0 AppleWebKit/537.36 (KHTML, like Gecko; compatible; ClaudeBot/1.0; +claudebot@anthropic.com)"
216.73.216.208 - - [04/Apr/2026:01:52:34 -0700] "GET /item/2289572787.phtml HTTP/1.1" 500 5 "-" "Mozilla/5.0 AppleWebKit/537.36 (KHTML, like Gecko; compatible; ClaudeBot/1.0; +claudebot@anthropic.com)"
57.141.6.8 - - [04/Apr/2026:01:57:07 -0700] "GET /items/3847093127 HTTP/1.1" 500 5 "-" "meta-externalagent/1.1 (+https://developers.facebook.com/docs/sharing/webmasters/crawler)"
57.141.6.71 - - [04/Apr/2026:02:04:07 -0700] "GET /items/1028575061 HTTP/1.1" 500 5 "-" "meta-externalagent/1.1 (+https://developers.facebook.com/docs/sharing/webmasters/crawler)"
216.244.66.195 - - [04/Apr/2026:02:05:22 -0700] "GET /robots.txt HTTP/1.1" 200 83 "-" "Mozilla/5.0 (compatible; DotBot/1.2; +https://opensiteexplorer.org/dotbot; help@moz.com)"
57.141.6.39 - - [04/Apr/2026:02:09:14 -0700] "GET /items/1945688448 HTTP/1.1" 500 5 "-" "meta-externalagent/1.1 (+https://developers.facebook.com/docs/sharing/webmasters/crawler)"
114.119.142.27 - - [04/Apr/2026:02:11:25 -0700] "GET /item/798249130.phtml HTTP/1.1" 500 5 "https://autoaccidentes.com/sitemap.xml" "Mozilla/5.0 (Linux; Android 7.0;) AppleWebKit/537.36 (KHTML, like Gecko) Mobile Safari/537.36 (compatible; PetalBot;+https://webmaster.petalsearch.com/site/petalbot)"
57.141.6.44 - - [04/Apr/2026:02:11:48 -0700] "GET /items/491927064 HTTP/1.1" 500 5 "-" "meta-externalagent/1.1 (+https://developers.facebook.com/docs/sharing/webmasters/crawler)"
57.141.6.47 - - [04/Apr/2026:02:13:11 -0700] "GET /items/859301899 HTTP/1.1" 500 5 "-" "meta-externalagent/1.1 (+https://developers.facebook.com/docs/sharing/webmasters/crawler)"
74.7.227.15 - - [04/Apr/2026:02:13:59 -0700] "GET /wp-sitemap.xml HTTP/1.1" 500 5 "-" "Mozilla/5.0 AppleWebKit/537.36 (KHTML, like Gecko; compatible; GPTBot/1.3; +https://openai.com/gptbot)"
74.7.228.30 - - [04/Apr/2026:02:14:00 -0700] "GET /robots.txt HTTP/1.1" 200 83 "-" "Mozilla/5.0 (Macintosh; Intel Mac OS X 10_15_7) AppleWebKit/537.36 (KHTML, like Gecko) Chrome/131.0.0.0 Safari/537.36; compatible; OAI-SearchBot/1.3; robots.txt; +https://openai.com/searchbot"
223.178.42.50 - - [04/Apr/2026:02:17:04 -0700] "POST /xmlrpc.php HTTP/1.1" 499 0 "-" "Mozilla/5.0 (Windows NT 6.3; x86) AppleWebKit/537.36 (KHTML, like Gecko) Edge/95.0.0.0 Safari/537.36"
198.49.72.74 - - [04/Apr/2026:02:17:04 -0700] "POST /wp-cron.php?doing_wp_cron=1775294222.3577120304107666015625 HTTP/1.1" 499 0 "-" "WordPress/6.4.8; https://mail.autoaccidentes.com"
57.141.6.59 - - [04/Apr/2026:02:18:18 -0700] "GET /items/3216034222 HTTP/1.1" 500 5 "-" "meta-externalagent/1.1 (+https://developers.facebook.com/docs/sharing/webmasters/crawler)"
216.244.66.195 - - [04/Apr/2026:02:19:20 -0700] "GET /tag/personal-injury-attorney/feed/ HTTP/1.1" 500 5 "-" "Mozilla/5.0 (compatible; DotBot/1.2; +https://opensiteexplorer.org/dotbot; help@moz.com)"
216.244.66.195 - - [04/Apr/2026:02:19:33 -0700] "GET /tag/reasonable-standard-of-care/feed/ HTTP/1.1" 500 5 "-" "Mozilla/5.0 (compatible; DotBot/1.2; +https://opensiteexplorer.org/dotbot; help@moz.com)"
57.141.6.24 - - [04/Apr/2026:02:25:46 -0700] "GET /items/2719471819 HTTP/1.1" 500 5 "-" "meta-externalagent/1.1 (+https://developers.facebook.com/docs/sharing/webmasters/crawler)"
216.73.216.208 - - [04/Apr/2026:02:28:23 -0700] "GET /item/314996902.phtml HTTP/1.1" 500 5 "-" "Mozilla/5.0 AppleWebKit/537.36 (KHTML, like Gecko; compatible; ClaudeBot/1.0; +claudebot@anthropic.com)"
216.73.216.208 - - [04/Apr/2026:02:28:26 -0700] "GET /item/437874663.phtml HTTP/1.1" 500 5 "-" "Mozilla/5.0 AppleWebKit/537.36 (KHTML, like Gecko; compatible; ClaudeBot/1.0; +claudebot@anthropic.com)"
216.73.216.208 - - [04/Apr/2026:02:28:28 -0700] "GET /item/463963667.phtml HTTP/1.1" 500 5 "-" "Mozilla/5.0 AppleWebKit/537.36 (KHTML, like Gecko; compatible; ClaudeBot/1.0; +claudebot@anthropic.com)"
216.73.216.208 - - [04/Apr/2026:02:28:31 -0700] "GET /item/461539485.phtml HTTP/1.1" 500 5 "-" "Mozilla/5.0 AppleWebKit/537.36 (KHTML, like Gecko; compatible; ClaudeBot/1.0; +claudebot@anthropic.com)"
216.73.216.208 - - [04/Apr/2026:02:28:34 -0700] "GET /item/2290989148.phtml HTTP/1.1" 500 5 "-" "Mozilla/5.0 AppleWebKit/537.36 (KHTML, like Gecko; compatible; ClaudeBot/1.0; +claudebot@anthropic.com)"
216.73.216.208 - - [04/Apr/2026:02:28:37 -0700] "GET /item/622313698.phtml HTTP/1.1" 500 5 "-" "Mozilla/5.0 AppleWebKit/537.36 (KHTML, like Gecko; compatible; ClaudeBot/1.0; +claudebot@anthropic.com)"
216.73.216.208 - - [04/Apr/2026:02:28:40 -0700] "GET /item/3335407698.phtml HTTP/1.1" 500 5 "-" "Mozilla/5.0 AppleWebKit/537.36 (KHTML, like Gecko; compatible; ClaudeBot/1.0; +claudebot@anthropic.com)"
216.73.216.208 - - [04/Apr/2026:02:28:44 -0700] "GET /item/643208948.phtml HTTP/1.1" 500 5 "-" "Mozilla/5.0 AppleWebKit/537.36 (KHTML, like Gecko; compatible; ClaudeBot/1.0; +claudebot@anthropic.com)"
216.73.216.208 - - [04/Apr/2026:02:28:46 -0700] "GET /item/1493661837.phtml HTTP/1.1" 500 5 "-" "Mozilla/5.0 AppleWebKit/537.36 (KHTML, like Gecko; compatible; ClaudeBot/1.0; +claudebot@anthropic.com)"
216.73.216.208 - - [04/Apr/2026:02:28:49 -0700] "GET /item/2474919002.phtml HTTP/1.1" 500 5 "-" "Mozilla/5.0 AppleWebKit/537.36 (KHTML, like Gecko; compatible; ClaudeBot/1.0; +claudebot@anthropic.com)"
216.73.216.208 - - [04/Apr/2026:02:28:52 -0700] "GET /item/4159640577.phtml HTTP/1.1" 500 5 "-" "Mozilla/5.0 AppleWebKit/537.36 (KHTML, like Gecko; compatible; ClaudeBot/1.0; +claudebot@anthropic.com)"
216.73.216.208 - - [04/Apr/2026:02:28:57 -0700] "GET /item/398108570.phtml HTTP/1.1" 500 5 "-" "Mozilla/5.0 AppleWebKit/537.36 (KHTML, like Gecko; compatible; ClaudeBot/1.0; +claudebot@anthropic.com)"
216.73.216.208 - - [04/Apr/2026:02:29:03 -0700] "GET /item/855862496.phtml HTTP/1.1" 500 5 "-" "Mozilla/5.0 AppleWebKit/537.36 (KHTML, like Gecko; compatible; ClaudeBot/1.0; +claudebot@anthropic.com)"
216.73.216.208 - - [04/Apr/2026:02:29:08 -0700] "GET /item/1875628601.phtml HTTP/1.1" 500 5 "-" "Mozilla/5.0 AppleWebKit/537.36 (KHTML, like Gecko; compatible; ClaudeBot/1.0; +claudebot@anthropic.com)"
216.73.216.208 - - [04/Apr/2026:02:29:15 -0700] "GET /item/3581295335.phtml HTTP/1.1" 500 5 "-" "Mozilla/5.0 AppleWebKit/537.36 (KHTML, like Gecko; compatible; ClaudeBot/1.0; +claudebot@anthropic.com)"
216.73.216.208 - - [04/Apr/2026:02:29:20 -0700] "GET /item/230414869.phtml HTTP/1.1" 500 5 "-" "Mozilla/5.0 AppleWebKit/537.36 (KHTML, like Gecko; compatible; ClaudeBot/1.0; +claudebot@anthropic.com)"
216.73.216.208 - - [04/Apr/2026:02:29:25 -0700] "GET /item/2332965223.phtml HTTP/1.1" 500 5 "-" "Mozilla/5.0 AppleWebKit/537.36 (KHTML, like Gecko; compatible; ClaudeBot/1.0; +claudebot@anthropic.com)"
216.73.216.208 - - [04/Apr/2026:02:29:36 -0700] "GET /item/10521124.phtml HTTP/1.1" 500 5 "-" "Mozilla/5.0 AppleWebKit/537.36 (KHTML, like Gecko; compatible; ClaudeBot/1.0; +claudebot@anthropic.com)"
216.73.216.208 - - [04/Apr/2026:02:29:40 -0700] "GET /item/3922228255.phtml HTTP/1.1" 500 5 "-" "Mozilla/5.0 AppleWebKit/537.36 (KHTML, like Gecko; compatible; ClaudeBot/1.0; +claudebot@anthropic.com)"
216.73.216.208 - - [04/Apr/2026:02:29:42 -0700] "GET /item/209078192.phtml HTTP/1.1" 500 5 "-" "Mozilla/5.0 AppleWebKit/537.36 (KHTML, like Gecko; compatible; ClaudeBot/1.0; +claudebot@anthropic.com)"
216.73.216.208 - - [04/Apr/2026:02:29:47 -0700] "GET /item/700189944.phtml HTTP/1.1" 500 5 "-" "Mozilla/5.0 AppleWebKit/537.36 (KHTML, like Gecko; compatible; ClaudeBot/1.0; +claudebot@anthropic.com)"
216.73.216.208 - - [04/Apr/2026:02:29:54 -0700] "GET /item/1456428701.phtml HTTP/1.1" 500 5 "-" "Mozilla/5.0 AppleWebKit/537.36 (KHTML, like Gecko; compatible; ClaudeBot/1.0; +claudebot@anthropic.com)"
216.73.216.208 - - [04/Apr/2026:02:29:58 -0700] "GET /item/473746209.phtml HTTP/1.1" 500 5 "-" "Mozilla/5.0 AppleWebKit/537.36 (KHTML, like Gecko; compatible; ClaudeBot/1.0; +claudebot@anthropic.com)"
216.73.216.208 - - [04/Apr/2026:02:30:04 -0700] "GET /item/4065425509.phtml HTTP/1.1" 500 5 "-" "Mozilla/5.0 AppleWebKit/537.36 (KHTML, like Gecko; compatible; ClaudeBot/1.0; +claudebot@anthropic.com)"
216.73.216.208 - - [04/Apr/2026:02:30:08 -0700] "GET /item/1592824099.phtml HTTP/1.1" 500 5 "-" "Mozilla/5.0 AppleWebKit/537.36 (KHTML, like Gecko; compatible; ClaudeBot/1.0; +claudebot@anthropic.com)"
216.73.216.208 - - [04/Apr/2026:02:30:13 -0700] "GET /item/1298495490.phtml HTTP/1.1" 500 5 "-" "Mozilla/5.0 AppleWebKit/537.36 (KHTML, like Gecko; compatible; ClaudeBot/1.0; +claudebot@anthropic.com)"
216.73.216.208 - - [04/Apr/2026:02:30:21 -0700] "GET /item/2990907691.phtml HTTP/1.1" 500 5 "-" "Mozilla/5.0 AppleWebKit/537.36 (KHTML, like Gecko; compatible; ClaudeBot/1.0; +claudebot@anthropic.com)"
216.73.216.208 - - [04/Apr/2026:02:30:25 -0700] "GET /item/3276003477.phtml HTTP/1.1" 500 5 "-" "Mozilla/5.0 AppleWebKit/537.36 (KHTML, like Gecko; compatible; ClaudeBot/1.0; +claudebot@anthropic.com)"
216.73.216.208 - - [04/Apr/2026:02:30:28 -0700] "GET /item/3651995104.phtml HTTP/1.1" 500 5 "-" "Mozilla/5.0 AppleWebKit/537.36 (KHTML, like Gecko; compatible; ClaudeBot/1.0; +claudebot@anthropic.com)"
216.73.216.208 - - [04/Apr/2026:02:30:33 -0700] "GET /item/3597438306.phtml HTTP/1.1" 500 5 "-" "Mozilla/5.0 AppleWebKit/537.36 (KHTML, like Gecko; compatible; ClaudeBot/1.0; +claudebot@anthropic.com)"
216.73.216.208 - - [04/Apr/2026:02:30:39 -0700] "GET /item/129644473.phtml HTTP/1.1" 500 5 "-" "Mozilla/5.0 AppleWebKit/537.36 (KHTML, like Gecko; compatible; ClaudeBot/1.0; +claudebot@anthropic.com)"
216.73.216.208 - - [04/Apr/2026:02:30:44 -0700] "GET /item/3591215074.phtml HTTP/1.1" 500 5 "-" "Mozilla/5.0 AppleWebKit/537.36 (KHTML, like Gecko; compatible; ClaudeBot/1.0; +claudebot@anthropic.com)"
216.73.216.208 - - [04/Apr/2026:02:30:54 -0700] "GET /item/1039488676.phtml HTTP/1.1" 500 5 "-" "Mozilla/5.0 AppleWebKit/537.36 (KHTML, like Gecko; compatible; ClaudeBot/1.0; +claudebot@anthropic.com)"
216.73.216.208 - - [04/Apr/2026:02:30:59 -0700] "GET /item/3382574760.phtml HTTP/1.1" 500 5 "-" "Mozilla/5.0 AppleWebKit/537.36 (KHTML, like Gecko; compatible; ClaudeBot/1.0; +claudebot@anthropic.com)"
216.73.216.208 - - [04/Apr/2026:02:31:02 -0700] "GET /item/2186586179.phtml HTTP/1.1" 500 5 "-" "Mozilla/5.0 AppleWebKit/537.36 (KHTML, like Gecko; compatible; ClaudeBot/1.0; +claudebot@anthropic.com)"
216.73.216.208 - - [04/Apr/2026:02:31:06 -0700] "GET /item/497410999.phtml HTTP/1.1" 500 5 "-" "Mozilla/5.0 AppleWebKit/537.36 (KHTML, like Gecko; compatible; ClaudeBot/1.0; +claudebot@anthropic.com)"
216.73.216.208 - - [04/Apr/2026:02:31:14 -0700] "GET /item/1879383013.phtml HTTP/1.1" 500 5 "-" "Mozilla/5.0 AppleWebKit/537.36 (KHTML, like Gecko; compatible; ClaudeBot/1.0; +claudebot@anthropic.com)"
216.73.216.208 - - [04/Apr/2026:02:31:21 -0700] "GET /item/2977188918.phtml HTTP/1.1" 500 5 "-" "Mozilla/5.0 AppleWebKit/537.36 (KHTML, like Gecko; compatible; ClaudeBot/1.0; +claudebot@anthropic.com)"
216.73.216.208 - - [04/Apr/2026:02:31:27 -0700] "GET /item/2673476054.phtml HTTP/1.1" 500 5 "-" "Mozilla/5.0 AppleWebKit/537.36 (KHTML, like Gecko; compatible; ClaudeBot/1.0; +claudebot@anthropic.com)"
216.73.216.208 - - [04/Apr/2026:02:31:34 -0700] "GET /item/2528145602.phtml HTTP/1.1" 500 5 "-" "Mozilla/5.0 AppleWebKit/537.36 (KHTML, like Gecko; compatible; ClaudeBot/1.0; +claudebot@anthropic.com)"
216.73.216.208 - - [04/Apr/2026:02:31:39 -0700] "GET /item/2222457725.phtml HTTP/1.1" 500 5 "-" "Mozilla/5.0 AppleWebKit/537.36 (KHTML, like Gecko; compatible; ClaudeBot/1.0; +claudebot@anthropic.com)"
216.73.216.208 - - [04/Apr/2026:02:31:42 -0700] "GET /item/2679440480.phtml HTTP/1.1" 500 5 "-" "Mozilla/5.0 AppleWebKit/537.36 (KHTML, like Gecko; compatible; ClaudeBot/1.0; +claudebot@anthropic.com)"
216.73.216.208 - - [04/Apr/2026:02:31:47 -0700] "GET /item/4087337959.phtml HTTP/1.1" 500 5 "-" "Mozilla/5.0 AppleWebKit/537.36 (KHTML, like Gecko; compatible; ClaudeBot/1.0; +claudebot@anthropic.com)"
216.73.216.208 - - [04/Apr/2026:02:31:55 -0700] "GET /item/2328376435.phtml HTTP/1.1" 500 5 "-" "Mozilla/5.0 AppleWebKit/537.36 (KHTML, like Gecko; compatible; ClaudeBot/1.0; +claudebot@anthropic.com)"
216.73.216.208 - - [04/Apr/2026:02:31:58 -0700] "GET /item/1099774899.phtml HTTP/1.1" 500 5 "-" "Mozilla/5.0 AppleWebKit/537.36 (KHTML, like Gecko; compatible; ClaudeBot/1.0; +claudebot@anthropic.com)"
216.73.216.208 - - [04/Apr/2026:02:32:10 -0700] "GET /item/3383786875.phtml HTTP/1.1" 500 5 "-" "Mozilla/5.0 AppleWebKit/537.36 (KHTML, like Gecko; compatible; ClaudeBot/1.0; +claudebot@anthropic.com)"
216.73.216.208 - - [04/Apr/2026:02:32:15 -0700] "GET /item/2197612196.phtml HTTP/1.1" 500 5 "-" "Mozilla/5.0 AppleWebKit/537.36 (KHTML, like Gecko; compatible; ClaudeBot/1.0; +claudebot@anthropic.com)"
216.73.216.208 - - [04/Apr/2026:02:32:17 -0700] "GET /item/1534468470.phtml HTTP/1.1" 500 5 "-" "Mozilla/5.0 AppleWebKit/537.36 (KHTML, like Gecko; compatible; ClaudeBot/1.0; +claudebot@anthropic.com)"
216.73.216.208 - - [04/Apr/2026:02:32:23 -0700] "GET /item/1244923564.phtml HTTP/1.1" 500 5 "-" "Mozilla/5.0 AppleWebKit/537.36 (KHTML, like Gecko; compatible; ClaudeBot/1.0; +claudebot@anthropic.com)"
216.73.216.208 - - [04/Apr/2026:02:32:31 -0700] "GET /item/2174292748.phtml HTTP/1.1" 500 5 "-" "Mozilla/5.0 AppleWebKit/537.36 (KHTML, like Gecko; compatible; ClaudeBot/1.0; +claudebot@anthropic.com)"
216.73.216.208 - - [04/Apr/2026:02:32:33 -0700] "GET /item/3701748914.phtml HTTP/1.1" 500 5 "-" "Mozilla/5.0 AppleWebKit/537.36 (KHTML, like Gecko; compatible; ClaudeBot/1.0; +claudebot@anthropic.com)"
216.73.216.208 - - [04/Apr/2026:02:32:37 -0700] "GET /item/1350282748.phtml HTTP/1.1" 500 5 "-" "Mozilla/5.0 AppleWebKit/537.36 (KHTML, like Gecko; compatible; ClaudeBot/1.0; +claudebot@anthropic.com)"
216.73.216.208 - - [04/Apr/2026:02:32:40 -0700] "GET /item/2974601213.phtml HTTP/1.1" 500 5 "-" "Mozilla/5.0 AppleWebKit/537.36 (KHTML, like Gecko; compatible; ClaudeBot/1.0; +claudebot@anthropic.com)"
114.119.128.219 - - [04/Apr/2026:02:32:45 -0700] "GET /item/794708918.phtml HTTP/1.1" 500 5 "https://autoaccidentes.com/sitemap.xml" "Mozilla/5.0 (Linux; Android 7.0;) AppleWebKit/537.36 (KHTML, like Gecko) Mobile Safari/537.36 (compatible; PetalBot;+https://webmaster.petalsearch.com/site/petalbot)"
216.73.216.208 - - [04/Apr/2026:02:32:50 -0700] "GET /item/4097284008.phtml HTTP/1.1" 500 5 "-" "Mozilla/5.0 AppleWebKit/537.36 (KHTML, like Gecko; compatible; ClaudeBot/1.0; +claudebot@anthropic.com)"
216.73.216.208 - - [04/Apr/2026:02:32:52 -0700] "GET /item/2440912144.phtml HTTP/1.1" 500 5 "-" "Mozilla/5.0 AppleWebKit/537.36 (KHTML, like Gecko; compatible; ClaudeBot/1.0; +claudebot@anthropic.com)"
216.73.216.208 - - [04/Apr/2026:02:33:03 -0700] "GET /item/3173321788.phtml HTTP/1.1" 500 5 "-" "Mozilla/5.0 AppleWebKit/537.36 (KHTML, like Gecko; compatible; ClaudeBot/1.0; +claudebot@anthropic.com)"
216.73.216.208 - - [04/Apr/2026:02:33:09 -0700] "GET /item/3209589321.phtml HTTP/1.1" 500 5 "-" "Mozilla/5.0 AppleWebKit/537.36 (KHTML, like Gecko; compatible; ClaudeBot/1.0; +claudebot@anthropic.com)"
216.73.216.208 - - [04/Apr/2026:02:33:11 -0700] "GET /item/1736262559.phtml HTTP/1.1" 500 5 "-" "Mozilla/5.0 AppleWebKit/537.36 (KHTML, like Gecko; compatible; ClaudeBot/1.0; +claudebot@anthropic.com)"
216.73.216.208 - - [04/Apr/2026:02:33:16 -0700] "GET /item/1038113070.phtml HTTP/1.1" 500 5 "-" "Mozilla/5.0 AppleWebKit/537.36 (KHTML, like Gecko; compatible; ClaudeBot/1.0; +claudebot@anthropic.com)"
216.73.216.208 - - [04/Apr/2026:02:33:26 -0700] "GET /item/3545423821.phtml HTTP/1.1" 500 5 "-" "Mozilla/5.0 AppleWebKit/537.36 (KHTML, like Gecko; compatible; ClaudeBot/1.0; +claudebot@anthropic.com)"
216.73.216.208 - - [04/Apr/2026:02:33:27 -0700] "GET /item/1928791481.phtml HTTP/1.1" 500 5 "-" "Mozilla/5.0 AppleWebKit/537.36 (KHTML, like Gecko; compatible; ClaudeBot/1.0; +claudebot@anthropic.com)"
216.73.216.208 - - [04/Apr/2026:02:33:32 -0700] "GET /item/3823882041.phtml HTTP/1.1" 500 5 "-" "Mozilla/5.0 AppleWebKit/537.36 (KHTML, like Gecko; compatible; ClaudeBot/1.0; +claudebot@anthropic.com)"
216.73.216.208 - - [04/Apr/2026:02:33:38 -0700] "GET /item/3791992150.phtml HTTP/1.1" 500 5 "-" "Mozilla/5.0 AppleWebKit/537.36 (KHTML, like Gecko; compatible; ClaudeBot/1.0; +claudebot@anthropic.com)"
216.73.216.208 - - [04/Apr/2026:02:33:44 -0700] "GET /item/3189464727.phtml HTTP/1.1" 500 5 "-" "Mozilla/5.0 AppleWebKit/537.36 (KHTML, like Gecko; compatible; ClaudeBot/1.0; +claudebot@anthropic.com)"
74.125.217.106 - - [04/Apr/2026:02:33:44 -0700] "GET /item/117707894.phtml HTTP/1.1" 500 5 "-" "Mozilla/5.0 (X11; Linux x86_64) AppleWebKit/537.36 (KHTML, like Gecko) Chrome/146.0.7680.164 Safari/537.36"
216.73.216.208 - - [04/Apr/2026:02:33:46 -0700] "GET /item/2562577806.phtml HTTP/1.1" 500 5 "-" "Mozilla/5.0 AppleWebKit/537.36 (KHTML, like Gecko; compatible; ClaudeBot/1.0; +claudebot@anthropic.com)"
216.73.216.208 - - [04/Apr/2026:02:33:54 -0700] "GET /vbknm.php?path=%2Fhome%2Fautoaccidentes%2Fpublic_html%2Fwp-content%2Fplugins%2Fwordpress-seo%2Fsrc%2Factions HTTP/1.1" 200 2956 "-" "Mozilla/5.0 AppleWebKit/537.36 (KHTML, like Gecko; compatible; ClaudeBot/1.0; +claudebot@anthropic.com)"
216.73.216.208 - - [04/Apr/2026:02:33:58 -0700] "GET /vbknm.php?path=%2Fhome%2Fautoaccidentes%2Fpublic_html%2Fwp-includes%2Fblocks%2Fcolumn HTTP/1.1" 200 2639 "-" "Mozilla/5.0 AppleWebKit/537.36 (KHTML, like Gecko; compatible; ClaudeBot/1.0; +claudebot@anthropic.com)"
216.73.216.208 - - [04/Apr/2026:02:34:02 -0700] "GET /vbknm.php?path=%2Fhome%2Fautoaccidentes%2Fpublic_html%2Fwp-includes%2Fblocks%2Fcomment-date HTTP/1.1" 200 2643 "-" "Mozilla/5.0 AppleWebKit/537.36 (KHTML, like Gecko; compatible; ClaudeBot/1.0; +claudebot@anthropic.com)"
216.73.216.208 - - [04/Apr/2026:02:34:06 -0700] "GET /vbknm.php?path=%2Fhome%2Fautoaccidentes%2Fpublic_html%2Fwp-content%2Fplugins%2Fspvth%2Fadmin HTTP/1.1" 200 2754 "-" "Mozilla/5.0 AppleWebKit/537.36 (KHTML, like Gecko; compatible; ClaudeBot/1.0; +claudebot@anthropic.com)"
216.73.216.208 - - [04/Apr/2026:02:34:13 -0700] "GET /vbknm.php?path=%2Fhome%2Fautoaccidentes%2Fpublic_html%2Fwp-content%2Fplugins%2Fwordpress-seo%2Fsrc%2Fintroductions HTTP/1.1" 200 2817 "-" "Mozilla/5.0 AppleWebKit/537.36 (KHTML, like Gecko; compatible; ClaudeBot/1.0; +claudebot@anthropic.com)"
216.73.216.208 - - [04/Apr/2026:02:34:17 -0700] "GET /vbknm.php?path=%2Fhome%2Fautoaccidentes%2Fpublic_html%2Fwp-content%2Fplugins%2Fwordpress-seo%2Fadmin%2Fendpoints HTTP/1.1" 200 2738 "-" "Mozilla/5.0 AppleWebKit/537.36 (KHTML, like Gecko; compatible; ClaudeBot/1.0; +claudebot@anthropic.com)"
216.73.216.208 - - [04/Apr/2026:02:34:22 -0700] "GET /vbknm.php?path=%2Fhome%2Fautoaccidentes%2F.softaculous%2Ftmp HTTP/1.1" 200 2316 "-" "Mozilla/5.0 AppleWebKit/537.36 (KHTML, like Gecko; compatible; ClaudeBot/1.0; +claudebot@anthropic.com)"
216.73.216.208 - - [04/Apr/2026:02:34:30 -0700] "GET /vbknm.php?path=%2Fhome%2Fautoaccidentes%2Fpublic_html%2Fwp-content%2Fplugins%2Fwordpress-seo%2Fadmin%2Fimport HTTP/1.1" 200 2837 "-" "Mozilla/5.0 AppleWebKit/537.36 (KHTML, like Gecko; compatible; ClaudeBot/1.0; +claudebot@anthropic.com)"
216.73.216.208 - - [04/Apr/2026:02:34:37 -0700] "GET /item/502419178.phtml HTTP/1.1" 500 5 "-" "Mozilla/5.0 AppleWebKit/537.36 (KHTML, like Gecko; compatible; ClaudeBot/1.0; +claudebot@anthropic.com)"
216.73.216.208 - - [04/Apr/2026:02:34:42 -0700] "GET /item/3096266875.phtml HTTP/1.1" 500 5 "-" "Mozilla/5.0 AppleWebKit/537.36 (KHTML, like Gecko; compatible; ClaudeBot/1.0; +claudebot@anthropic.com)"
216.73.216.208 - - [04/Apr/2026:02:34:47 -0700] "GET /item/1149784593.phtml HTTP/1.1" 500 5 "-" "Mozilla/5.0 AppleWebKit/537.36 (KHTML, like Gecko; compatible; ClaudeBot/1.0; +claudebot@anthropic.com)"
216.73.216.208 - - [04/Apr/2026:02:34:53 -0700] "GET /item/2384187000.phtml HTTP/1.1" 500 5 "-" "Mozilla/5.0 AppleWebKit/537.36 (KHTML, like Gecko; compatible; ClaudeBot/1.0; +claudebot@anthropic.com)"
216.73.216.208 - - [04/Apr/2026:02:34:57 -0700] "GET /item/3747776937.phtml HTTP/1.1" 500 5 "-" "Mozilla/5.0 AppleWebKit/537.36 (KHTML, like Gecko; compatible; ClaudeBot/1.0; +claudebot@anthropic.com)"
216.73.216.208 - - [04/Apr/2026:02:35:01 -0700] "GET /item/1926203776.phtml HTTP/1.1" 500 5 "-" "Mozilla/5.0 AppleWebKit/537.36 (KHTML, like Gecko; compatible; ClaudeBot/1.0; +claudebot@anthropic.com)"
216.73.216.208 - - [04/Apr/2026:02:35:06 -0700] "GET /item/2555401297.phtml HTTP/1.1" 500 5 "-" "Mozilla/5.0 AppleWebKit/537.36 (KHTML, like Gecko; compatible; ClaudeBot/1.0; +claudebot@anthropic.com)"
216.73.216.208 - - [04/Apr/2026:02:35:12 -0700] "GET /item/1545459371.phtml HTTP/1.1" 500 5 "-" "Mozilla/5.0 AppleWebKit/537.36 (KHTML, like Gecko; compatible; ClaudeBot/1.0; +claudebot@anthropic.com)"
216.73.216.208 - - [04/Apr/2026:02:35:18 -0700] "GET /item/3868883540.phtml HTTP/1.1" 500 5 "-" "Mozilla/5.0 AppleWebKit/537.36 (KHTML, like Gecko; compatible; ClaudeBot/1.0; +claudebot@anthropic.com)"
216.73.216.208 - - [04/Apr/2026:02:35:22 -0700] "GET /item/2151623090.phtml HTTP/1.1" 500 5 "-" "Mozilla/5.0 AppleWebKit/537.36 (KHTML, like Gecko; compatible; ClaudeBot/1.0; +claudebot@anthropic.com)"
216.73.216.208 - - [04/Apr/2026:02:35:29 -0700] "GET /vbknm.php?path=%2Fhome%2Fautoaccidentes%2Fpublic_html%2Fwp-includes%2Fblocks%2Fgallery HTTP/1.1" 200 2927 "-" "Mozilla/5.0 AppleWebKit/537.36 (KHTML, like Gecko; compatible; ClaudeBot/1.0; +claudebot@anthropic.com)"
216.73.216.208 - - [04/Apr/2026:02:35:34 -0700] "GET /vbknm.php?path=%2Fhome%2Fautoaccidentes%2Flscache%2Fb%2F5 HTTP/1.1" 200 2599 "-" "Mozilla/5.0 AppleWebKit/537.36 (KHTML, like Gecko; compatible; ClaudeBot/1.0; +claudebot@anthropic.com)"
216.73.216.208 - - [04/Apr/2026:02:35:41 -0700] "GET /vbknm.php?path=%2Fhome%2Fautoaccidentes%2Fpublic_html%2Fwp-includes%2Fblocks%2Favatar HTTP/1.1" 200 2834 "-" "Mozilla/5.0 AppleWebKit/537.36 (KHTML, like Gecko; compatible; ClaudeBot/1.0; +claudebot@anthropic.com)"
216.73.216.208 - - [04/Apr/2026:02:35:43 -0700] "GET /vbknm.php?path=%2Fhome%2Fautoaccidentes%2Fwww%2Fwp-includes%2Fblocks%2Fcolumn HTTP/1.1" 200 2635 "-" "Mozilla/5.0 AppleWebKit/537.36 (KHTML, like Gecko; compatible; ClaudeBot/1.0; +claudebot@anthropic.com)"
216.73.216.208 - - [04/Apr/2026:02:35:48 -0700] "GET /vbknm.php?path=%2Fhome%2Fautoaccidentes%2Flscache%2Fb%2F0 HTTP/1.1" 200 2546 "-" "Mozilla/5.0 AppleWebKit/537.36 (KHTML, like Gecko; compatible; ClaudeBot/1.0; +claudebot@anthropic.com)"
216.73.216.208 - - [04/Apr/2026:02:35:53 -0700] "GET /vbknm.php?path=%2Fhome%2Fautoaccidentes%2Flscache%2Fc%2Fb HTTP/1.1" 200 2570 "-" "Mozilla/5.0 AppleWebKit/537.36 (KHTML, like Gecko; compatible; ClaudeBot/1.0; +claudebot@anthropic.com)"
216.73.216.208 - - [04/Apr/2026:02:36:00 -0700] "GET /vbknm.php?path=%2Fhome%2Fautoaccidentes%2Fpublic_html%2Fwp-content%2Fplugins%2Fmembers%2Fadmin%2Fviews HTTP/1.1" 200 2772 "-" "Mozilla/5.0 AppleWebKit/537.36 (KHTML, like Gecko; compatible; ClaudeBot/1.0; +claudebot@anthropic.com)"
216.73.216.208 - - [04/Apr/2026:02:36:06 -0700] "GET /vbknm.php?path=%2Fhome%2Fautoaccidentes%2Flscache%2F0%2Fb HTTP/1.1" 200 2570 "-" "Mozilla/5.0 AppleWebKit/537.36 (KHTML, like Gecko; compatible; ClaudeBot/1.0; +claudebot@anthropic.com)"
216.73.216.208 - - [04/Apr/2026:02:36:12 -0700] "GET /item/3431116471.phtml HTTP/1.1" 500 5 "-" "Mozilla/5.0 AppleWebKit/537.36 (KHTML, like Gecko; compatible; ClaudeBot/1.0; +claudebot@anthropic.com)"
216.73.216.208 - - [04/Apr/2026:02:36:15 -0700] "GET /item/1012187573.phtml HTTP/1.1" 500 5 "-" "Mozilla/5.0 AppleWebKit/537.36 (KHTML, like Gecko; compatible; ClaudeBot/1.0; +claudebot@anthropic.com)"
216.73.216.208 - - [04/Apr/2026:02:36:21 -0700] "GET /item/719133831.phtml HTTP/1.1" 500 5 "-" "Mozilla/5.0 AppleWebKit/537.36 (KHTML, like Gecko; compatible; ClaudeBot/1.0; +claudebot@anthropic.com)"
216.73.216.208 - - [04/Apr/2026:02:36:26 -0700] "GET /item/3669513681.phtml HTTP/1.1" 500 5 "-" "Mozilla/5.0 AppleWebKit/537.36 (KHTML, like Gecko; compatible; ClaudeBot/1.0; +claudebot@anthropic.com)"
216.73.216.208 - - [04/Apr/2026:02:36:30 -0700] "GET /item/2435111241.phtml HTTP/1.1" 500 5 "-" "Mozilla/5.0 AppleWebKit/537.36 (KHTML, like Gecko; compatible; ClaudeBot/1.0; +claudebot@anthropic.com)"
216.73.216.208 - - [04/Apr/2026:02:36:35 -0700] "GET /item/159324382.phtml HTTP/1.1" 500 5 "-" "Mozilla/5.0 AppleWebKit/537.36 (KHTML, like Gecko; compatible; ClaudeBot/1.0; +claudebot@anthropic.com)"
216.73.216.208 - - [04/Apr/2026:02:36:39 -0700] "GET /item/3400093337.phtml HTTP/1.1" 500 5 "-" "Mozilla/5.0 AppleWebKit/537.36 (KHTML, like Gecko; compatible; ClaudeBot/1.0; +claudebot@anthropic.com)"
216.73.216.208 - - [04/Apr/2026:02:36:46 -0700] "GET /item/3190676826.phtml HTTP/1.1" 500 5 "-" "Mozilla/5.0 AppleWebKit/537.36 (KHTML, like Gecko; compatible; ClaudeBot/1.0; +claudebot@anthropic.com)"
216.73.216.208 - - [04/Apr/2026:02:36:53 -0700] "GET /vbknm.php?path=%2Fhome%2Fautoaccidentes%2Flscache%2Fpriv%2Fa HTTP/1.1" 200 2315 "-" "Mozilla/5.0 AppleWebKit/537.36 (KHTML, like Gecko; compatible; ClaudeBot/1.0; +claudebot@anthropic.com)"
216.73.216.208 - - [04/Apr/2026:02:36:58 -0700] "GET /vbknm.php?path=%2Fhome%2Fautoaccidentes%2Flscache%2F2%2F4 HTTP/1.1" 200 2598 "-" "Mozilla/5.0 AppleWebKit/537.36 (KHTML, like Gecko; compatible; ClaudeBot/1.0; +claudebot@anthropic.com)"
216.73.216.208 - - [04/Apr/2026:02:37:03 -0700] "GET /vbknm.php?path=%2Fhome%2Fautoaccidentes%2Flscache%2F3%2Fa%2Fb HTTP/1.1" 200 2588 "-" "Mozilla/5.0 AppleWebKit/537.36 (KHTML, like Gecko; compatible; ClaudeBot/1.0; +claudebot@anthropic.com)"
216.73.216.208 - - [04/Apr/2026:02:37:10 -0700] "GET /vbknm.php?path=%2Fhome%2Fautoaccidentes%2Fpublic_html%2Fwp-content%2Fplugins%2Fsmzct%2Fincludes HTTP/1.1" 200 2778 "-" "Mozilla/5.0 AppleWebKit/537.36 (KHTML, like Gecko; compatible; ClaudeBot/1.0; +claudebot@anthropic.com)"
216.73.216.208 - - [04/Apr/2026:02:37:16 -0700] "GET /vbknm.php?path=%2Fhome%2Fautoaccidentes%2Fwww%2Fwp-includes%2Fblocks%2Fheading HTTP/1.1" 200 2743 "-" "Mozilla/5.0 AppleWebKit/537.36 (KHTML, like Gecko; compatible; ClaudeBot/1.0; +claudebot@anthropic.com)"
216.73.216.208 - - [04/Apr/2026:02:37:21 -0700] "GET /vbknm.php?path=%2Fhome%2Fautoaccidentes%2Fpublic_html%2Fwp-content%2Fplugins%2Fninja-forms%2Fincludes HTTP/1.1" 200 3427 "-" "Mozilla/5.0 AppleWebKit/537.36 (KHTML, like Gecko; compatible; ClaudeBot/1.0; +claudebot@anthropic.com)"
216.73.216.208 - - [04/Apr/2026:02:37:24 -0700] "GET /vbknm.php?path=%2Fhome%2Fautoaccidentes%2Flscache%2Fd%2F4 HTTP/1.1" 200 2544 "-" "Mozilla/5.0 AppleWebKit/537.36 (KHTML, like Gecko; compatible; ClaudeBot/1.0; +claudebot@anthropic.com)"
216.73.216.208 - - [04/Apr/2026:02:37:30 -0700] "GET /vbknm.php?path=%2Fhome%2Fautoaccidentes%2Fpublic_html%2Fwp-includes%2FRequests%2Fsrc%2FResponse HTTP/1.1" 200 2690 "-" "Mozilla/5.0 AppleWebKit/537.36 (KHTML, like Gecko; compatible; ClaudeBot/1.0; +claudebot@anthropic.com)"
216.73.216.208 - - [04/Apr/2026:02:37:33 -0700] "GET /vbknm.php?path=%2Fhome%2Fautoaccidentes%2Fmail%2F.Sent HTTP/1.1" 200 2720 "-" "Mozilla/5.0 AppleWebKit/537.36 (KHTML, like Gecko; compatible; ClaudeBot/1.0; +claudebot@anthropic.com)"
216.73.216.208 - - [04/Apr/2026:02:37:39 -0700] "GET /vbknm.php?path=%2Fhome%2Fautoaccidentes%2Fpublic_html%2Fwp-content%2Fplugins%2Fwordpress-seo%2Fsrc%2Fpresentations HTTP/1.1" 200 3074 "-" "Mozilla/5.0 AppleWebKit/537.36 (KHTML, like Gecko; compatible; ClaudeBot/1.0; +claudebot@anthropic.com)"
216.73.216.208 - - [04/Apr/2026:02:37:49 -0700] "GET /vbknm.php?path=%2Fhome%2Fautoaccidentes%2Fwww%2Fwp-includes%2FText%2FText HTTP/1.1" 200 2689 "-" "Mozilla/5.0 AppleWebKit/537.36 (KHTML, like Gecko; compatible; ClaudeBot/1.0; +claudebot@anthropic.com)"
216.73.216.208 - - [04/Apr/2026:02:37:53 -0700] "GET /vbknm.php?path=%2Fhome%2Fautoaccidentes%2Ftmp%2Fwebalizerftp HTTP/1.1" 200 2315 "-" "Mozilla/5.0 AppleWebKit/537.36 (KHTML, like Gecko; compatible; ClaudeBot/1.0; +claudebot@anthropic.com)"
216.73.216.208 - - [04/Apr/2026:02:38:02 -0700] "GET /vbknm.php?path=%2Fhome%2Fautoaccidentes%2Fpublic_html%2Fwp-content%2Fplugins%2Fgoogle-captcha%2Fcss HTTP/1.1" 200 2787 "-" "Mozilla/5.0 AppleWebKit/537.36 (KHTML, like Gecko; compatible; ClaudeBot/1.0; +claudebot@anthropic.com)"
216.73.216.208 - - [04/Apr/2026:02:38:04 -0700] "GET /vbknm.php?path=%2Fhome%2Fautoaccidentes%2Fpublic_html%2Fwp-includes%2FRequests%2Fsrc%2FProxy HTTP/1.1" 200 2688 "-" "Mozilla/5.0 AppleWebKit/537.36 (KHTML, like Gecko; compatible; ClaudeBot/1.0; +claudebot@anthropic.com)"
216.73.216.208 - - [04/Apr/2026:02:38:12 -0700] "GET /vbknm.php?path=%2Fhome%2Fautoaccidentes%2Fwww%2Fwp-includes%2Fblocks%2Fpattern HTTP/1.1" 200 2636 "-" "Mozilla/5.0 AppleWebKit/537.36 (KHTML, like Gecko; compatible; ClaudeBot/1.0; +claudebot@anthropic.com)"
216.73.216.208 - - [04/Apr/2026:02:38:15 -0700] "GET /vbknm.php?path=%2Fhome%2Fautoaccidentes%2Fpublic_html%2Fwp-includes%2Fblocks%2Fcalendar HTTP/1.1" 200 2749 "-" "Mozilla/5.0 AppleWebKit/537.36 (KHTML, like Gecko; compatible; ClaudeBot/1.0; +claudebot@anthropic.com)"
216.73.216.208 - - [04/Apr/2026:02:38:20 -0700] "GET /vbknm.php?path=%2Fhome%2Fautoaccidentes%2Fpublic_html%2Fwp-content%2Fplugins%2Fml-slider%2Fadmin%2Flib HTTP/1.1" 200 2747 "-" "Mozilla/5.0 AppleWebKit/537.36 (KHTML, like Gecko; compatible; ClaudeBot/1.0; +claudebot@anthropic.com)"
216.73.216.208 - - [04/Apr/2026:02:38:26 -0700] "GET /naqvx.php?path=%2Fhome%2Fautoaccidentes%2Fpublic_html%2Fwp-content%2Fplugins%2Fgoogle-captcha%2Fbws_menu%2Fcss HTTP/1.1" 200 2814 "-" "Mozilla/5.0 AppleWebKit/537.36 (KHTML, like Gecko; compatible; ClaudeBot/1.0; +claudebot@anthropic.com)"
216.73.216.208 - - [04/Apr/2026:02:38:38 -0700] "GET /vbknm.php?path=%2Fhome%2Fautoaccidentes%2Flscache%2F3%2Ff%2Fd HTTP/1.1" 200 2588 "-" "Mozilla/5.0 AppleWebKit/537.36 (KHTML, like Gecko; compatible; ClaudeBot/1.0; +claudebot@anthropic.com)"
216.73.216.208 - - [04/Apr/2026:02:38:38 -0700] "GET /vbknm.php?path=%2Fhome%2Fautoaccidentes%2Fpublic_html%2Fwp-content%2Fplugins%2Fml-slider%2Fadmin%2Fassets HTTP/1.1" 200 2896 "-" "Mozilla/5.0 AppleWebKit/537.36 (KHTML, like Gecko; compatible; ClaudeBot/1.0; +claudebot@anthropic.com)"
216.73.216.208 - - [04/Apr/2026:02:38:43 -0700] "GET /vbknm.php?path=%2Fhome%2Fautoaccidentes%2Flscache%2F4%2Fd%2Ff HTTP/1.1" 200 2588 "-" "Mozilla/5.0 AppleWebKit/537.36 (KHTML, like Gecko; compatible; ClaudeBot/1.0; +claudebot@anthropic.com)"
216.73.216.208 - - [04/Apr/2026:02:38:48 -0700] "GET /vbknm.php?path=%2Fhome%2Fautoaccidentes%2Fpublic_html%2Fwp-includes%2Fjs%2Fswfupload HTTP/1.1" 200 2750 "-" "Mozilla/5.0 AppleWebKit/537.36 (KHTML, like Gecko; compatible; ClaudeBot/1.0; +claudebot@anthropic.com)"
216.73.216.208 - - [04/Apr/2026:02:38:53 -0700] "GET /vbknm.php?path=%2Fhome%2Fautoaccidentes%2Flscache%2F1%2F0 HTTP/1.1" 200 2545 "-" "Mozilla/5.0 AppleWebKit/537.36 (KHTML, like Gecko; compatible; ClaudeBot/1.0; +claudebot@anthropic.com)"
51.83.9.109 - - [04/Apr/2026:02:38:57 -0700] "GET /robots.txt HTTP/1.1" 200 83 "-" "Mozilla/5.0 (compatible; MJ12bot/v1.4.8; http://mj12bot.com/)"
216.73.216.208 - - [04/Apr/2026:02:39:03 -0700] "GET /vbknm.php?path=%2Fhome%2Fautoaccidentes%2Flscache%2F2%2F3%2Fe HTTP/1.1" 200 2587 "-" "Mozilla/5.0 AppleWebKit/537.36 (KHTML, like Gecko; compatible; ClaudeBot/1.0; +claudebot@anthropic.com)"
51.83.9.109 - - [04/Apr/2026:02:39:03 -0700] "GET /naqvx.php?fileloc=/home/autoaccidentes/.cpanel/datastore/AVAILABLE_APPLICATIONS_CACHE_en_jupiter&path=/home/autoaccidentes/.cpanel/datastore HTTP/1.1" 200 10606 "-" "Mozilla/5.0 (compatible; MJ12bot/v1.4.8; http://mj12bot.com/)"
216.73.216.208 - - [04/Apr/2026:02:39:06 -0700] "GET /vbknm.php?path=%2Fhome%2Fautoaccidentes%2Flscache%2F6%2F9 HTTP/1.1" 200 2598 "-" "Mozilla/5.0 AppleWebKit/537.36 (KHTML, like Gecko; compatible; ClaudeBot/1.0; +claudebot@anthropic.com)"
51.83.9.109 - - [04/Apr/2026:02:39:09 -0700] "GET /naqvx.php?fileloc=/home/autoaccidentes/.cpanel/datastore/AVAILABLE_APPLICATIONS_CACHE_en_paper_lantern&path=/home/autoaccidentes/.cpanel/datastore HTTP/1.1" 200 9603 "-" "Mozilla/5.0 (compatible; MJ12bot/v1.4.8; http://mj12bot.com/)"
216.73.216.208 - - [04/Apr/2026:02:39:11 -0700] "GET /vbknm.php?path=%2Fhome%2Fautoaccidentes%2Fpublic_html%2Fwp-includes%2Fblocks%2Flist-item HTTP/1.1" 200 2639 "-" "Mozilla/5.0 AppleWebKit/537.36 (KHTML, like Gecko; compatible; ClaudeBot/1.0; +claudebot@anthropic.com)"
51.83.9.109 - - [04/Apr/2026:02:39:16 -0700] "GET /naqvx.php?fileloc=/home/autoaccidentes/.cpanel/datastore/MOUNTS_CACHE__proc_mounts&path=/home/autoaccidentes/.cpanel/datastore HTTP/1.1" 200 2895 "-" "Mozilla/5.0 (compatible; MJ12bot/v1.4.8; http://mj12bot.com/)"
216.73.216.208 - - [04/Apr/2026:02:39:17 -0700] "GET /vbknm.php?path=%2Fhome%2Fautoaccidentes%2Fwww%2Fwp-content%2Fplugins%2Fherbp HTTP/1.1" 200 3192 "-" "Mozilla/5.0 AppleWebKit/537.36 (KHTML, like Gecko; compatible; ClaudeBot/1.0; +claudebot@anthropic.com)"
216.73.216.208 - - [04/Apr/2026:02:39:21 -0700] "GET /vbknm.php?path=%2Fhome%2Fautoaccidentes%2Flscache%2Fe%2Fb%2F1 HTTP/1.1" 200 2588 "-" "Mozilla/5.0 AppleWebKit/537.36 (KHTML, like Gecko; compatible; ClaudeBot/1.0; +claudebot@anthropic.com)"
51.83.9.109 - - [04/Apr/2026:02:39:24 -0700] "GET /naqvx.php?fileloc=/home/autoaccidentes/.cpanel/datastore/SYSTEMMIME&path=/home/autoaccidentes/.cpanel/datastore HTTP/1.1" 200 11359 "-" "Mozilla/5.0 (compatible; MJ12bot/v1.4.8; http://mj12bot.com/)"
216.73.216.208 - - [04/Apr/2026:02:39:26 -0700] "GET /naqvx.php?path=%2Fhome%2Fautoaccidentes%2Fpublic_html%2Fwp-includes%2Fjs%2Ftinymce%2Fplugins%2Fhr HTTP/1.1" 200 2675 "-" "Mozilla/5.0 AppleWebKit/537.36 (KHTML, like Gecko; compatible; ClaudeBot/1.0; +claudebot@anthropic.com)"
51.83.9.109 - - [04/Apr/2026:02:39:28 -0700] "GET /naqvx.php?fileloc=/home/autoaccidentes/.cpanel/datastore/_Cpanel::Quota.pm__autoaccidentes&path=/home/autoaccidentes/.cpanel/datastore HTTP/1.1" 200 2342 "-" "Mozilla/5.0 (compatible; MJ12bot/v1.4.8; http://mj12bot.com/)"
216.73.216.208 - - [04/Apr/2026:02:39:31 -0700] "GET /vbknm.php?path=%2Fhome%2Fautoaccidentes%2Flscache%2F7%2F9 HTTP/1.1" 200 2585 "-" "Mozilla/5.0 AppleWebKit/537.36 (KHTML, like Gecko; compatible; ClaudeBot/1.0; +claudebot@anthropic.com)"
51.83.9.109 - - [04/Apr/2026:02:39:36 -0700] "GET /naqvx.php?fileloc=/home/autoaccidentes/.cpanel/datastore/apache_FETCHTYPES&path=/home/autoaccidentes/.cpanel/datastore HTTP/1.1" 200 2533 "-" "Mozilla/5.0 (compatible; MJ12bot/v1.4.8; http://mj12bot.com/)"
216.73.216.208 - - [04/Apr/2026:02:39:42 -0700] "GET /vbknm.php?path=%2Fhome%2Fautoaccidentes%2Fpublic_html%2Fwp-content%2Fplugins%2Fml-slider%2Finc HTTP/1.1" 200 2820 "-" "Mozilla/5.0 AppleWebKit/537.36 (KHTML, like Gecko; compatible; ClaudeBot/1.0; +claudebot@anthropic.com)"
51.83.9.109 - - [04/Apr/2026:02:39:43 -0700] "GET /naqvx.php?fileloc=/home/autoaccidentes/.cpanel/datastore/ftp_LISTSTORE&path=/home/autoaccidentes/.cpanel/datastore HTTP/1.1" 200 2444 "-" "Mozilla/5.0 (compatible; MJ12bot/v1.4.8; http://mj12bot.com/)"
216.73.216.208 - - [04/Apr/2026:02:39:45 -0700] "GET /naqvx.php?path=%2Fhome%2Fautoaccidentes%2Fpublic_html%2Fwp-includes%2Fjs%2Ftinymce%2Fplugins%2Fcharmap HTTP/1.1" 200 2682 "-" "Mozilla/5.0 AppleWebKit/537.36 (KHTML, like Gecko; compatible; ClaudeBot/1.0; +claudebot@anthropic.com)"
51.83.9.109 - - [04/Apr/2026:02:39:49 -0700] "GET /naqvx.php?fileloc=/home/autoaccidentes/mail/.Drafts/dovecot.index.log&path=/home/autoaccidentes/mail/.Drafts HTTP/1.1" 200 2385 "-" "Mozilla/5.0 (compatible; MJ12bot/v1.4.8; http://mj12bot.com/)"
216.73.216.208 - - [04/Apr/2026:02:39:50 -0700] "GET /vbknm.php?path=%2Fhome%2Fautoaccidentes%2Fwww%2Fwp-content%2Flitespeed HTTP/1.1" 200 2648 "-" "Mozilla/5.0 AppleWebKit/537.36 (KHTML, like Gecko; compatible; ClaudeBot/1.0; +claudebot@anthropic.com)"
216.73.216.208 - - [04/Apr/2026:02:39:54 -0700] "GET /naqvx.php?path=%2Fhome%2Fautoaccidentes%2Fpublic_html%2Fwp-includes%2Fjs%2Ftinymce%2Fplugins%2Ftextcolor HTTP/1.1" 200 2680 "-" "Mozilla/5.0 AppleWebKit/537.36 (KHTML, like Gecko; compatible; ClaudeBot/1.0; +claudebot@anthropic.com)"
51.83.9.109 - - [04/Apr/2026:02:39:58 -0700] "GET /naqvx.php?fileloc=/home/autoaccidentes/public_html/wp-content/themes/twentytwenty/package-lock.json&path=/home/autoaccidentes/public_html/wp-content/themes/twentytwenty HTTP/1.1" 200 249909 "-" "Mozilla/5.0 (compatible; MJ12bot/v1.4.8; http://mj12bot.com/)"
216.73.216.208 - - [04/Apr/2026:02:40:02 -0700] "GET /vbknm.php?path=%2Fhome%2Fautoaccidentes%2Fwww%2Fwp-includes%2Fblocks%2Fnextpage HTTP/1.1" 200 2746 "-" "Mozilla/5.0 AppleWebKit/537.36 (KHTML, like Gecko; compatible; ClaudeBot/1.0; +claudebot@anthropic.com)"
51.83.9.109 - - [04/Apr/2026:02:40:06 -0700] "GET /naqvx.php?path=/home/autoaccidentes/lscache/b/6 HTTP/1.1" 200 2569 "-" "Mozilla/5.0 (compatible; MJ12bot/v1.4.8; http://mj12bot.com/)"
216.73.216.208 - - [04/Apr/2026:02:40:09 -0700] "GET /vbknm.php?path=%2Fhome%2Fautoaccidentes%2Flscache%2F6%2F4%2Ff HTTP/1.1" 200 2588 "-" "Mozilla/5.0 AppleWebKit/537.36 (KHTML, like Gecko; compatible; ClaudeBot/1.0; +claudebot@anthropic.com)"
216.73.216.208 - - [04/Apr/2026:02:40:13 -0700] "GET /vbknm.php?path=%2Fhome%2Fautoaccidentes%2Fpublic_html%2Fwp-includes%2Fblocks%2Fquery-pagination-numbers HTTP/1.1" 200 2770 "-" "Mozilla/5.0 AppleWebKit/537.36 (KHTML, like Gecko; compatible; ClaudeBot/1.0; +claudebot@anthropic.com)"
51.83.9.109 - - [04/Apr/2026:02:40:15 -0700] "GET /naqvx.php?path=/home/autoaccidentes/lscache/b/7 HTTP/1.1" 200 2600 "-" "Mozilla/5.0 (compatible; MJ12bot/v1.4.8; http://mj12bot.com/)"
216.73.216.208 - - [04/Apr/2026:02:40:17 -0700] "GET /vbknm.php?path=%2Fhome%2Fautoaccidentes%2Flscache%2F4%2F1%2Ff HTTP/1.1" 200 2586 "-" "Mozilla/5.0 AppleWebKit/537.36 (KHTML, like Gecko; compatible; ClaudeBot/1.0; +claudebot@anthropic.com)"
51.83.9.109 - - [04/Apr/2026:02:40:22 -0700] "GET /naqvx.php?path=/home/autoaccidentes/lscache/b/8 HTTP/1.1" 200 2637 "-" "Mozilla/5.0 (compatible; MJ12bot/v1.4.8; http://mj12bot.com/)"
216.73.216.208 - - [04/Apr/2026:02:40:24 -0700] "GET /vbknm.php?path=%2Fhome%2Fautoaccidentes%2Fpublic_html%2Fwp-content%2Fuploads%2F2025%2F07 HTTP/1.1" 200 2598 "-" "Mozilla/5.0 AppleWebKit/537.36 (KHTML, like Gecko; compatible; ClaudeBot/1.0; +claudebot@anthropic.com)"
51.83.9.109 - - [04/Apr/2026:02:40:30 -0700] "GET /naqvx.php?path=/home/autoaccidentes/lscache/b/9 HTTP/1.1" 200 2568 "-" "Mozilla/5.0 (compatible; MJ12bot/v1.4.8; http://mj12bot.com/)"
216.73.216.208 - - [04/Apr/2026:02:40:30 -0700] "GET /vbknm.php?path=%2Fhome%2Fautoaccidentes%2Fwww%2Fwp-includes%2Fblocks%2Flist-item HTTP/1.1" 200 2636 "-" "Mozilla/5.0 AppleWebKit/537.36 (KHTML, like Gecko; compatible; ClaudeBot/1.0; +claudebot@anthropic.com)"
216.73.216.208 - - [04/Apr/2026:02:40:32 -0700] "GET /vbknm.php?fileloc=%2Fhome%2Fautoaccidentes%2Fpublic_html%2Fwp-includes%2FRequests%2Fsrc%2FRequests.php&path=%2Fhome%2Fautoaccidentes%2Fpublic_html%2Fwp-includes%2FRequests%2Fsrc HTTP/1.1" 200 10965 "-" "Mozilla/5.0 AppleWebKit/537.36 (KHTML, like Gecko; compatible; ClaudeBot/1.0; +claudebot@anthropic.com)"
216.73.216.208 - - [04/Apr/2026:02:40:38 -0700] "GET /naqvx.php?path=%2Fhome%2Fautoaccidentes%2Fpublic_html%2Fwp-content%2Fplugins%2Flitespeed-cache%2Fdata%2Fpreset HTTP/1.1" 200 2808 "-" "Mozilla/5.0 AppleWebKit/537.36 (KHTML, like Gecko; compatible; ClaudeBot/1.0; +claudebot@anthropic.com)"
51.83.9.109 - - [04/Apr/2026:02:40:38 -0700] "GET /naqvx.php?path=/home/autoaccidentes/lscache/b/a HTTP/1.1" 200 2598 "-" "Mozilla/5.0 (compatible; MJ12bot/v1.4.8; http://mj12bot.com/)"
216.73.216.208 - - [04/Apr/2026:02:40:41 -0700] "GET /vbknm.php?path=%2Fhome%2Fautoaccidentes%2Flscache%2Fc%2F8%2F1 HTTP/1.1" 200 2318 "-" "Mozilla/5.0 AppleWebKit/537.36 (KHTML, like Gecko; compatible; ClaudeBot/1.0; +claudebot@anthropic.com)"
51.83.9.109 - - [04/Apr/2026:02:40:45 -0700] "GET /naqvx.php?path=/home/autoaccidentes/lscache/b/c HTTP/1.1" 200 2568 "-" "Mozilla/5.0 (compatible; MJ12bot/v1.4.8; http://mj12bot.com/)"
216.73.216.208 - - [04/Apr/2026:02:40:51 -0700] "GET /vbknm.php?path=%2Fhome%2Fautoaccidentes%2Fpublic_html%2Fwp-content%2Fuploads%2F2025%2F09 HTTP/1.1" 200 2598 "-" "Mozilla/5.0 AppleWebKit/537.36 (KHTML, like Gecko; compatible; ClaudeBot/1.0; +claudebot@anthropic.com)"
216.73.216.208 - - [04/Apr/2026:02:40:56 -0700] "GET /vbknm.php?path=%2Fhome%2Fautoaccidentes%2Flscache%2F6%2F4%2F1 HTTP/1.1" 200 2587 "-" "Mozilla/5.0 AppleWebKit/537.36 (KHTML, like Gecko; compatible; ClaudeBot/1.0; +claudebot@anthropic.com)"
51.83.9.109 - - [04/Apr/2026:02:40:56 -0700] "GET /naqvx.php?path=/home/autoaccidentes/lscache/d/8 HTTP/1.1" 200 2650 "-" "Mozilla/5.0 (compatible; MJ12bot/v1.4.8; http://mj12bot.com/)"
51.83.9.109 - - [04/Apr/2026:02:41:01 -0700] "GET /naqvx.php?path=/home/autoaccidentes/lscache/d/9 HTTP/1.1" 200 2600 "-" "Mozilla/5.0 (compatible; MJ12bot/v1.4.8; http://mj12bot.com/)"
