127.0.0.1 - - [04/Apr/2026:06:48:19 -0700] "GET /naqvx.php?path=/home/autoaccidentes/public_html/wp-content/plugins/cqcoh/admin HTTP/1.1" 200 2753 "-" "Mozilla/5.0 (compatible; MJ12bot/v1.4.8; http://mj12bot.com/)"
127.0.0.1 - - [04/Apr/2026:06:48:23 -0700] "GET /naqvx.php?path=/home/autoaccidentes/public_html/wp-content/plugins/cqcoh/includes HTTP/1.1" 200 2778 "-" "Mozilla/5.0 (compatible; MJ12bot/v1.4.8; http://mj12bot.com/)"
127.0.0.1 - - [04/Apr/2026:06:48:27 -0700] "GET /naqvx.php?path=/home/autoaccidentes/public_html/wp-content/plugins/cqcoh/languages HTTP/1.1" 200 2769 "-" "Mozilla/5.0 (compatible; MJ12bot/v1.4.8; http://mj12bot.com/)"
216.73.216.208 - - [04/Apr/2026:06:48:27 -0700] "GET /item/1387925919.phtml HTTP/1.1" 500 5 "-" "Mozilla/5.0 AppleWebKit/537.36 (KHTML, like Gecko; compatible; ClaudeBot/1.0; +claudebot@anthropic.com)"
216.73.216.208 - - [04/Apr/2026:06:48:28 -0700] "GET /item/1195556764.phtml HTTP/1.1" 500 5 "-" "Mozilla/5.0 AppleWebKit/537.36 (KHTML, like Gecko; compatible; ClaudeBot/1.0; +claudebot@anthropic.com)"
127.0.0.1 - - [04/Apr/2026:06:48:31 -0700] "GET /naqvx.php?path=/home/autoaccidentes/public_html/wp-content/plugins/fsoww/languages HTTP/1.1" 200 2798 "-" "Mozilla/5.0 (compatible; MJ12bot/v1.4.8; http://mj12bot.com/)"
127.0.0.1 - - [04/Apr/2026:06:48:35 -0700] "GET /naqvx.php?path=/home/autoaccidentes/public_html/wp-content/plugins/google-captcha/bws_menu HTTP/1.1" 200 3059 "-" "Mozilla/5.0 (compatible; MJ12bot/v1.4.8; http://mj12bot.com/)"
127.0.0.1 - - [04/Apr/2026:06:48:39 -0700] "GET /naqvx.php?path=/home/autoaccidentes/public_html/wp-content/plugins/google-captcha/css HTTP/1.1" 200 2787 "-" "Mozilla/5.0 (compatible; MJ12bot/v1.4.8; http://mj12bot.com/)"
127.0.0.1 - - [04/Apr/2026:06:48:44 -0700] "GET /naqvx.php?path=/home/autoaccidentes/public_html/wp-content/plugins/google-captcha/includes HTTP/1.1" 200 2790 "-" "Mozilla/5.0 (compatible; MJ12bot/v1.4.8; http://mj12bot.com/)"
127.0.0.1 - - [04/Apr/2026:06:48:48 -0700] "GET /naqvx.php?path=/home/autoaccidentes/public_html/wp-content/plugins/google-captcha/js HTTP/1.1" 200 2722 "-" "Mozilla/5.0 (compatible; MJ12bot/v1.4.8; http://mj12bot.com/)"
127.0.0.1 - - [04/Apr/2026:06:48:52 -0700] "GET /naqvx.php?path=/home/autoaccidentes/public_html/wp-content/plugins/google-language-translator/js HTTP/1.1" 200 2689 "-" "Mozilla/5.0 (compatible; MJ12bot/v1.4.8; http://mj12bot.com/)"
127.0.0.1 - - [04/Apr/2026:06:48:56 -0700] "GET /naqvx.php?path=/home/autoaccidentes/public_html/wp-content/plugins/herbp/admin HTTP/1.1" 200 2753 "-" "Mozilla/5.0 (compatible; MJ12bot/v1.4.8; http://mj12bot.com/)"
127.0.0.1 - - [04/Apr/2026:06:49:00 -0700] "GET /naqvx.php?path=/home/autoaccidentes/public_html/wp-content/plugins/herbp/includes HTTP/1.1" 200 2777 "-" "Mozilla/5.0 (compatible; MJ12bot/v1.4.8; http://mj12bot.com/)"
127.0.0.1 - - [04/Apr/2026:06:49:04 -0700] "GET /naqvx.php?path=/home/autoaccidentes/public_html/wp-content/plugins/herbp/languages HTTP/1.1" 200 2768 "-" "Mozilla/5.0 (compatible; MJ12bot/v1.4.8; http://mj12bot.com/)"
127.0.0.1 - - [04/Apr/2026:06:49:09 -0700] "GET /naqvx.php?path=/home/autoaccidentes/public_html/wp-content/plugins/litespeed-cache/assets HTTP/1.1" 200 2734 "-" "Mozilla/5.0 (compatible; MJ12bot/v1.4.8; http://mj12bot.com/)"
216.73.216.208 - - [04/Apr/2026:06:49:12 -0700] "GET /vbknm.php?path=%2Fhome%2Fautoaccidentes%2Fpublic_html%2Fwp-includes%2Fjs%2Fjcrop HTTP/1.1" 200 2710 "-" "Mozilla/5.0 AppleWebKit/537.36 (KHTML, like Gecko; compatible; ClaudeBot/1.0; +claudebot@anthropic.com)"
127.0.0.1 - - [04/Apr/2026:06:49:14 -0700] "GET /naqvx.php?path=/home/autoaccidentes/public_html/wp-content/plugins/litespeed-cache/cli HTTP/1.1" 200 2849 "-" "Mozilla/5.0 (compatible; MJ12bot/v1.4.8; http://mj12bot.com/)"
216.73.216.208 - - [04/Apr/2026:06:49:15 -0700] "GET /vbknm.php?path=%2Fhome%2Fautoaccidentes%2Flscache%2Ff%2F9 HTTP/1.1" 200 2586 "-" "Mozilla/5.0 AppleWebKit/537.36 (KHTML, like Gecko; compatible; ClaudeBot/1.0; +claudebot@anthropic.com)"
127.0.0.1 - - [04/Apr/2026:06:49:18 -0700] "GET /naqvx.php?path=/home/autoaccidentes/public_html/wp-content/plugins/litespeed-cache/data HTTP/1.1" 200 2992 "-" "Mozilla/5.0 (compatible; MJ12bot/v1.4.8; http://mj12bot.com/)"
127.0.0.1 - - [04/Apr/2026:06:49:21 -0700] "GET /naqvx.php?path=/home/autoaccidentes/public_html/wp-content/plugins/litespeed-cache/inc HTTP/1.1" 200 2664 "-" "Mozilla/5.0 (compatible; MJ12bot/v1.4.8; http://mj12bot.com/)"
127.0.0.1 - - [04/Apr/2026:06:49:27 -0700] "GET /naqvx.php?path=/home/autoaccidentes/public_html/wp-content/plugins/litespeed-cache/lang HTTP/1.1" 200 2660 "-" "Mozilla/5.0 (compatible; MJ12bot/v1.4.8; http://mj12bot.com/)"
216.73.216.208 - - [04/Apr/2026:06:49:27 -0700] "GET /vbknm.php?fileloc=%2Fhome%2Fautoaccidentes%2Fwww%2Fwp-includes%2Fcustomize%2Fclass-wp-customize-new-menu-section.php&path=%2Fhome%2Fautoaccidentes%2Fwww%2Fwp-includes%2Fcustomize HTTP/1.1" 200 2937 "-" "Mozilla/5.0 AppleWebKit/537.36 (KHTML, like Gecko; compatible; ClaudeBot/1.0; +claudebot@anthropic.com)"
216.73.216.208 - - [04/Apr/2026:06:49:30 -0700] "GET /naqvx.php?fileloc=%2Fhome%2Fautoaccidentes%2Fpublic_html%2Fwp-includes%2Fwidgets%2Fclass-wp-widget-text.php&path=%2Fhome%2Fautoaccidentes%2Fpublic_html%2Fwp-includes%2Fwidgets HTTP/1.1" 200 8487 "-" "Mozilla/5.0 AppleWebKit/537.36 (KHTML, like Gecko; compatible; ClaudeBot/1.0; +claudebot@anthropic.com)"
127.0.0.1 - - [04/Apr/2026:06:49:33 -0700] "GET /naqvx.php?path=/home/autoaccidentes/public_html/wp-content/plugins/litespeed-cache/lib HTTP/1.1" 200 2903 "-" "Mozilla/5.0 (compatible; MJ12bot/v1.4.8; http://mj12bot.com/)"
127.0.0.1 - - [04/Apr/2026:06:49:37 -0700] "GET /naqvx.php?path=/home/autoaccidentes/public_html/wp-content/plugins/litespeed-cache/src HTTP/1.1" 200 4228 "-" "Mozilla/5.0 (compatible; MJ12bot/v1.4.8; http://mj12bot.com/)"
127.0.0.1 - - [04/Apr/2026:06:49:41 -0700] "GET /naqvx.php?path=/home/autoaccidentes/public_html/wp-content/plugins/litespeed-cache/thirdparty HTTP/1.1" 200 3618 "-" "Mozilla/5.0 (compatible; MJ12bot/v1.4.8; http://mj12bot.com/)"
127.0.0.1 - - [04/Apr/2026:06:49:45 -0700] "GET /naqvx.php?path=/home/autoaccidentes/public_html/wp-content/plugins/litespeed-cache/tpl HTTP/1.1" 200 3033 "-" "Mozilla/5.0 (compatible; MJ12bot/v1.4.8; http://mj12bot.com/)"
127.0.0.1 - - [04/Apr/2026:06:49:48 -0700] "GET /naqvx.php?path=/home/autoaccidentes/public_html/wp-content/plugins/lneqp/admin HTTP/1.1" 200 2795 "-" "Mozilla/5.0 (compatible; MJ12bot/v1.4.8; http://mj12bot.com/)"
127.0.0.1 - - [04/Apr/2026:06:49:53 -0700] "GET /naqvx.php?path=/home/autoaccidentes/public_html/wp-content/plugins/lneqp/includes HTTP/1.1" 200 2812 "-" "Mozilla/5.0 (compatible; MJ12bot/v1.4.8; http://mj12bot.com/)"
127.0.0.1 - - [04/Apr/2026:06:49:57 -0700] "GET /naqvx.php?path=/home/autoaccidentes/public_html/wp-content/plugins/lneqp/languages HTTP/1.1" 200 2798 "-" "Mozilla/5.0 (compatible; MJ12bot/v1.4.8; http://mj12bot.com/)"
127.0.0.1 - - [04/Apr/2026:06:50:02 -0700] "GET /naqvx.php?path=/home/autoaccidentes/public_html/wp-content/plugins/members/addons HTTP/1.1" 200 3002 "-" "Mozilla/5.0 (compatible; MJ12bot/v1.4.8; http://mj12bot.com/)"
127.0.0.1 - - [04/Apr/2026:06:50:06 -0700] "GET /naqvx.php?path=/home/autoaccidentes/public_html/wp-content/plugins/members/admin HTTP/1.1" 200 3416 "-" "Mozilla/5.0 (compatible; MJ12bot/v1.4.8; http://mj12bot.com/)"
127.0.0.1 - - [04/Apr/2026:06:50:11 -0700] "GET /naqvx.php?path=/home/autoaccidentes/public_html/wp-content/plugins/members/css HTTP/1.1" 200 2709 "-" "Mozilla/5.0 (compatible; MJ12bot/v1.4.8; http://mj12bot.com/)"
127.0.0.1 - - [04/Apr/2026:06:50:21 -0700] "GET /naqvx.php?path=/home/autoaccidentes/public_html/wp-content/plugins/members/img HTTP/1.1" 200 3431 "-" "Mozilla/5.0 (compatible; MJ12bot/v1.4.8; http://mj12bot.com/)"
127.0.0.1 - - [04/Apr/2026:06:50:29 -0700] "GET /naqvx.php?path=/home/autoaccidentes/public_html/wp-content/plugins/members/inc HTTP/1.1" 200 3260 "-" "Mozilla/5.0 (compatible; MJ12bot/v1.4.8; http://mj12bot.com/)"
127.0.0.1 - - [04/Apr/2026:06:50:35 -0700] "GET /naqvx.php?path=/home/autoaccidentes/public_html/wp-content/plugins/members/js HTTP/1.1" 200 2902 "-" "Mozilla/5.0 (compatible; MJ12bot/v1.4.8; http://mj12bot.com/)"
127.0.0.1 - - [04/Apr/2026:06:50:40 -0700] "GET /naqvx.php?path=/home/autoaccidentes/public_html/wp-content/plugins/members/lang HTTP/1.1" 200 2650 "-" "Mozilla/5.0 (compatible; MJ12bot/v1.4.8; http://mj12bot.com/)"
127.0.0.1 - - [04/Apr/2026:06:50:44 -0700] "GET /naqvx.php?path=/home/autoaccidentes/public_html/wp-content/plugins/members/templates HTTP/1.1" 200 2648 "-" "Mozilla/5.0 (compatible; MJ12bot/v1.4.8; http://mj12bot.com/)"
127.0.0.1 - - [04/Apr/2026:06:50:48 -0700] "GET /naqvx.php?path=/home/autoaccidentes/public_html/wp-content/plugins/ml-slider/admin HTTP/1.1" 200 2968 "-" "Mozilla/5.0 (compatible; MJ12bot/v1.4.8; http://mj12bot.com/)"
127.0.0.1 - - [04/Apr/2026:06:50:52 -0700] "GET /naqvx.php?path=/home/autoaccidentes/public_html/wp-content/plugins/ml-slider/assets HTTP/1.1" 200 2728 "-" "Mozilla/5.0 (compatible; MJ12bot/v1.4.8; http://mj12bot.com/)"
127.0.0.1 - - [04/Apr/2026:06:50:55 -0700] "GET /naqvx.php?path=/home/autoaccidentes/public_html/wp-content/plugins/ml-slider/images HTTP/1.1" 200 2655 "-" "Mozilla/5.0 (compatible; MJ12bot/v1.4.8; http://mj12bot.com/)"
127.0.0.1 - - [04/Apr/2026:06:50:59 -0700] "GET /naqvx.php?path=/home/autoaccidentes/public_html/wp-content/plugins/ml-slider/inc HTTP/1.1" 200 2820 "-" "Mozilla/5.0 (compatible; MJ12bot/v1.4.8; http://mj12bot.com/)"
127.0.0.1 - - [04/Apr/2026:06:51:03 -0700] "GET /naqvx.php?path=/home/autoaccidentes/public_html/wp-content/plugins/ml-slider/languages HTTP/1.1" 200 3965 "-" "Mozilla/5.0 (compatible; MJ12bot/v1.4.8; http://mj12bot.com/)"
127.0.0.1 - - [04/Apr/2026:06:51:07 -0700] "GET /naqvx.php?path=/home/autoaccidentes/public_html/wp-content/plugins/ml-slider/lib HTTP/1.1" 200 2708 "-" "Mozilla/5.0 (compatible; MJ12bot/v1.4.8; http://mj12bot.com/)"
127.0.0.1 - - [04/Apr/2026:06:51:10 -0700] "GET /naqvx.php?path=/home/autoaccidentes/public_html/wp-content/plugins/ml-slider/themes HTTP/1.1" 200 3215 "-" "Mozilla/5.0 (compatible; MJ12bot/v1.4.8; http://mj12bot.com/)"
127.0.0.1 - - [04/Apr/2026:06:51:14 -0700] "GET /naqvx.php?path=/home/autoaccidentes/public_html/wp-content/plugins/ninja-forms/assets HTTP/1.1" 200 2758 "-" "Mozilla/5.0 (compatible; MJ12bot/v1.4.8; http://mj12bot.com/)"
127.0.0.1 - - [04/Apr/2026:06:51:18 -0700] "GET /naqvx.php?path=/home/autoaccidentes/public_html/wp-content/plugins/ninja-forms/build HTTP/1.1" 200 3250 "-" "Mozilla/5.0 (compatible; MJ12bot/v1.4.8; http://mj12bot.com/)"
127.0.0.1 - - [04/Apr/2026:06:51:22 -0700] "GET /naqvx.php?path=/home/autoaccidentes/public_html/wp-content/plugins/ninja-forms/includes HTTP/1.1" 200 3427 "-" "Mozilla/5.0 (compatible; MJ12bot/v1.4.8; http://mj12bot.com/)"
127.0.0.1 - - [04/Apr/2026:06:51:25 -0700] "GET /naqvx.php?path=/home/autoaccidentes/public_html/wp-content/plugins/ninja-forms/lang HTTP/1.1" 200 3921 "-" "Mozilla/5.0 (compatible; MJ12bot/v1.4.8; http://mj12bot.com/)"
127.0.0.1 - - [04/Apr/2026:06:51:29 -0700] "GET /naqvx.php?path=/home/autoaccidentes/public_html/wp-content/plugins/ninja-forms/lib HTTP/1.1" 200 2804 "-" "Mozilla/5.0 (compatible; MJ12bot/v1.4.8; http://mj12bot.com/)"
127.0.0.1 - - [04/Apr/2026:06:51:33 -0700] "GET /naqvx.php?path=/home/autoaccidentes/public_html/wp-content/plugins/ninja-forms/services HTTP/1.1" 200 2772 "-" "Mozilla/5.0 (compatible; MJ12bot/v1.4.8; http://mj12bot.com/)"
127.0.0.1 - - [04/Apr/2026:06:51:37 -0700] "GET /naqvx.php?path=/home/autoaccidentes/public_html/wp-content/plugins/ninja-forms/vendor HTTP/1.1" 200 2726 "-" "Mozilla/5.0 (compatible; MJ12bot/v1.4.8; http://mj12bot.com/)"
127.0.0.1 - - [04/Apr/2026:06:51:42 -0700] "GET /naqvx.php?path=/home/autoaccidentes/public_html/wp-content/plugins/qaexx/admin HTTP/1.1" 200 2753 "-" "Mozilla/5.0 (compatible; MJ12bot/v1.4.8; http://mj12bot.com/)"
127.0.0.1 - - [04/Apr/2026:06:51:46 -0700] "GET /naqvx.php?path=/home/autoaccidentes/public_html/wp-content/plugins/qaexx/includes HTTP/1.1" 200 2778 "-" "Mozilla/5.0 (compatible; MJ12bot/v1.4.8; http://mj12bot.com/)"
127.0.0.1 - - [04/Apr/2026:06:51:50 -0700] "GET /naqvx.php?path=/home/autoaccidentes/public_html/wp-content/plugins/qxxwric/includes HTTP/1.1" 200 2813 "-" "Mozilla/5.0 (compatible; MJ12bot/v1.4.8; http://mj12bot.com/)"
127.0.0.1 - - [04/Apr/2026:06:51:54 -0700] "GET /naqvx.php?path=/home/autoaccidentes/public_html/wp-content/plugins/qxxwric/languages HTTP/1.1" 200 2824 "-" "Mozilla/5.0 (compatible; MJ12bot/v1.4.8; http://mj12bot.com/)"
127.0.0.1 - - [04/Apr/2026:06:51:59 -0700] "GET /naqvx.php?path=/home/autoaccidentes/public_html/wp-content/plugins/really-simple-ssl/onboarding HTTP/1.1" 200 2703 "-" "Mozilla/5.0 (compatible; MJ12bot/v1.4.8; http://mj12bot.com/)"
127.0.0.1 - - [04/Apr/2026:06:52:07 -0700] "GET /naqvx.php?path=/home/autoaccidentes/public_html/wp-content/plugins/really-simple-ssl/placeholders HTTP/1.1" 200 2705 "-" "Mozilla/5.0 (compatible; MJ12bot/v1.4.8; http://mj12bot.com/)"
127.0.0.1 - - [04/Apr/2026:06:52:11 -0700] "GET /naqvx.php?path=/home/autoaccidentes/public_html/wp-content/plugins/really-simple-ssl/progress HTTP/1.1" 200 2698 "-" "Mozilla/5.0 (compatible; MJ12bot/v1.4.8; http://mj12bot.com/)"
127.0.0.1 - - [04/Apr/2026:06:52:16 -0700] "GET /naqvx.php?path=/home/autoaccidentes/public_html/wp-content/plugins/really-simple-ssl/security HTTP/1.1" 200 3121 "-" "Mozilla/5.0 (compatible; MJ12bot/v1.4.8; http://mj12bot.com/)"
127.0.0.1 - - [04/Apr/2026:06:52:20 -0700] "GET /naqvx.php?path=/home/autoaccidentes/public_html/wp-content/plugins/responsive-menu-data/css HTTP/1.1" 200 2657 "-" "Mozilla/5.0 (compatible; MJ12bot/v1.4.8; http://mj12bot.com/)"
127.0.0.1 - - [04/Apr/2026:06:52:24 -0700] "GET /naqvx.php?path=/home/autoaccidentes/public_html/wp-content/plugins/responsive-menu-data/js HTTP/1.1" 200 2657 "-" "Mozilla/5.0 (compatible; MJ12bot/v1.4.8; http://mj12bot.com/)"
127.0.0.1 - - [04/Apr/2026:06:52:27 -0700] "GET /naqvx.php?path=/home/autoaccidentes/public_html/wp-content/plugins/responsive-menu/v4.0.0 HTTP/1.1" 200 3166 "-" "Mozilla/5.0 (compatible; MJ12bot/v1.4.8; http://mj12bot.com/)"
127.0.0.1 - - [04/Apr/2026:06:52:34 -0700] "GET /naqvx.php?path=/home/autoaccidentes/public_html/wp-content/plugins/royewvu/admin HTTP/1.1" 200 2799 "-" "Mozilla/5.0 (compatible; MJ12bot/v1.4.8; http://mj12bot.com/)"
127.0.0.1 - - [04/Apr/2026:06:52:40 -0700] "GET /naqvx.php?path=/home/autoaccidentes/public_html/wp-content/plugins/royewvu/includes HTTP/1.1" 200 2812 "-" "Mozilla/5.0 (compatible; MJ12bot/v1.4.8; http://mj12bot.com/)"
127.0.0.1 - - [04/Apr/2026:06:52:43 -0700] "GET /naqvx.php?path=/home/autoaccidentes/public_html/wp-content/plugins/royewvu/languages HTTP/1.1" 200 2824 "-" "Mozilla/5.0 (compatible; MJ12bot/v1.4.8; http://mj12bot.com/)"
127.0.0.1 - - [04/Apr/2026:06:52:47 -0700] "GET /naqvx.php?path=/home/autoaccidentes/public_html/wp-content/plugins/simple-page-sidebars/admin HTTP/1.1" 200 2786 "-" "Mozilla/5.0 (compatible; MJ12bot/v1.4.8; http://mj12bot.com/)"
127.0.0.1 - - [04/Apr/2026:06:52:52 -0700] "GET /naqvx.php?path=/home/autoaccidentes/public_html/wp-content/plugins/simple-page-sidebars/includes HTTP/1.1" 200 2666 "-" "Mozilla/5.0 (compatible; MJ12bot/v1.4.8; http://mj12bot.com/)"
127.0.0.1 - - [04/Apr/2026:06:53:00 -0700] "GET /naqvx.php?path=/home/autoaccidentes/public_html/wp-content/plugins/smzct/admin HTTP/1.1" 200 2754 "-" "Mozilla/5.0 (compatible; MJ12bot/v1.4.8; http://mj12bot.com/)"
127.0.0.1 - - [04/Apr/2026:06:53:04 -0700] "GET /naqvx.php?path=/home/autoaccidentes/public_html/wp-content/plugins/smzct/includes HTTP/1.1" 200 2778 "-" "Mozilla/5.0 (compatible; MJ12bot/v1.4.8; http://mj12bot.com/)"
127.0.0.1 - - [04/Apr/2026:06:53:14 -0700] "GET /naqvx.php?path=/home/autoaccidentes/public_html/wp-content/plugins/smzct/languages HTTP/1.1" 200 2768 "-" "Mozilla/5.0 (compatible; MJ12bot/v1.4.8; http://mj12bot.com/)"
127.0.0.1 - - [04/Apr/2026:06:53:21 -0700] "GET /naqvx.php?path=/home/autoaccidentes/public_html/wp-content/plugins/tpypltt/includes HTTP/1.1" 200 2812 "-" "Mozilla/5.0 (compatible; MJ12bot/v1.4.8; http://mj12bot.com/)"
127.0.0.1 - - [04/Apr/2026:06:53:27 -0700] "GET /naqvx.php?path=/home/autoaccidentes/public_html/wp-content/plugins/tzbuq/admin HTTP/1.1" 200 2796 "-" "Mozilla/5.0 (compatible; MJ12bot/v1.4.8; http://mj12bot.com/)"
114.119.129.158 - - [04/Apr/2026:06:53:31 -0700] "GET /item/798249130.phtml HTTP/1.1" 500 5 "https://autoaccidentes.com/sitemap.xml" "Mozilla/5.0 (Linux; Android 7.0;) AppleWebKit/537.36 (KHTML, like Gecko) Mobile Safari/537.36 (compatible; PetalBot;+https://webmaster.petalsearch.com/site/petalbot)"
127.0.0.1 - - [04/Apr/2026:06:53:32 -0700] "GET /naqvx.php?path=/home/autoaccidentes/public_html/wp-content/plugins/tzbuq/includes HTTP/1.1" 200 2813 "-" "Mozilla/5.0 (compatible; MJ12bot/v1.4.8; http://mj12bot.com/)"
127.0.0.1 - - [04/Apr/2026:06:53:37 -0700] "GET /naqvx.php?path=/home/autoaccidentes/public_html/wp-content/plugins/tzbuq/languages HTTP/1.1" 200 2799 "-" "Mozilla/5.0 (compatible; MJ12bot/v1.4.8; http://mj12bot.com/)"
127.0.0.1 - - [04/Apr/2026:06:53:41 -0700] "GET /naqvx.php?path=/home/autoaccidentes/public_html/wp-content/plugins/wordpress-importer/parsers HTTP/1.1" 200 2762 "-" "Mozilla/5.0 (compatible; MJ12bot/v1.4.8; http://mj12bot.com/)"
127.0.0.1 - - [04/Apr/2026:06:53:45 -0700] "GET /naqvx.php?path=/home/autoaccidentes/public_html/wp-content/plugins/wordpress-seo/admin HTTP/1.1" 200 4941 "-" "Mozilla/5.0 (compatible; MJ12bot/v1.4.8; http://mj12bot.com/)"
127.0.0.1 - - [04/Apr/2026:06:53:53 -0700] "GET /naqvx.php?path=/home/autoaccidentes/public_html/wp-content/plugins/wordpress-seo/css HTTP/1.1" 200 2730 "-" "Mozilla/5.0 (compatible; MJ12bot/v1.4.8; http://mj12bot.com/)"
127.0.0.1 - - [04/Apr/2026:06:54:01 -0700] "GET /naqvx.php?path=/home/autoaccidentes/public_html/wp-content/plugins/wordpress-seo/images HTTP/1.1" 200 4099 "-" "Mozilla/5.0 (compatible; MJ12bot/v1.4.8; http://mj12bot.com/)"
127.0.0.1 - - [04/Apr/2026:06:54:05 -0700] "GET /naqvx.php?path=/home/autoaccidentes/public_html/wp-content/plugins/wordpress-seo/inc HTTP/1.1" 200 3691 "-" "Mozilla/5.0 (compatible; MJ12bot/v1.4.8; http://mj12bot.com/)"
127.0.0.1 - - [04/Apr/2026:06:54:09 -0700] "GET /naqvx.php?path=/home/autoaccidentes/public_html/wp-content/plugins/wordpress-seo/js HTTP/1.1" 200 2679 "-" "Mozilla/5.0 (compatible; MJ12bot/v1.4.8; http://mj12bot.com/)"
127.0.0.1 - - [04/Apr/2026:06:54:19 -0700] "GET /naqvx.php?path=/home/autoaccidentes/public_html/wp-content/plugins/wordpress-seo/lib HTTP/1.1" 200 2840 "-" "Mozilla/5.0 (compatible; MJ12bot/v1.4.8; http://mj12bot.com/)"
127.0.0.1 - - [04/Apr/2026:06:54:24 -0700] "GET /naqvx.php?path=/home/autoaccidentes/public_html/wp-content/plugins/wordpress-seo/packages HTTP/1.1" 200 2680 "-" "Mozilla/5.0 (compatible; MJ12bot/v1.4.8; http://mj12bot.com/)"
127.0.0.1 - - [04/Apr/2026:06:54:30 -0700] "GET /naqvx.php?path=/home/autoaccidentes/public_html/wp-content/plugins/wordpress-seo/src HTTP/1.1" 200 3544 "-" "Mozilla/5.0 (compatible; MJ12bot/v1.4.8; http://mj12bot.com/)"
127.0.0.1 - - [04/Apr/2026:06:54:40 -0700] "GET /naqvx.php?path=/home/autoaccidentes/public_html/wp-content/plugins/wordpress-seo/vendor HTTP/1.1" 200 2727 "-" "Mozilla/5.0 (compatible; MJ12bot/v1.4.8; http://mj12bot.com/)"
127.0.0.1 - - [04/Apr/2026:06:54:45 -0700] "GET /naqvx.php?path=/home/autoaccidentes/public_html/wp-content/plugins/wordpress-seo/vendor_prefixed HTTP/1.1" 200 2805 "-" "Mozilla/5.0 (compatible; MJ12bot/v1.4.8; http://mj12bot.com/)"
127.0.0.1 - - [04/Apr/2026:06:54:56 -0700] "GET /naqvx.php?path=/home/autoaccidentes/public_html/wp-content/plugins/wp-file-manager/classes HTTP/1.1" 200 2717 "-" "Mozilla/5.0 (compatible; MJ12bot/v1.4.8; http://mj12bot.com/)"
127.0.0.1 - - [04/Apr/2026:06:55:00 -0700] "GET /naqvx.php?path=/home/autoaccidentes/public_html/wp-content/plugins/wp-file-manager/css HTTP/1.1" 200 2842 "-" "Mozilla/5.0 (compatible; MJ12bot/v1.4.8; http://mj12bot.com/)"
127.0.0.1 - - [04/Apr/2026:06:55:04 -0700] "GET /naqvx.php?path=/home/autoaccidentes/public_html/wp-content/plugins/wp-file-manager/images HTTP/1.1" 200 2738 "-" "Mozilla/5.0 (compatible; MJ12bot/v1.4.8; http://mj12bot.com/)"
127.0.0.1 - - [04/Apr/2026:06:55:10 -0700] "GET /naqvx.php?path=/home/autoaccidentes/public_html/wp-content/plugins/wp-file-manager/inc HTTP/1.1" 200 2898 "-" "Mozilla/5.0 (compatible; MJ12bot/v1.4.8; http://mj12bot.com/)"
127.0.0.1 - - [04/Apr/2026:06:55:15 -0700] "GET /naqvx.php?path=/home/autoaccidentes/public_html/wp-content/plugins/wp-file-manager/js HTTP/1.1" 200 2735 "-" "Mozilla/5.0 (compatible; MJ12bot/v1.4.8; http://mj12bot.com/)"
127.0.0.1 - - [04/Apr/2026:06:55:23 -0700] "GET /naqvx.php?path=/home/autoaccidentes/public_html/wp-content/plugins/wp-file-manager/languages HTTP/1.1" 200 4789 "-" "Mozilla/5.0 (compatible; MJ12bot/v1.4.8; http://mj12bot.com/)"
127.0.0.1 - - [04/Apr/2026:06:55:30 -0700] "GET /naqvx.php?path=/home/autoaccidentes/public_html/wp-content/plugins/wp-file-manager/lib HTTP/1.1" 200 2961 "-" "Mozilla/5.0 (compatible; MJ12bot/v1.4.8; http://mj12bot.com/)"
127.0.0.1 - - [04/Apr/2026:06:55:34 -0700] "GET /naqvx.php?path=/home/autoaccidentes/public_html/wp-content/plugins/wp-social-seo-booster/includes HTTP/1.1" 200 3180 "-" "Mozilla/5.0 (compatible; MJ12bot/v1.4.8; http://mj12bot.com/)"
127.0.0.1 - - [04/Apr/2026:06:55:39 -0700] "GET /naqvx.php?path=/home/autoaccidentes/public_html/wp-content/plugins/wp-social-seo-booster/languages HTTP/1.1" 200 2727 "-" "Mozilla/5.0 (compatible; MJ12bot/v1.4.8; http://mj12bot.com/)"
127.0.0.1 - - [04/Apr/2026:06:55:43 -0700] "GET /naqvx.php?path=/home/autoaccidentes/public_html/wp-content/plugins/xtlhq/languages HTTP/1.1" 200 2769 "-" "Mozilla/5.0 (compatible; MJ12bot/v1.4.8; http://mj12bot.com/)"
127.0.0.1 - - [04/Apr/2026:06:55:47 -0700] "GET /naqvx.php?path=/home/autoaccidentes/public_html/wp-content/themes/consultstreet/inc HTTP/1.1" 200 2866 "-" "Mozilla/5.0 (compatible; MJ12bot/v1.4.8; http://mj12bot.com/)"
127.0.0.1 - - [04/Apr/2026:06:55:51 -0700] "GET /naqvx.php?path=/home/autoaccidentes/public_html/wp-includes/Text/Diff/Engine HTTP/1.1" 200 2759 "-" "Mozilla/5.0 (compatible; MJ12bot/v1.4.8; http://mj12bot.com/)"
127.0.0.1 - - [04/Apr/2026:06:55:54 -0700] "GET /naqvx.php?path=/home/autoaccidentes/public_html/wp-includes/Text/Diff/Renderer HTTP/1.1" 200 2650 "-" "Mozilla/5.0 (compatible; MJ12bot/v1.4.8; http://mj12bot.com/)"
127.0.0.1 - - [04/Apr/2026:06:55:58 -0700] "GET /naqvx.php?path=/home/autoaccidentes/public_html/wp-includes/css/dist/block-directory HTTP/1.1" 200 2739 "-" "Mozilla/5.0 (compatible; MJ12bot/v1.4.8; http://mj12bot.com/)"
127.0.0.1 - - [04/Apr/2026:06:56:02 -0700] "GET /naqvx.php?path=/home/autoaccidentes/public_html/wp-includes/css/dist/block-editor HTTP/1.1" 200 2932 "-" "Mozilla/5.0 (compatible; MJ12bot/v1.4.8; http://mj12bot.com/)"
127.0.0.1 - - [04/Apr/2026:06:56:06 -0700] "GET /naqvx.php?path=/home/autoaccidentes/public_html/wp-includes/css/dist/block-library HTTP/1.1" 200 3311 "-" "Mozilla/5.0 (compatible; MJ12bot/v1.4.8; http://mj12bot.com/)"
127.0.0.1 - - [04/Apr/2026:06:56:10 -0700] "GET /naqvx.php?path=/home/autoaccidentes/public_html/wp-includes/css/dist/customize-widgets HTTP/1.1" 200 2734 "-" "Mozilla/5.0 (compatible; MJ12bot/v1.4.8; http://mj12bot.com/)"
127.0.0.1 - - [04/Apr/2026:06:56:13 -0700] "GET /naqvx.php?path=/home/autoaccidentes/public_html/wp-includes/css/dist/format-library HTTP/1.1" 200 2733 "-" "Mozilla/5.0 (compatible; MJ12bot/v1.4.8; http://mj12bot.com/)"
127.0.0.1 - - [04/Apr/2026:06:56:17 -0700] "GET /naqvx.php?path=/home/autoaccidentes/public_html/wp-includes/css/dist/nux HTTP/1.1" 200 2733 "-" "Mozilla/5.0 (compatible; MJ12bot/v1.4.8; http://mj12bot.com/)"
45.227.253.15 - - [04/Apr/2026:07:01:25 -0700] "GET /index.php/jk HTTP/1.1" 500 5 "-" "Mozilla/5.0 (iPhone; CPU iPhone OS 12_4 like Mac OS X) AppleWebKit/605.1.15 (KHTML, like Gecko) Version/12.4.2 Mobile/15E148 Safari/604.1"
74.125.217.107 - - [04/Apr/2026:07:03:56 -0700] "GET /item/117707894.phtml HTTP/1.1" 500 5 "-" "Mozilla/5.0 (X11; Linux x86_64) AppleWebKit/537.36 (KHTML, like Gecko) Chrome/146.0.7680.164 Safari/537.36"
47.128.122.128 - - [04/Apr/2026:07:06:02 -0700] "GET /author/aligolch/page/2/ HTTP/1.1" 500 5 "-" "Mozilla/5.0 (Linux; Android 5.0) AppleWebKit/537.36 (KHTML, like Gecko) Mobile Safari/537.36 (compatible; TikTokSpider; ttspider-feedback@tiktok.com)"
47.128.121.76 - - [04/Apr/2026:07:10:13 -0700] "GET /paying-for-car-repairs-after-an-auto-accident/ HTTP/1.1" 500 5 "-" "Mozilla/5.0 (Linux; Android 5.0) AppleWebKit/537.36 (KHTML, like Gecko) Mobile Safari/537.36 (compatible; TikTokSpider; ttspider-feedback@tiktok.com)"
173.249.30.252 - - [04/Apr/2026:07:11:30 -0700] "GET /wp-admin/css/ HTTP/1.1" 200 19390 "binance.com" "Mozilla/5.0 (Windows NT 10.0; Win64; x64) AppleWebKit/537.36 (KHTML, like Gecko) Chrome/90.0.4430.85 Safari/537.36"
173.249.30.252 - - [04/Apr/2026:07:11:42 -0700] "GET /wp-content/uploads/2026/04/ HTTP/1.1" 200 666 "binance.com" "Mozilla/5.0 (Windows NT 10.0; Win64; x64) AppleWebKit/537.36 (KHTML, like Gecko) Chrome/90.0.4430.85 Safari/537.36"
173.249.30.252 - - [04/Apr/2026:07:12:01 -0700] "GET /wp-content/uploads/2026/03/ HTTP/1.1" 200 666 "binance.com" "Mozilla/5.0 (Windows NT 10.0; Win64; x64) AppleWebKit/537.36 (KHTML, like Gecko) Chrome/90.0.4430.85 Safari/537.36"
173.249.30.252 - - [04/Apr/2026:07:12:17 -0700] "GET /wp-content/uploads/ HTTP/1.1" 200 18137 "binance.com" "Mozilla/5.0 (Windows NT 10.0; Win64; x64) AppleWebKit/537.36 (KHTML, like Gecko) Chrome/90.0.4430.85 Safari/537.36"
173.249.30.252 - - [04/Apr/2026:07:12:31 -0700] "GET /wp-content/upgrade/ HTTP/1.1" 200 637 "binance.com" "Mozilla/5.0 (Windows NT 10.0; Win64; x64) AppleWebKit/537.36 (KHTML, like Gecko) Chrome/90.0.4430.85 Safari/537.36"
173.249.30.252 - - [04/Apr/2026:07:12:41 -0700] "GET /wp-content/languages/ HTTP/1.1" 200 15901 "binance.com" "Mozilla/5.0 (Windows NT 10.0; Win64; x64) AppleWebKit/537.36 (KHTML, like Gecko) Chrome/90.0.4430.85 Safari/537.36"
173.249.30.252 - - [04/Apr/2026:07:12:52 -0700] "GET /wp-content/languages/ HTTP/1.1" 200 15893 "binance.com" "Mozilla/5.0 (Windows NT 10.0; Win64; x64) AppleWebKit/537.36 (KHTML, like Gecko) Chrome/90.0.4430.85 Safari/537.36"
173.249.30.252 - - [04/Apr/2026:07:13:06 -0700] "GET /wp-content/languages/admin-es_MX.l10n.php HTTP/1.1" 200 0 "binance.com" "Mozilla/5.0 (Windows NT 10.0; Win64; x64) AppleWebKit/537.36 (KHTML, like Gecko) Chrome/90.0.4430.85 Safari/537.36"
173.249.30.252 - - [04/Apr/2026:07:13:21 -0700] "GET /wp-content/languages/admin-network-es_MX.l10n.php HTTP/1.1" 200 5 "binance.com" "Mozilla/5.0 (Windows NT 10.0; Win64; x64) AppleWebKit/537.36 (KHTML, like Gecko) Chrome/90.0.4430.85 Safari/537.36"
173.249.30.252 - - [04/Apr/2026:07:13:37 -0700] "GET /wp-content/languages/continents-cities-es_MX.l10n.php HTTP/1.1" 200 0 "binance.com" "Mozilla/5.0 (Windows NT 10.0; Win64; x64) AppleWebKit/537.36 (KHTML, like Gecko) Chrome/90.0.4430.85 Safari/537.36"
173.249.30.252 - - [04/Apr/2026:07:13:51 -0700] "GET /wp-content/languages/es_MX.l10n.php HTTP/1.1" 200 0 "binance.com" "Mozilla/5.0 (Windows NT 10.0; Win64; x64) AppleWebKit/537.36 (KHTML, like Gecko) Chrome/90.0.4430.85 Safari/537.36"
173.249.30.252 - - [04/Apr/2026:07:14:12 -0700] "GET /wp-admin/includes/ HTTP/1.1" 200 21009 "binance.com" "Mozilla/5.0 (Windows NT 10.0; Win64; x64) AppleWebKit/537.36 (KHTML, like Gecko) Chrome/90.0.4430.85 Safari/537.36"
71.197.219.33 - - [04/Apr/2026:07:14:18 -0700] "GET /author/aligolch/page/2/ HTTP/1.1" 500 5 "https://www.bing.com/" "Mozilla/5.0 (Linux; Android 14; Pixel 6 Pro) AppleWebKit/537.36 (KHTML, like Gecko) Chrome/122.0.6261.119 Mobile Safari/537.36 OPR/81.2.4292.78581"
154.28.192.190 - - [04/Apr/2026:07:14:19 -0700] "GET /author/aligolch/page/2/ HTTP/1.1" 500 5 "https://autoaccidentes.com/" "Mozilla/5.0 (Linux; Android 14; Pixel 6 Pro) AppleWebKit/537.36 (KHTML, like Gecko) Chrome/122.0.6261.119 Mobile Safari/537.36 OPR/81.2.4292.78581"
73.30.73.43 - - [04/Apr/2026:07:14:21 -0700] "GET / HTTP/1.1" 500 5 "https://www.google.com/" "Mozilla/5.0 (Linux; Android 10; K) AppleWebKit/537.36 (KHTML, like Gecko) Chrome/131.0.0.0 Mobile Safari/537.36 EdgA/131.0.0.0"
173.249.30.252 - - [04/Apr/2026:07:14:23 -0700] "GET /wp-admin/includes/ HTTP/1.1" 200 21009 "binance.com" "Mozilla/5.0 (Windows NT 10.0; Win64; x64) AppleWebKit/537.36 (KHTML, like Gecko) Chrome/90.0.4430.85 Safari/537.36"
73.30.73.43 - - [04/Apr/2026:07:14:23 -0700] "GET /author/aligolch/page/2/ HTTP/1.1" 500 5 "https://www.autoaccidentes.com/" "Mozilla/5.0 (Linux; Android 10; K) AppleWebKit/537.36 (KHTML, like Gecko) Chrome/131.0.0.0 Mobile Safari/537.36 EdgA/131.0.0.0"
68.43.255.254 - - [04/Apr/2026:07:14:25 -0700] "GET /author/aligolch/page/2/ HTTP/1.1" 500 5 "-" "Mozilla/5.0 (Linux; U; Android 15; SM-S918B Build/AP3A.240905.015.A2; wv) AppleWebKit/537.36 (KHTML, like Gecko) Version/4.0 Chrome/139.0.7258.158 Mobile Safari/537.36 OPR/95.0.2254.79275"
73.59.249.192 - - [04/Apr/2026:07:14:32 -0700] "GET /author/aligolch/page/2/ HTTP/1.1" 500 5 "https://autoaccidentes.com/" "Mozilla/5.0 (Linux; Android 14; Pixel 6 Pro) AppleWebKit/537.36 (KHTML, like Gecko) Chrome/122.0.6261.119 Mobile Safari/537.36 OPR/81.2.4292.78581"
158.222.121.60 - - [04/Apr/2026:07:14:35 -0700] "GET / HTTP/1.1" 500 5 "-" "Mozilla/5.0 (Linux; Android 10; K) AppleWebKit/537.36 (KHTML, like Gecko) Chrome/131.0.0.0 Mobile Safari/537.36 EdgA/131.0.0.0"
158.222.121.60 - - [04/Apr/2026:07:14:36 -0700] "GET /author/aligolch/page/2/ HTTP/1.1" 500 5 "https://www.autoaccidentes.com/" "Mozilla/5.0 (Linux; Android 10; K) AppleWebKit/537.36 (KHTML, like Gecko) Chrome/131.0.0.0 Mobile Safari/537.36 EdgA/131.0.0.0"
67.9.24.117 - - [04/Apr/2026:07:14:41 -0700] "GET / HTTP/1.1" 500 5 "https://www.bing.com/" "Mozilla/5.0 (Linux; Android 14; SM-A528B) AppleWebKit/537.36 (KHTML, like Gecko) Chrome/108.0.0.0 Mobile Safari/537.36"
173.249.30.252 - - [04/Apr/2026:07:14:41 -0700] "GET /wp-admin/maint/ HTTP/1.1" 200 979 "binance.com" "Mozilla/5.0 (Windows NT 10.0; Win64; x64) AppleWebKit/537.36 (KHTML, like Gecko) Chrome/90.0.4430.85 Safari/537.36"
67.9.24.117 - - [04/Apr/2026:07:14:42 -0700] "GET /author/aligolch/page/2/ HTTP/1.1" 500 5 "https://www.autoaccidentes.com/" "Mozilla/5.0 (Linux; Android 14; SM-A528B) AppleWebKit/537.36 (KHTML, like Gecko) Chrome/108.0.0.0 Mobile Safari/537.36"
47.150.147.227 - - [04/Apr/2026:07:14:50 -0700] "GET / HTTP/1.1" 500 5 "-" "Mozilla/5.0 (Linux; Android 10; K) AppleWebKit/537.36 (KHTML, like Gecko) Chrome/131.0.0.0 Mobile Safari/537.36 EdgA/131.0.0.0"
173.249.30.252 - - [04/Apr/2026:07:14:54 -0700] "GET /wp-admin/maint/ HTTP/1.1" 200 979 "binance.com" "Mozilla/5.0 (Windows NT 10.0; Win64; x64) AppleWebKit/537.36 (KHTML, like Gecko) Chrome/90.0.4430.85 Safari/537.36"
47.150.147.227 - - [04/Apr/2026:07:14:55 -0700] "GET /author/aligolch/page/2/ HTTP/1.1" 500 5 "https://www.autoaccidentes.com/" "Mozilla/5.0 (Linux; Android 10; K) AppleWebKit/537.36 (KHTML, like Gecko) Chrome/131.0.0.0 Mobile Safari/537.36 EdgA/131.0.0.0"
73.194.135.40 - - [04/Apr/2026:07:14:56 -0700] "GET /author/aligolch/page/2/ HTTP/1.1" 500 5 "https://autoaccidentes.com/" "Mozilla/5.0 (Linux; Android 8.0.0; SM-J330G) AppleWebKit/537.36 (KHTML, like Gecko) Chrome/114.0.0.0 Mobile Safari/537.36 EdgA/114.0.1823.74"
198.49.72.74 - - [04/Apr/2026:07:15:07 -0700] "POST /wp-cron.php?doing_wp_cron=1775312105.4712738990783691406250 HTTP/1.1" 499 0 "-" "WordPress/6.4.8; https://mail.autoaccidentes.com"
173.249.30.252 - - [04/Apr/2026:07:15:09 -0700] "GET /wp-admin/network/ HTTP/1.1" 302 5 "binance.com" "Mozilla/5.0 (Windows NT 10.0; Win64; x64) AppleWebKit/537.36 (KHTML, like Gecko) Chrome/90.0.4430.85 Safari/537.36"
68.48.117.1 - - [04/Apr/2026:07:15:10 -0700] "GET / HTTP/1.1" 500 5 "-" "Mozilla/5.0 (Linux; Android 15; SM-A166M Build/AP3A.240905.015.A2; ) AppleWebKit/537.36 (KHTML, like Gecko) Chrome/124.0.0.0 Mobile Safari/537.36 BingSapphire/32.3.430811006"
68.48.117.1 - - [04/Apr/2026:07:15:13 -0700] "GET /author/aligolch/page/2/ HTTP/1.1" 500 5 "https://www.autoaccidentes.com/" "Mozilla/5.0 (Linux; Android 15; SM-A166M Build/AP3A.240905.015.A2; ) AppleWebKit/537.36 (KHTML, like Gecko) Chrome/124.0.0.0 Mobile Safari/537.36 BingSapphire/32.3.430811006"
88.26.60.170 - - [04/Apr/2026:07:15:16 -0700] "GET /author/aligolch/page/2/ HTTP/1.1" 500 5 "-" "Mozilla/5.0 (Linux; Android 13; SM-S901B) AppleWebKit/537.36 (KHTML, like Gecko) Chrome/112.0.0.0 Mobile Safari/537.36"
173.249.30.252 - - [04/Apr/2026:07:15:17 -0700] "GET /wp-login.php?redirect_to=https%3A%2F%2Fautoaccidentes.com%2Fwp-admin%2Fnetwork%2F&reauth=1 HTTP/1.1" 200 6174 "binance.com" "Mozilla/5.0 (Windows NT 10.0; Win64; x64) AppleWebKit/537.36 (KHTML, like Gecko) Chrome/90.0.4430.85 Safari/537.36"
37.8.140.19 - - [04/Apr/2026:07:15:19 -0700] "GET /author/aligolch/page/2/ HTTP/1.1" 500 5 "https://www.yahoo.com/" "Mozilla/5.0 (Linux; Android 9; SM-S901B) AppleWebKit/537.36 (KHTML, like Gecko) Chrome/112.0.0.0 Mobile Safari/537.36"
114.119.136.234 - - [04/Apr/2026:07:15:27 -0700] "GET /item/794708918.phtml HTTP/1.1" 500 5 "https://autoaccidentes.com/sitemap.xml" "Mozilla/5.0 (Linux; Android 7.0;) AppleWebKit/537.36 (KHTML, like Gecko) Mobile Safari/537.36 (compatible; PetalBot;+https://webmaster.petalsearch.com/site/petalbot)"
173.249.30.252 - - [04/Apr/2026:07:15:34 -0700] "GET /wp-admin/user/ HTTP/1.1" 302 5 "binance.com" "Mozilla/5.0 (Windows NT 10.0; Win64; x64) AppleWebKit/537.36 (KHTML, like Gecko) Chrome/90.0.4430.85 Safari/537.36"
173.249.30.252 - - [04/Apr/2026:07:15:44 -0700] "GET /wp-login.php?redirect_to=https%3A%2F%2Fautoaccidentes.com%2Fwp-admin%2Fuser%2F&reauth=1 HTTP/1.1" 200 6168 "binance.com" "Mozilla/5.0 (Windows NT 10.0; Win64; x64) AppleWebKit/537.36 (KHTML, like Gecko) Chrome/90.0.4430.85 Safari/537.36"
173.249.30.252 - - [04/Apr/2026:07:15:54 -0700] "GET /wp-admin/css/ HTTP/1.1" 200 19382 "binance.com" "Mozilla/5.0 (Windows NT 10.0; Win64; x64) AppleWebKit/537.36 (KHTML, like Gecko) Chrome/90.0.4430.85 Safari/537.36"
173.249.30.252 - - [04/Apr/2026:07:16:09 -0700] "GET /wp-admin/css/colors/ HTTP/1.1" 200 2585 "binance.com" "Mozilla/5.0 (Windows NT 10.0; Win64; x64) AppleWebKit/537.36 (KHTML, like Gecko) Chrome/90.0.4430.85 Safari/537.36"
173.249.30.252 - - [04/Apr/2026:07:16:21 -0700] "GET /wp-admin/css/colors/blue/ HTTP/1.1" 200 1738 "binance.com" "Mozilla/5.0 (Windows NT 10.0; Win64; x64) AppleWebKit/537.36 (KHTML, like Gecko) Chrome/90.0.4430.85 Safari/537.36"
173.249.30.252 - - [04/Apr/2026:07:16:33 -0700] "GET /wp-admin/css/colors/coffee/ HTTP/1.1" 200 1569 "binance.com" "Mozilla/5.0 (Windows NT 10.0; Win64; x64) AppleWebKit/537.36 (KHTML, like Gecko) Chrome/90.0.4430.85 Safari/537.36"
173.249.30.252 - - [04/Apr/2026:07:16:54 -0700] "GET /wp-admin/css/colors/ectoplasm/ HTTP/1.1" 200 1575 "binance.com" "Mozilla/5.0 (Windows NT 10.0; Win64; x64) AppleWebKit/537.36 (KHTML, like Gecko) Chrome/90.0.4430.85 Safari/537.36"
173.249.30.252 - - [04/Apr/2026:07:17:08 -0700] "GET /wp-admin/css/colors/light/ HTTP/1.1" 200 1567 "binance.com" "Mozilla/5.0 (Windows NT 10.0; Win64; x64) AppleWebKit/537.36 (KHTML, like Gecko) Chrome/90.0.4430.85 Safari/537.36"
173.249.30.252 - - [04/Apr/2026:07:17:19 -0700] "GET /wp-admin/css/colors/midnight/ HTTP/1.1" 200 1750 "binance.com" "Mozilla/5.0 (Windows NT 10.0; Win64; x64) AppleWebKit/537.36 (KHTML, like Gecko) Chrome/90.0.4430.85 Safari/537.36"
173.249.30.252 - - [04/Apr/2026:07:17:30 -0700] "GET /wp-admin/css/colors/modern/ HTTP/1.1" 200 1744 "binance.com" "Mozilla/5.0 (Windows NT 10.0; Win64; x64) AppleWebKit/537.36 (KHTML, like Gecko) Chrome/90.0.4430.85 Safari/537.36"
173.249.30.252 - - [04/Apr/2026:07:17:41 -0700] "GET /wp-admin/css/colors/ocean/ HTTP/1.1" 200 1741 "binance.com" "Mozilla/5.0 (Windows NT 10.0; Win64; x64) AppleWebKit/537.36 (KHTML, like Gecko) Chrome/90.0.4430.85 Safari/537.36"
173.249.30.252 - - [04/Apr/2026:07:17:53 -0700] "GET /wp-admin/css/colors/sunrise/%20 HTTP/1.1" 500 5 "binance.com" "Mozilla/5.0 (Windows NT 10.0; Win64; x64) AppleWebKit/537.36 (KHTML, like Gecko) Chrome/90.0.4430.85 Safari/537.36"
154.28.241.101 - - [04/Apr/2026:07:18:05 -0700] "GET /paying-for-car-repairs-after-an-auto-accident/ HTTP/1.1" 500 5 "-" "Mozilla/5.0 (iPhone; CPU iPhone OS 17_6 like Mac OS X) AppleWebKit/605.1.15 (KHTML, like Gecko) EdgiOS/128.0.2739.60 Version/17.0 Mobile/15E148 Safari/604.1"
173.249.30.252 - - [04/Apr/2026:07:18:06 -0700] "GET /wp-admin/images/ HTTP/1.1" 200 16087 "binance.com" "Mozilla/5.0 (Windows NT 10.0; Win64; x64) AppleWebKit/537.36 (KHTML, like Gecko) Chrome/90.0.4430.85 Safari/537.36"
143.202.97.195 - - [04/Apr/2026:07:18:21 -0700] "GET / HTTP/1.1" 500 5 "http://www.baidu.com/" "Mozilla/5.0 (iPhone; CPU iPhone OS 17_6_1 like Mac OS X) AppleWebKit/605.1.15 (KHTML, like Gecko) FxiOS/133.4  Mobile/15E148 Safari/605.1.15"
173.249.30.252 - - [04/Apr/2026:07:18:22 -0700] "GET /wp-admin/js/ HTTP/1.1" 200 18340 "binance.com" "Mozilla/5.0 (Windows NT 10.0; Win64; x64) AppleWebKit/537.36 (KHTML, like Gecko) Chrome/90.0.4430.85 Safari/537.36"
143.202.97.195 - - [04/Apr/2026:07:18:24 -0700] "GET /paying-for-car-repairs-after-an-auto-accident/ HTTP/1.1" 500 5 "https://www.autoaccidentes.com/" "Mozilla/5.0 (iPhone; CPU iPhone OS 17_6_1 like Mac OS X) AppleWebKit/605.1.15 (KHTML, like Gecko) FxiOS/133.4  Mobile/15E148 Safari/605.1.15"
107.174.56.176 - - [04/Apr/2026:07:18:27 -0700] "GET / HTTP/1.1" 500 5 "https://www.yahoo.com/" "Mozilla/5.0 (iPhone; CPU iPhone OS 15_8 like Mac OS X) AppleWebKit/605.1.15 (KHTML, like Gecko) EdgiOS/125.0.2535.96 Version/15.0 Mobile/15E148 Safari/604.1"
107.174.56.176 - - [04/Apr/2026:07:18:31 -0700] "GET /paying-for-car-repairs-after-an-auto-accident/ HTTP/1.1" 500 5 "https://www.autoaccidentes.com/" "Mozilla/5.0 (iPhone; CPU iPhone OS 15_8 like Mac OS X) AppleWebKit/605.1.15 (KHTML, like Gecko) EdgiOS/125.0.2535.96 Version/15.0 Mobile/15E148 Safari/604.1"
173.249.30.252 - - [04/Apr/2026:07:18:38 -0700] "GET /wp-admin/js/widgets/ HTTP/1.1" 200 3313 "binance.com" "Mozilla/5.0 (Windows NT 10.0; Win64; x64) AppleWebKit/537.36 (KHTML, like Gecko) Chrome/90.0.4430.85 Safari/537.36"
76.123.164.114 - - [04/Apr/2026:07:18:40 -0700] "GET /paying-for-car-repairs-after-an-auto-accident/ HTTP/1.1" 500 5 "https://www.yahoo.com/" "Mozilla/5.0 (iPhone; CPU iPhone OS 17_6 like Mac OS X) AppleWebKit/605.1.15 (KHTML, like Gecko) EdgiOS/128.0.2739.60 Version/17.0 Mobile/15E148 Safari/604.1"
97.86.51.177 - - [04/Apr/2026:07:18:44 -0700] "GET /paying-for-car-repairs-after-an-auto-accident/ HTTP/1.1" 500 5 "https://www.google.com/" "Mozilla/5.0 (iPhone; CPU iPhone OS 17_4 like Mac OS X) AppleWebKit/605.1.15 (KHTML, like Gecko) CriOS/124.0.6367.88 Mobile/15E148 Safari/604.1"
154.28.51.239 - - [04/Apr/2026:07:18:52 -0700] "GET /paying-for-car-repairs-after-an-auto-accident/ HTTP/1.1" 500 5 "https://www.bing.com/" "Mozilla/5.0 (iPhone; CPU iPhone OS 17_5 like Mac OS X) AppleWebKit/605.1.15 (KHTML, like Gecko) CriOS/124.0.6367.88 Mobile/15E148 Safari/604.1"
173.249.30.252 - - [04/Apr/2026:07:18:54 -0700] "GET /wp-includes/ HTTP/1.1" 200 0 "binance.com" "Mozilla/5.0 (Windows NT 10.0; Win64; x64) AppleWebKit/537.36 (KHTML, like Gecko) Chrome/90.0.4430.85 Safari/537.36"
24.85.28.157 - - [04/Apr/2026:07:19:00 -0700] "GET /paying-for-car-repairs-after-an-auto-accident/ HTTP/1.1" 500 5 "https://autoaccidentes.com/" "Mozilla/5.0 (iPhone; CPU iPhone OS 15_8_2 like Mac OS X) AppleWebKit/605.1.15 (KHTML, like Gecko) Version/15.6.6 Mobile/15E148 Safari/604.1"
73.21.230.12 - - [04/Apr/2026:07:19:02 -0700] "GET /paying-for-car-repairs-after-an-auto-accident/ HTTP/1.1" 500 5 "-" "Mozilla/5.0 (iPhone; CPU iPhone OS 17_4 like Mac OS X) AppleWebKit/605.1.15 (KHTML, like Gecko) EdgiOS/122.0.2365.99 Version/17.0 Mobile/15E148 Safari/604.1"
149.18.191.10 - - [04/Apr/2026:07:19:13 -0700] "GET / HTTP/1.1" 500 5 "-" "Mozilla/5.0 (iPhone; CPU iPhone OS 16_0 like Mac OS X) AppleWebKit/605.1.15 (KHTML, like Gecko) Version/16_0 Mobile/15E148 Safari/604.1"
173.249.30.252 - - [04/Apr/2026:07:19:15 -0700] "GET /wp-includes/ID3/ HTTP/1.1" 200 4232 "binance.com" "Mozilla/5.0 (Windows NT 10.0; Win64; x64) AppleWebKit/537.36 (KHTML, like Gecko) Chrome/90.0.4430.85 Safari/537.36"
149.18.191.10 - - [04/Apr/2026:07:19:16 -0700] "GET /paying-for-car-repairs-after-an-auto-accident/ HTTP/1.1" 500 5 "https://www.autoaccidentes.com/" "Mozilla/5.0 (iPhone; CPU iPhone OS 16_0 like Mac OS X) AppleWebKit/605.1.15 (KHTML, like Gecko) Version/16_0 Mobile/15E148 Safari/604.1"
174.62.216.214 - - [04/Apr/2026:07:19:19 -0700] "GET /paying-for-car-repairs-after-an-auto-accident/ HTTP/1.1" 500 5 "https://www.google.com/" "Mozilla/5.0 (iPhone; CPU iPhone OS 16_1_0 like Mac OS X) AppleWebKit/605.1.15 (KHTML, like Gecko) CriOS/137.0.7151.107 Mobile/15E148 Safari/604.1"
107.173.174.100 - - [04/Apr/2026:07:19:22 -0700] "GET /paying-for-car-repairs-after-an-auto-accident/ HTTP/1.1" 500 5 "https://www.google.com/" "Mozilla/5.0 (iPhone; CPU iPhone OS 17_2 like Mac OS X) AppleWebKit/605.1.15 (KHTML, like Gecko) Version/17.2 Mobile/15E148 Safari/604.1"
173.249.30.252 - - [04/Apr/2026:07:19:28 -0700] "GET /wp-includes/ID3/ HTTP/1.1" 200 4232 "binance.com" "Mozilla/5.0 (Windows NT 10.0; Win64; x64) AppleWebKit/537.36 (KHTML, like Gecko) Chrome/90.0.4430.85 Safari/537.36"
173.249.30.252 - - [04/Apr/2026:07:19:39 -0700] "GET /wp-includes/IXR/ HTTP/1.1" 200 2538 "binance.com" "Mozilla/5.0 (Windows NT 10.0; Win64; x64) AppleWebKit/537.36 (KHTML, like Gecko) Chrome/90.0.4430.85 Safari/537.36"
173.249.30.252 - - [04/Apr/2026:07:19:51 -0700] "GET /wp-includes/IXR/ HTTP/1.1" 200 2538 "binance.com" "Mozilla/5.0 (Windows NT 10.0; Win64; x64) AppleWebKit/537.36 (KHTML, like Gecko) Chrome/90.0.4430.85 Safari/537.36"
173.249.30.252 - - [04/Apr/2026:07:20:03 -0700] "GET /wp-includes/PHPMailer/ HTTP/1.1" 200 1182 "binance.com" "Mozilla/5.0 (Windows NT 10.0; Win64; x64) AppleWebKit/537.36 (KHTML, like Gecko) Chrome/90.0.4430.85 Safari/537.36"
173.249.30.252 - - [04/Apr/2026:07:20:17 -0700] "GET /wp-includes/PHPMailer/ HTTP/1.1" 200 1182 "binance.com" "Mozilla/5.0 (Windows NT 10.0; Win64; x64) AppleWebKit/537.36 (KHTML, like Gecko) Chrome/90.0.4430.85 Safari/537.36"
173.249.30.252 - - [04/Apr/2026:07:20:31 -0700] "GET /wp-includes/Text/ HTTP/1.1" 200 1156 "binance.com" "Mozilla/5.0 (Windows NT 10.0; Win64; x64) AppleWebKit/537.36 (KHTML, like Gecko) Chrome/90.0.4430.85 Safari/537.36"
173.249.30.252 - - [04/Apr/2026:07:20:44 -0700] "GET /wp-includes/Text/ HTTP/1.1" 200 1156 "binance.com" "Mozilla/5.0 (Windows NT 10.0; Win64; x64) AppleWebKit/537.36 (KHTML, like Gecko) Chrome/90.0.4430.85 Safari/537.36"
173.249.30.252 - - [04/Apr/2026:07:20:55 -0700] "GET /wp-includes/Text/Diff/ HTTP/1.1" 200 1181 "binance.com" "Mozilla/5.0 (Windows NT 10.0; Win64; x64) AppleWebKit/537.36 (KHTML, like Gecko) Chrome/90.0.4430.85 Safari/537.36"
173.249.30.252 - - [04/Apr/2026:07:21:07 -0700] "GET /wp-includes/Text/Diff/ HTTP/1.1" 200 1181 "binance.com" "Mozilla/5.0 (Windows NT 10.0; Win64; x64) AppleWebKit/537.36 (KHTML, like Gecko) Chrome/90.0.4430.85 Safari/537.36"
173.249.30.252 - - [04/Apr/2026:07:21:30 -0700] "GET /wp-includes/Text/Diff/Engine/ HTTP/1.1" 200 1378 "binance.com" "Mozilla/5.0 (Windows NT 10.0; Win64; x64) AppleWebKit/537.36 (KHTML, like Gecko) Chrome/90.0.4430.85 Safari/537.36"
173.249.30.252 - - [04/Apr/2026:07:21:38 -0700] "GET /wp-includes/Text/Diff/Engine/ HTTP/1.1" 200 1378 "binance.com" "Mozilla/5.0 (Windows NT 10.0; Win64; x64) AppleWebKit/537.36 (KHTML, like Gecko) Chrome/90.0.4430.85 Safari/537.36"
173.249.30.252 - - [04/Apr/2026:07:21:52 -0700] "GET /wp-includes/Text/Diff/Renderer/ HTTP/1.1" 200 850 "binance.com" "Mozilla/5.0 (Windows NT 10.0; Win64; x64) AppleWebKit/537.36 (KHTML, like Gecko) Chrome/90.0.4430.85 Safari/537.36"
173.249.30.252 - - [04/Apr/2026:07:22:05 -0700] "GET /wp-includes/Text/Diff/Renderer/ HTTP/1.1" 200 850 "binance.com" "Mozilla/5.0 (Windows NT 10.0; Win64; x64) AppleWebKit/537.36 (KHTML, like Gecko) Chrome/90.0.4430.85 Safari/537.36"
173.249.30.252 - - [04/Apr/2026:07:22:16 -0700] "GET /wp-includes/blocks/ HTTP/1.1" 500 5 "binance.com" "Mozilla/5.0 (Windows NT 10.0; Win64; x64) AppleWebKit/537.36 (KHTML, like Gecko) Chrome/90.0.4430.85 Safari/537.36"
173.249.30.252 - - [04/Apr/2026:07:22:27 -0700] "GET /wp-includes/pomo/ HTTP/1.1" 200 1706 "binance.com" "Mozilla/5.0 (Windows NT 10.0; Win64; x64) AppleWebKit/537.36 (KHTML, like Gecko) Chrome/90.0.4430.85 Safari/537.36"
173.249.30.252 - - [04/Apr/2026:07:22:40 -0700] "GET /wp-includes/pomo/ HTTP/1.1" 200 1706 "binance.com" "Mozilla/5.0 (Windows NT 10.0; Win64; x64) AppleWebKit/537.36 (KHTML, like Gecko) Chrome/90.0.4430.85 Safari/537.36"
173.249.30.252 - - [04/Apr/2026:07:22:56 -0700] "GET /wp-includes/sitemaps/ HTTP/1.1" 200 2013 "binance.com" "Mozilla/5.0 (Windows NT 10.0; Win64; x64) AppleWebKit/537.36 (KHTML, like Gecko) Chrome/90.0.4430.85 Safari/537.36"
173.249.30.252 - - [04/Apr/2026:07:23:09 -0700] "GET /wp-includes/sitemaps/ HTTP/1.1" 200 2013 "binance.com" "Mozilla/5.0 (Windows NT 10.0; Win64; x64) AppleWebKit/537.36 (KHTML, like Gecko) Chrome/90.0.4430.85 Safari/537.36"
173.249.30.252 - - [04/Apr/2026:07:23:30 -0700] "GET /wp-includes/sitemaps/providers/ HTTP/1.1" 200 1270 "binance.com" "Mozilla/5.0 (Windows NT 10.0; Win64; x64) AppleWebKit/537.36 (KHTML, like Gecko) Chrome/90.0.4430.85 Safari/537.36"
173.249.30.252 - - [04/Apr/2026:07:23:46 -0700] "GET /wp-includes/sitemaps/providers/ HTTP/1.1" 200 1270 "binance.com" "Mozilla/5.0 (Windows NT 10.0; Win64; x64) AppleWebKit/537.36 (KHTML, like Gecko) Chrome/90.0.4430.85 Safari/537.36"
173.249.30.252 - - [04/Apr/2026:07:24:01 -0700] "GET /wp-includes/widgets/ HTTP/1.1" 200 4621 "binance.com" "Mozilla/5.0 (Windows NT 10.0; Win64; x64) AppleWebKit/537.36 (KHTML, like Gecko) Chrome/90.0.4430.85 Safari/537.36"
173.249.30.252 - - [04/Apr/2026:07:24:17 -0700] "GET /wp-includes/widgets/ HTTP/1.1" 200 4621 "binance.com" "Mozilla/5.0 (Windows NT 10.0; Win64; x64) AppleWebKit/537.36 (KHTML, like Gecko) Chrome/90.0.4430.85 Safari/537.36"
173.249.30.252 - - [04/Apr/2026:07:24:33 -0700] "GET /wp-includes/widgets/class-wp-widget-block.php HTTP/1.1" 500 5 "binance.com" "Mozilla/5.0 (Windows NT 10.0; Win64; x64) AppleWebKit/537.36 (KHTML, like Gecko) Chrome/90.0.4430.85 Safari/537.36"
173.249.30.252 - - [04/Apr/2026:07:24:48 -0700] "GET /wp-includes/css/ HTTP/1.1" 200 8355 "binance.com" "Mozilla/5.0 (Windows NT 10.0; Win64; x64) AppleWebKit/537.36 (KHTML, like Gecko) Chrome/90.0.4430.85 Safari/537.36"
173.249.30.252 - - [04/Apr/2026:07:25:03 -0700] "GET /wp-includes/css/dist/ HTTP/1.1" 200 3528 "binance.com" "Mozilla/5.0 (Windows NT 10.0; Win64; x64) AppleWebKit/537.36 (KHTML, like Gecko) Chrome/90.0.4430.85 Safari/537.36"
173.249.30.252 - - [04/Apr/2026:07:25:18 -0700] "GET /wp-includes/fonts/ HTTP/1.1" 200 1936 "binance.com" "Mozilla/5.0 (Windows NT 10.0; Win64; x64) AppleWebKit/537.36 (KHTML, like Gecko) Chrome/90.0.4430.85 Safari/537.36"
173.249.30.252 - - [04/Apr/2026:07:25:34 -0700] "GET /wp-includes/fonts/ HTTP/1.1" 200 1936 "binance.com" "Mozilla/5.0 (Windows NT 10.0; Win64; x64) AppleWebKit/537.36 (KHTML, like Gecko) Chrome/90.0.4430.85 Safari/537.36"
173.249.30.252 - - [04/Apr/2026:07:25:47 -0700] "GET /wp-includes/fonts/class-wp-font-face-resolver.php HTTP/1.1" 200 0 "binance.com" "Mozilla/5.0 (Windows NT 10.0; Win64; x64) AppleWebKit/537.36 (KHTML, like Gecko) Chrome/90.0.4430.85 Safari/537.36"
173.249.30.252 - - [04/Apr/2026:07:26:01 -0700] "GET /wp-includes/fonts/class-wp-font-face.php HTTP/1.1" 200 0 "binance.com" "Mozilla/5.0 (Windows NT 10.0; Win64; x64) AppleWebKit/537.36 (KHTML, like Gecko) Chrome/90.0.4430.85 Safari/537.36"
173.249.30.252 - - [04/Apr/2026:07:26:14 -0700] "GET /wp-includes/images/ HTTP/1.1" 200 5768 "binance.com" "Mozilla/5.0 (Windows NT 10.0; Win64; x64) AppleWebKit/537.36 (KHTML, like Gecko) Chrome/90.0.4430.85 Safari/537.36"
173.249.30.252 - - [04/Apr/2026:07:26:26 -0700] "GET /wp-includes/images/crystal/ HTTP/1.1" 200 2450 "binance.com" "Mozilla/5.0 (Windows NT 10.0; Win64; x64) AppleWebKit/537.36 (KHTML, like Gecko) Chrome/90.0.4430.85 Safari/537.36"
173.249.30.252 - - [04/Apr/2026:07:26:39 -0700] "GET /wp-includes/images/media/ HTTP/1.1" 200 2267 "binance.com" "Mozilla/5.0 (Windows NT 10.0; Win64; x64) AppleWebKit/537.36 (KHTML, like Gecko) Chrome/90.0.4430.85 Safari/537.36"
173.249.30.252 - - [04/Apr/2026:07:26:57 -0700] "GET /wp-includes/images/smilies/ HTTP/1.1" 200 5397 "binance.com" "Mozilla/5.0 (Windows NT 10.0; Win64; x64) AppleWebKit/537.36 (KHTML, like Gecko) Chrome/90.0.4430.85 Safari/537.36"
173.249.30.252 - - [04/Apr/2026:07:27:22 -0700] "GET /wp-includes/images/wlw/ HTTP/1.1" 500 5 "binance.com" "Mozilla/5.0 (Windows NT 10.0; Win64; x64) AppleWebKit/537.36 (KHTML, like Gecko) Chrome/90.0.4430.85 Safari/537.36"
173.249.30.252 - - [04/Apr/2026:07:27:33 -0700] "GET /wp-includes/js/%20 HTTP/1.1" 500 5 "binance.com" "Mozilla/5.0 (Windows NT 10.0; Win64; x64) AppleWebKit/537.36 (KHTML, like Gecko) Chrome/90.0.4430.85 Safari/537.36"
220.181.108.147 - - [04/Apr/2026:07:27:50 -0700] "GET /tag/insurance-benefits/ HTTP/1.1" 500 5 "-" "Mozilla/5.0 (compatible; Baiduspider/2.0; +http://www.baidu.com/search/spider.html)"
173.249.30.252 - - [04/Apr/2026:07:27:50 -0700] "GET /wp-includes/js/codemirror/ HTTP/1.1" 200 2105 "binance.com" "Mozilla/5.0 (Windows NT 10.0; Win64; x64) AppleWebKit/537.36 (KHTML, like Gecko) Chrome/90.0.4430.85 Safari/537.36"
220.181.51.88 - - [04/Apr/2026:07:27:53 -0700] "GET /tag/insurance-benefits/ HTTP/1.1" 500 5 "-" "Mozilla/5.0 (Windows NT 10.0; WOW64) AppleWebKit/537.36 (KHTML, like Gecko) Chrome/48.0.2564.116 Safari/537.36"
