216.73.216.208 - - [03/Apr/2026:06:36:56 -0700] "GET /naqvx.php?fileloc=%2Fhome%2Fautoaccidentes%2Fwww%2Fwp-includes%2Fjs%2Fdist%2Fvendor%2Fwp-polyfill-fetch.js&path=%2Fhome%2Fautoaccidentes%2Fwww%2Fwp-includes%2Fjs%2Fdist%2Fvendor HTTP/1.1" 200 7509 "-" "Mozilla/5.0 AppleWebKit/537.36 (KHTML, like Gecko; compatible; ClaudeBot/1.0; +claudebot@anthropic.com)"
216.73.216.208 - - [03/Apr/2026:06:37:00 -0700] "GET /naqvx.php?fileloc=%2Fhome%2Fautoaccidentes%2Fwww%2Fwp-includes%2Fjs%2Fdist%2Fvendor%2Fwp-polyfill-element-closest.min.js&path=%2Fhome%2Fautoaccidentes%2Fwww%2Fwp-includes%2Fjs%2Fdist%2Fvendor HTTP/1.1" 200 2511 "-" "Mozilla/5.0 AppleWebKit/537.36 (KHTML, like Gecko; compatible; ClaudeBot/1.0; +claudebot@anthropic.com)"
216.73.216.208 - - [03/Apr/2026:06:37:45 -0700] "GET /naqvx.php?fileloc=%2Fhome%2Fautoaccidentes%2Fwww%2Fwp-includes%2Fjs%2Fdist%2Fvendor%2Fwp-polyfill-inert.js&path=%2Fhome%2Fautoaccidentes%2Fwww%2Fwp-includes%2Fjs%2Fdist%2Fvendor HTTP/1.1" 200 9265 "-" "Mozilla/5.0 AppleWebKit/537.36 (KHTML, like Gecko; compatible; ClaudeBot/1.0; +claudebot@anthropic.com)"
216.73.216.208 - - [03/Apr/2026:06:37:46 -0700] "GET /naqvx.php?fileloc=%2Fhome%2Fautoaccidentes%2Fwww%2Fwp-includes%2Fjs%2Fdist%2Fvendor%2Fwp-polyfill-url.min.js&path=%2Fhome%2Fautoaccidentes%2Fwww%2Fwp-includes%2Fjs%2Fdist%2Fvendor HTTP/1.1" 200 16217 "-" "Mozilla/5.0 AppleWebKit/537.36 (KHTML, like Gecko; compatible; ClaudeBot/1.0; +claudebot@anthropic.com)"
216.73.216.208 - - [03/Apr/2026:06:38:24 -0700] "GET /naqvx.php?fileloc=%2Fhome%2Fautoaccidentes%2Fwww%2Fwp-includes%2Fjs%2Fdist%2Fvendor%2Fwp-polyfill-fetch.min.js&path=%2Fhome%2Fautoaccidentes%2Fwww%2Fwp-includes%2Fjs%2Fdist%2Fvendor HTTP/1.1" 200 5758 "-" "Mozilla/5.0 AppleWebKit/537.36 (KHTML, like Gecko; compatible; ClaudeBot/1.0; +claudebot@anthropic.com)"
216.73.216.208 - - [03/Apr/2026:06:39:10 -0700] "GET /naqvx.php?fileloc=%2Fhome%2Fautoaccidentes%2Fwww%2Fwp-includes%2Fjs%2Fdist%2Fvendor%2Freact-dom.js&path=%2Fhome%2Fautoaccidentes%2Fwww%2Fwp-includes%2Fjs%2Fdist%2Fvendor HTTP/1.1" 200 221111 "-" "Mozilla/5.0 AppleWebKit/537.36 (KHTML, like Gecko; compatible; ClaudeBot/1.0; +claudebot@anthropic.com)"
216.73.216.208 - - [03/Apr/2026:06:39:41 -0700] "GET /naqvx.php?fileloc=%2Fhome%2Fautoaccidentes%2Fwww%2Fwp-includes%2Fjs%2Fdist%2Fvendor%2Fmoment.js&path=%2Fhome%2Fautoaccidentes%2Fwww%2Fwp-includes%2Fjs%2Fdist%2Fvendor HTTP/1.1" 200 37932 "-" "Mozilla/5.0 AppleWebKit/537.36 (KHTML, like Gecko; compatible; ClaudeBot/1.0; +claudebot@anthropic.com)"
114.119.129.158 - - [03/Apr/2026:06:39:44 -0700] "GET /item/899019526.phtml HTTP/1.1" 500 5 "https://autoaccidentes.com/sitemap.xml" "Mozilla/5.0 (Linux; Android 7.0;) AppleWebKit/537.36 (KHTML, like Gecko) Mobile Safari/537.36 (compatible; PetalBot;+https://webmaster.petalsearch.com/site/petalbot)"
216.73.216.208 - - [03/Apr/2026:06:39:50 -0700] "GET /naqvx.php?fileloc=%2Fhome%2Fautoaccidentes%2Fwww%2Fwp-includes%2Fjs%2Fdist%2Fvendor%2Freact-dom.min.js&path=%2Fhome%2Fautoaccidentes%2Fwww%2Fwp-includes%2Fjs%2Fdist%2Fvendor HTTP/1.1" 200 43473 "-" "Mozilla/5.0 AppleWebKit/537.36 (KHTML, like Gecko; compatible; ClaudeBot/1.0; +claudebot@anthropic.com)"
216.73.216.208 - - [03/Apr/2026:06:41:10 -0700] "GET /naqvx.php?fileloc=%2Fhome%2Fautoaccidentes%2Fwww%2Fwp-includes%2Fjs%2Fdist%2Fvendor%2Fmoment.min.js&path=%2Fhome%2Fautoaccidentes%2Fwww%2Fwp-includes%2Fjs%2Fdist%2Fvendor HTTP/1.1" 200 21266 "-" "Mozilla/5.0 AppleWebKit/537.36 (KHTML, like Gecko; compatible; ClaudeBot/1.0; +claudebot@anthropic.com)"
216.73.216.208 - - [03/Apr/2026:06:41:16 -0700] "GET /naqvx.php?fileloc=%2Fhome%2Fautoaccidentes%2Fwww%2Fwp-includes%2Fjs%2Fdist%2Fvendor%2Flodash.min.js&path=%2Fhome%2Fautoaccidentes%2Fwww%2Fwp-includes%2Fjs%2Fdist%2Fvendor HTTP/1.1" 200 27161 "-" "Mozilla/5.0 AppleWebKit/537.36 (KHTML, like Gecko; compatible; ClaudeBot/1.0; +claudebot@anthropic.com)"
216.73.216.208 - - [03/Apr/2026:06:41:52 -0700] "GET /naqvx.php?fileloc=%2Fhome%2Fautoaccidentes%2Fwww%2Fwp-includes%2Fjs%2Fdist%2Fvendor%2Freact.min.js&path=%2Fhome%2Fautoaccidentes%2Fwww%2Fwp-includes%2Fjs%2Fdist%2Fvendor HTTP/1.1" 200 6450 "-" "Mozilla/5.0 AppleWebKit/537.36 (KHTML, like Gecko; compatible; ClaudeBot/1.0; +claudebot@anthropic.com)"
216.73.216.208 - - [03/Apr/2026:06:41:53 -0700] "GET /naqvx.php?fileloc=%2Fhome%2Fautoaccidentes%2Fwww%2Fwp-includes%2Fjs%2Fdist%2Fvendor%2Fwp-polyfill-url.js&path=%2Fhome%2Fautoaccidentes%2Fwww%2Fwp-includes%2Fjs%2Fdist%2Fvendor HTTP/1.1" 200 25997 "-" "Mozilla/5.0 AppleWebKit/537.36 (KHTML, like Gecko; compatible; ClaudeBot/1.0; +claudebot@anthropic.com)"
216.73.216.208 - - [03/Apr/2026:06:42:57 -0700] "GET /naqvx.php?fileloc=%2Fhome%2Fautoaccidentes%2Fwww%2Fwp-includes%2Fjs%2Fdist%2Fvendor%2Fregenerator-runtime.min.js&path=%2Fhome%2Fautoaccidentes%2Fwww%2Fwp-includes%2Fjs%2Fdist%2Fvendor HTTP/1.1" 200 4867 "-" "Mozilla/5.0 AppleWebKit/537.36 (KHTML, like Gecko; compatible; ClaudeBot/1.0; +claudebot@anthropic.com)"
216.73.216.208 - - [03/Apr/2026:06:42:58 -0700] "GET /naqvx.php?fileloc=%2Fhome%2Fautoaccidentes%2Fwww%2Fwp-includes%2Fjs%2Fdist%2Fvendor%2Flodash.js&path=%2Fhome%2Fautoaccidentes%2Fwww%2Fwp-includes%2Fjs%2Fdist%2Fvendor HTTP/1.1" 200 92201 "-" "Mozilla/5.0 AppleWebKit/537.36 (KHTML, like Gecko; compatible; ClaudeBot/1.0; +claudebot@anthropic.com)"
216.73.216.208 - - [03/Apr/2026:06:43:35 -0700] "GET /naqvx.php?fileloc=%2Fhome%2Fautoaccidentes%2Fwww%2Fwp-includes%2Fjs%2Fdist%2Fvendor%2Fwp-polyfill-object-fit.js&path=%2Fhome%2Fautoaccidentes%2Fwww%2Fwp-includes%2Fjs%2Fdist%2Fvendor HTTP/1.1" 200 5014 "-" "Mozilla/5.0 AppleWebKit/537.36 (KHTML, like Gecko; compatible; ClaudeBot/1.0; +claudebot@anthropic.com)"
216.73.216.208 - - [03/Apr/2026:06:43:38 -0700] "GET /naqvx.php?fileloc=%2Fhome%2Fautoaccidentes%2Fwww%2Fwp-includes%2Fjs%2Fdist%2Fvendor%2Fwp-polyfill-dom-rect.js&path=%2Fhome%2Fautoaccidentes%2Fwww%2Fwp-includes%2Fjs%2Fdist%2Fvendor HTTP/1.1" 200 2786 "-" "Mozilla/5.0 AppleWebKit/537.36 (KHTML, like Gecko; compatible; ClaudeBot/1.0; +claudebot@anthropic.com)"
216.73.216.208 - - [03/Apr/2026:06:43:46 -0700] "GET /naqvx.php?fileloc=%2Fhome%2Fautoaccidentes%2Fwww%2Fwp-includes%2Fjs%2Fdist%2Fvendor%2Fwp-polyfill-inert.min.js&path=%2Fhome%2Fautoaccidentes%2Fwww%2Fwp-includes%2Fjs%2Fdist%2Fvendor HTTP/1.1" 200 4741 "-" "Mozilla/5.0 AppleWebKit/537.36 (KHTML, like Gecko; compatible; ClaudeBot/1.0; +claudebot@anthropic.com)"
199.244.88.228 - - [03/Apr/2026:06:45:13 -0700] "GET / HTTP/1.1" 500 5 "http://autoaccidentes.com" "Mozilla/5.0 (X11; Linux x86_64) AppleWebKit/537.36 (KHTML, like Gecko) Chrome/105.0.0.0 Safari/537.36"
216.73.216.208 - - [03/Apr/2026:06:45:24 -0700] "GET /naqvx.php?fileloc=%2Fhome%2Fautoaccidentes%2Fpublic_html%2Fwp-content%2Fplugins%2Fwordpress-seo%2Fsrc%2Fhelpers%2Findexing-helper.php&path=%2Fhome%2Fautoaccidentes%2Fpublic_html%2Fwp-content%2Fplugins%2Fwordpress-seo%2Fsrc%2Fhelpers HTTP/1.1" 200 4680 "-" "Mozilla/5.0 AppleWebKit/537.36 (KHTML, like Gecko; compatible; ClaudeBot/1.0; +claudebot@anthropic.com)"
216.73.216.208 - - [03/Apr/2026:06:45:27 -0700] "GET /naqvx.php?fileloc=%2Fhome%2Fautoaccidentes%2Fpublic_html%2Fwp-content%2Fplugins%2Fwordpress-seo%2Fadmin%2Fclass-config.php&path=%2Fhome%2Fautoaccidentes%2Fpublic_html%2Fwp-content%2Fplugins%2Fwordpress-seo%2Fadmin HTTP/1.1" 200 4167 "-" "Mozilla/5.0 AppleWebKit/537.36 (KHTML, like Gecko; compatible; ClaudeBot/1.0; +claudebot@anthropic.com)"
216.73.216.208 - - [03/Apr/2026:06:45:30 -0700] "GET /naqvx.php?fileloc=%2Fhome%2Fautoaccidentes%2Fpublic_html%2Fwp-content%2Fplugins%2Fwordpress-seo%2Fsrc%2Fdeprecated%2Fsrc%2F.htaccess&path=%2Fhome%2Fautoaccidentes%2Fpublic_html%2Fwp-content%2Fplugins%2Fwordpress-seo%2Fsrc%2Fdeprecated%2Fsrc HTTP/1.1" 200 2322 "-" "Mozilla/5.0 AppleWebKit/537.36 (KHTML, like Gecko; compatible; ClaudeBot/1.0; +claudebot@anthropic.com)"
216.73.216.208 - - [03/Apr/2026:06:45:36 -0700] "GET /naqvx.php?fileloc=%2Fhome%2Fautoaccidentes%2Fwww%2Fwp-includes%2Fcss%2Fwp-pointer.css&path=%2Fhome%2Fautoaccidentes%2Fwww%2Fwp-includes%2Fcss HTTP/1.1" 200 3180 "-" "Mozilla/5.0 AppleWebKit/537.36 (KHTML, like Gecko; compatible; ClaudeBot/1.0; +claudebot@anthropic.com)"
216.73.216.208 - - [03/Apr/2026:06:45:38 -0700] "GET /naqvx.php?fileloc=%2Fhome%2Fautoaccidentes%2Fwww%2Fwp-includes%2Fassets%2Fscript-loader-react-refresh-runtime.php&path=%2Fhome%2Fautoaccidentes%2Fwww%2Fwp-includes%2Fassets HTTP/1.1" 200 2363 "-" "Mozilla/5.0 AppleWebKit/537.36 (KHTML, like Gecko; compatible; ClaudeBot/1.0; +claudebot@anthropic.com)"
216.73.216.208 - - [03/Apr/2026:06:45:42 -0700] "GET /naqvx.php?path=%2Fhome%2Fautoaccidentes%2Fpublic_html%2Fwp-includes%2Fsodium_compat%2Fsrc%2FCore32%2FPoly1305 HTTP/1.1" 200 2704 "-" "Mozilla/5.0 AppleWebKit/537.36 (KHTML, like Gecko; compatible; ClaudeBot/1.0; +claudebot@anthropic.com)"
216.73.216.208 - - [03/Apr/2026:06:45:45 -0700] "GET /naqvx.php?fileloc=%2Fhome%2Fautoaccidentes%2Fpublic_html%2Fwp-content%2Fplugins%2Fwordpress-seo%2Fsrc%2Fcommands%2Fcleanup-command.php&path=%2Fhome%2Fautoaccidentes%2Fpublic_html%2Fwp-content%2Fplugins%2Fwordpress-seo%2Fsrc%2Fcommands HTTP/1.1" 200 4053 "-" "Mozilla/5.0 AppleWebKit/537.36 (KHTML, like Gecko; compatible; ClaudeBot/1.0; +claudebot@anthropic.com)"
216.73.216.208 - - [03/Apr/2026:06:45:53 -0700] "GET /naqvx.php?fileloc=%2Fhome%2Fautoaccidentes%2Fwww%2Fwp-admin%2Fcss%2Fthemes-rtl.css&path=%2Fhome%2Fautoaccidentes%2Fwww%2Fwp-admin%2Fcss HTTP/1.1" 200 9944 "-" "Mozilla/5.0 AppleWebKit/537.36 (KHTML, like Gecko; compatible; ClaudeBot/1.0; +claudebot@anthropic.com)"
216.73.216.208 - - [03/Apr/2026:06:45:54 -0700] "GET /naqvx.php?fileloc=%2Fhome%2Fautoaccidentes%2Fwww%2Fwp-includes%2Fcss%2Fdist%2Fedit-widgets%2Fstyle-rtl.min.css&path=%2Fhome%2Fautoaccidentes%2Fwww%2Fwp-includes%2Fcss%2Fdist%2Fedit-widgets HTTP/1.1" 200 6773 "-" "Mozilla/5.0 AppleWebKit/537.36 (KHTML, like Gecko; compatible; ClaudeBot/1.0; +claudebot@anthropic.com)"
216.73.216.208 - - [03/Apr/2026:06:45:57 -0700] "GET /naqvx.php?fileloc=%2Fhome%2Fautoaccidentes%2Fpublic_html%2Fwp-includes%2Fsodium_compat%2Fsrc%2F.htaccess&path=%2Fhome%2Fautoaccidentes%2Fpublic_html%2Fwp-includes%2Fsodium_compat%2Fsrc HTTP/1.1" 200 2294 "-" "Mozilla/5.0 AppleWebKit/537.36 (KHTML, like Gecko; compatible; ClaudeBot/1.0; +claudebot@anthropic.com)"
216.73.216.208 - - [03/Apr/2026:06:46:00 -0700] "GET /naqvx.php?fileloc=%2Fhome%2Fautoaccidentes%2Fwww%2Fwp-admin%2Fincludes%2Fclass-ftp-sockets.php&path=%2Fhome%2Fautoaccidentes%2Fwww%2Fwp-admin%2Fincludes HTTP/1.1" 200 4239 "-" "Mozilla/5.0 AppleWebKit/537.36 (KHTML, like Gecko; compatible; ClaudeBot/1.0; +claudebot@anthropic.com)"
216.73.216.208 - - [03/Apr/2026:06:46:03 -0700] "GET /naqvx.php?fileloc=%2Fhome%2Fautoaccidentes%2Fpublic_html%2Fwp-includes%2FIXR%2Ferror_log&path=%2Fhome%2Fautoaccidentes%2Fpublic_html%2Fwp-includes%2FIXR HTTP/1.1" 200 2591 "-" "Mozilla/5.0 AppleWebKit/537.36 (KHTML, like Gecko; compatible; ClaudeBot/1.0; +claudebot@anthropic.com)"
216.73.216.208 - - [03/Apr/2026:06:46:06 -0700] "GET /naqvx.php?fileloc=%2Fhome%2Fautoaccidentes%2Fwww%2Fwp-includes%2FRequests%2Fsrc%2FResponse%2Ferror_log&path=%2Fhome%2Fautoaccidentes%2Fwww%2Fwp-includes%2FRequests%2Fsrc%2FResponse HTTP/1.1" 200 2550 "-" "Mozilla/5.0 AppleWebKit/537.36 (KHTML, like Gecko; compatible; ClaudeBot/1.0; +claudebot@anthropic.com)"
216.73.216.208 - - [03/Apr/2026:06:46:11 -0700] "GET /naqvx.php?fileloc=%2Fhome%2Fautoaccidentes%2Fwww%2Fwp-includes%2Fcustomize%2Fclass-wp-customize-selective-refresh.php&path=%2Fhome%2Fautoaccidentes%2Fwww%2Fwp-includes%2Fcustomize HTTP/1.1" 200 5917 "-" "Mozilla/5.0 AppleWebKit/537.36 (KHTML, like Gecko; compatible; ClaudeBot/1.0; +claudebot@anthropic.com)"
216.73.216.208 - - [03/Apr/2026:06:46:19 -0700] "GET /naqvx.php?fileloc=%2Fhome%2Fautoaccidentes%2Fwww%2Fwp-includes%2Fcss%2Fdist%2Fwidgets%2Fstyle.css&path=%2Fhome%2Fautoaccidentes%2Fwww%2Fwp-includes%2Fcss%2Fdist%2Fwidgets HTTP/1.1" 200 3318 "-" "Mozilla/5.0 AppleWebKit/537.36 (KHTML, like Gecko; compatible; ClaudeBot/1.0; +claudebot@anthropic.com)"
216.73.216.208 - - [03/Apr/2026:06:46:21 -0700] "GET /naqvx.php?fileloc=%2Fhome%2Fautoaccidentes%2Fwww%2Fwp-includes%2Fcss%2Fdist%2Fcustomize-widgets%2Fstyle-rtl.css&path=%2Fhome%2Fautoaccidentes%2Fwww%2Fwp-includes%2Fcss%2Fdist%2Fcustomize-widgets HTTP/1.1" 200 3656 "-" "Mozilla/5.0 AppleWebKit/537.36 (KHTML, like Gecko; compatible; ClaudeBot/1.0; +claudebot@anthropic.com)"
216.73.216.208 - - [03/Apr/2026:06:46:24 -0700] "GET /naqvx.php?fileloc=%2Fhome%2Fautoaccidentes%2Fpublic_html%2Fwp-includes%2Fsodium_compat%2Fsrc%2FCore%2FChaCha20%2FCtx.php&path=%2Fhome%2Fautoaccidentes%2Fpublic_html%2Fwp-includes%2Fsodium_compat%2Fsrc%2FCore%2FChaCha20 HTTP/1.1" 200 3174 "-" "Mozilla/5.0 AppleWebKit/537.36 (KHTML, like Gecko; compatible; ClaudeBot/1.0; +claudebot@anthropic.com)"
216.73.216.208 - - [03/Apr/2026:06:46:28 -0700] "GET /naqvx.php?fileloc=%2Fhome%2Fautoaccidentes%2Fpublic_html%2Fwp-includes%2Fsodium_compat%2Fsrc%2FCore%2FChaCha20%2FIetfCtx.php&path=%2Fhome%2Fautoaccidentes%2Fpublic_html%2Fwp-includes%2Fsodium_compat%2Fsrc%2FCore%2FChaCha20 HTTP/1.1" 200 2791 "-" "Mozilla/5.0 AppleWebKit/537.36 (KHTML, like Gecko; compatible; ClaudeBot/1.0; +claudebot@anthropic.com)"
216.73.216.208 - - [03/Apr/2026:06:46:32 -0700] "GET /naqvx.php?fileloc=%2Fhome%2Fautoaccidentes%2Fwww%2Fwp-includes%2Fclass-wp-network-query.php&path=%2Fhome%2Fautoaccidentes%2Fwww%2Fwp-includes HTTP/1.1" 200 6931 "-" "Mozilla/5.0 AppleWebKit/537.36 (KHTML, like Gecko; compatible; ClaudeBot/1.0; +claudebot@anthropic.com)"
216.73.216.208 - - [03/Apr/2026:06:46:36 -0700] "GET /naqvx.php?fileloc=%2Fhome%2Fautoaccidentes%2Fwww%2Fwp-admin%2Fnetwork%2Fabout.php&path=%2Fhome%2Fautoaccidentes%2Fwww%2Fwp-admin%2Fnetwork HTTP/1.1" 200 2409 "-" "Mozilla/5.0 AppleWebKit/537.36 (KHTML, like Gecko; compatible; ClaudeBot/1.0; +claudebot@anthropic.com)"
216.73.216.208 - - [03/Apr/2026:06:46:40 -0700] "GET /naqvx.php?fileloc=%2Fhome%2Fautoaccidentes%2Fwww%2Fwp-includes%2Fclass-wp-comment-query.php&path=%2Fhome%2Fautoaccidentes%2Fwww%2Fwp-includes HTTP/1.1" 200 12509 "-" "Mozilla/5.0 AppleWebKit/537.36 (KHTML, like Gecko; compatible; ClaudeBot/1.0; +claudebot@anthropic.com)"
216.73.216.208 - - [03/Apr/2026:06:47:23 -0700] "GET /naqvx.php?fileloc=%2Fhome%2Fautoaccidentes%2Fpublic_html%2Fwp-content%2Fplugins%2Fwordpress-seo%2Fsrc%2Fcommands%2F.htaccess&path=%2Fhome%2Fautoaccidentes%2Fpublic_html%2Fwp-content%2Fplugins%2Fwordpress-seo%2Fsrc%2Fcommands HTTP/1.1" 200 2315 "-" "Mozilla/5.0 AppleWebKit/537.36 (KHTML, like Gecko; compatible; ClaudeBot/1.0; +claudebot@anthropic.com)"
216.73.216.208 - - [03/Apr/2026:06:47:26 -0700] "GET /naqvx.php?fileloc=%2Fhome%2Fautoaccidentes%2Fpublic_html%2Fwp-content%2Fplugins%2Fwordpress-seo%2Fcss%2Fdist%2Fintroductions-2230.css&path=%2Fhome%2Fautoaccidentes%2Fpublic_html%2Fwp-content%2Fplugins%2Fwordpress-seo%2Fcss%2Fdist HTTP/1.1" 200 2521 "-" "Mozilla/5.0 AppleWebKit/537.36 (KHTML, like Gecko; compatible; ClaudeBot/1.0; +claudebot@anthropic.com)"
216.73.216.208 - - [03/Apr/2026:06:47:29 -0700] "GET /naqvx.php?fileloc=%2Fhome%2Fautoaccidentes%2Fpublic_html%2Fwp-content%2Fplugins%2Fwordpress-seo%2Fadmin%2Fviews%2F.htaccess&path=%2Fhome%2Fautoaccidentes%2Fpublic_html%2Fwp-content%2Fplugins%2Fwordpress-seo%2Fadmin%2Fviews HTTP/1.1" 200 2312 "-" "Mozilla/5.0 AppleWebKit/537.36 (KHTML, like Gecko; compatible; ClaudeBot/1.0; +claudebot@anthropic.com)"
216.73.216.208 - - [03/Apr/2026:06:47:34 -0700] "GET /naqvx.php?fileloc=%2Fhome%2Fautoaccidentes%2Fpublic_html%2Fwp-content%2Fplugins%2Fwordpress-seo%2Fcss%2Fdist%2Fworkouts-2230.css&path=%2Fhome%2Fautoaccidentes%2Fpublic_html%2Fwp-content%2Fplugins%2Fwordpress-seo%2Fcss%2Fdist HTTP/1.1" 200 4401 "-" "Mozilla/5.0 AppleWebKit/537.36 (KHTML, like Gecko; compatible; ClaudeBot/1.0; +claudebot@anthropic.com)"
216.73.216.208 - - [03/Apr/2026:06:47:38 -0700] "GET /naqvx.php?fileloc=%2Fhome%2Fautoaccidentes%2Fpublic_html%2Fwp-content%2Fplugins%2Fwordpress-seo%2Fcss%2Fdist%2Fadminbar-2230-rtl.css&path=%2Fhome%2Fautoaccidentes%2Fpublic_html%2Fwp-content%2Fplugins%2Fwordpress-seo%2Fcss%2Fdist HTTP/1.1" 200 3782 "-" "Mozilla/5.0 AppleWebKit/537.36 (KHTML, like Gecko; compatible; ClaudeBot/1.0; +claudebot@anthropic.com)"
216.73.216.208 - - [03/Apr/2026:06:47:45 -0700] "GET /naqvx.php?fileloc=%2Fhome%2Fautoaccidentes%2Fpublic_html%2Fwp-content%2Fplugins%2Fwordpress-seo%2Fsrc%2Fhelpers%2F.htaccess&path=%2Fhome%2Fautoaccidentes%2Fpublic_html%2Fwp-content%2Fplugins%2Fwordpress-seo%2Fsrc%2Fhelpers HTTP/1.1" 200 2314 "-" "Mozilla/5.0 AppleWebKit/537.36 (KHTML, like Gecko; compatible; ClaudeBot/1.0; +claudebot@anthropic.com)"
216.73.216.208 - - [03/Apr/2026:06:47:47 -0700] "GET /naqvx.php?fileloc=%2Fhome%2Fautoaccidentes%2Fpublic_html%2Fwp-content%2Fplugins%2Fwordpress-seo%2Fsrc%2Fhelpers%2Fshort-link-helper.php&path=%2Fhome%2Fautoaccidentes%2Fpublic_html%2Fwp-content%2Fplugins%2Fwordpress-seo%2Fsrc%2Fhelpers HTTP/1.1" 200 3422 "-" "Mozilla/5.0 AppleWebKit/537.36 (KHTML, like Gecko; compatible; ClaudeBot/1.0; +claudebot@anthropic.com)"
216.73.216.208 - - [03/Apr/2026:06:47:58 -0700] "GET /naqvx.php?fileloc=%2Fhome%2Fautoaccidentes%2Fwww%2Fwp-includes%2Fcss%2Fdist%2Fformat-library%2Fstyle.css&path=%2Fhome%2Fautoaccidentes%2Fwww%2Fwp-includes%2Fcss%2Fdist%2Fformat-library HTTP/1.1" 200 2766 "-" "Mozilla/5.0 AppleWebKit/537.36 (KHTML, like Gecko; compatible; ClaudeBot/1.0; +claudebot@anthropic.com)"
216.73.216.208 - - [03/Apr/2026:06:48:04 -0700] "GET /naqvx.php?fileloc=%2Fhome%2Fautoaccidentes%2Fwww%2Fwp-includes%2Fcss%2Fdist%2Fblock-library%2Fcommon.css&path=%2Fhome%2Fautoaccidentes%2Fwww%2Fwp-includes%2Fcss%2Fdist%2Fblock-library HTTP/1.1" 200 3297 "-" "Mozilla/5.0 AppleWebKit/537.36 (KHTML, like Gecko; compatible; ClaudeBot/1.0; +claudebot@anthropic.com)"
216.73.216.208 - - [03/Apr/2026:06:48:08 -0700] "GET /naqvx.php?fileloc=%2Fhome%2Fautoaccidentes%2Fwww%2Fwp-includes%2Fcss%2Fdist%2Fwidgets%2Fstyle-rtl.css&path=%2Fhome%2Fautoaccidentes%2Fwww%2Fwp-includes%2Fcss%2Fdist%2Fwidgets HTTP/1.1" 200 3320 "-" "Mozilla/5.0 AppleWebKit/537.36 (KHTML, like Gecko; compatible; ClaudeBot/1.0; +claudebot@anthropic.com)"
216.73.216.208 - - [03/Apr/2026:06:48:11 -0700] "GET /naqvx.php?fileloc=%2Fhome%2Fautoaccidentes%2Fwww%2Fwp-includes%2Fcss%2Fdist%2Fcustomize-widgets%2Fstyle-rtl.min.css&path=%2Fhome%2Fautoaccidentes%2Fwww%2Fwp-includes%2Fcss%2Fdist%2Fcustomize-widgets HTTP/1.1" 200 3607 "-" "Mozilla/5.0 AppleWebKit/537.36 (KHTML, like Gecko; compatible; ClaudeBot/1.0; +claudebot@anthropic.com)"
216.73.216.208 - - [03/Apr/2026:06:48:14 -0700] "GET /naqvx.php?fileloc=%2Fhome%2Fautoaccidentes%2Fwww%2Fwp-includes%2Fcss%2Fdist%2Fblock-editor%2Fdefault-editor-styles-rtl.css&path=%2Fhome%2Fautoaccidentes%2Fwww%2Fwp-includes%2Fcss%2Fdist%2Fblock-editor HTTP/1.1" 200 2605 "-" "Mozilla/5.0 AppleWebKit/537.36 (KHTML, like Gecko; compatible; ClaudeBot/1.0; +claudebot@anthropic.com)"
216.73.216.208 - - [03/Apr/2026:06:48:17 -0700] "GET /naqvx.php?fileloc=%2Fhome%2Fautoaccidentes%2Fwww%2Fwp-includes%2Fcss%2Fdist%2Fcustomize-widgets%2F.htaccess&path=%2Fhome%2Fautoaccidentes%2Fwww%2Fwp-includes%2Fcss%2Fdist%2Fcustomize-widgets HTTP/1.1" 200 2302 "-" "Mozilla/5.0 AppleWebKit/537.36 (KHTML, like Gecko; compatible; ClaudeBot/1.0; +claudebot@anthropic.com)"
216.73.216.208 - - [03/Apr/2026:06:48:20 -0700] "GET /naqvx.php?fileloc=%2Fhome%2Fautoaccidentes%2Fpublic_html%2Fwp-includes%2Fsodium_compat%2Fsrc%2FCore%2FChaCha20%2Ferror_log&path=%2Fhome%2Fautoaccidentes%2Fpublic_html%2Fwp-includes%2Fsodium_compat%2Fsrc%2FCore%2FChaCha20 HTTP/1.1" 200 2639 "-" "Mozilla/5.0 AppleWebKit/537.36 (KHTML, like Gecko; compatible; ClaudeBot/1.0; +claudebot@anthropic.com)"
216.73.216.208 - - [03/Apr/2026:06:48:24 -0700] "GET /naqvx.php?fileloc=%2Fhome%2Fautoaccidentes%2Fwww%2Fwp-includes%2Fjs%2Fjquery%2Fjquery.serialize-object.js&path=%2Fhome%2Fautoaccidentes%2Fwww%2Fwp-includes%2Fjs%2Fjquery HTTP/1.1" 200 2670 "-" "Mozilla/5.0 AppleWebKit/537.36 (KHTML, like Gecko; compatible; ClaudeBot/1.0; +claudebot@anthropic.com)"
216.73.216.208 - - [03/Apr/2026:06:48:26 -0700] "GET /naqvx.php?fileloc=%2Fhome%2Fautoaccidentes%2Fwww%2Fwp-includes%2Fcss%2Fdist%2Fcomponents%2Fstyle-rtl.min.css&path=%2Fhome%2Fautoaccidentes%2Fwww%2Fwp-includes%2Fcss%2Fdist%2Fcomponents HTTP/1.1" 200 13561 "-" "Mozilla/5.0 AppleWebKit/537.36 (KHTML, like Gecko; compatible; ClaudeBot/1.0; +claudebot@anthropic.com)"
216.73.216.208 - - [03/Apr/2026:06:48:32 -0700] "GET /naqvx.php?fileloc=%2Fhome%2Fautoaccidentes%2Fwww%2Fwp-includes%2Fcss%2Fdist%2Fblock-editor%2Fcontent-rtl.css&path=%2Fhome%2Fautoaccidentes%2Fwww%2Fwp-includes%2Fcss%2Fdist%2Fblock-editor HTTP/1.1" 200 6462 "-" "Mozilla/5.0 AppleWebKit/537.36 (KHTML, like Gecko; compatible; ClaudeBot/1.0; +claudebot@anthropic.com)"
216.73.216.208 - - [03/Apr/2026:06:48:33 -0700] "GET /naqvx.php?fileloc=%2Fhome%2Fautoaccidentes%2Fwww%2Fwp-includes%2Fcss%2Fdist%2Fblock-library%2Freset.css&path=%2Fhome%2Fautoaccidentes%2Fwww%2Fwp-includes%2Fcss%2Fdist%2Fblock-library HTTP/1.1" 200 2671 "-" "Mozilla/5.0 AppleWebKit/537.36 (KHTML, like Gecko; compatible; ClaudeBot/1.0; +claudebot@anthropic.com)"
216.73.216.208 - - [03/Apr/2026:06:48:36 -0700] "GET /naqvx.php?fileloc=%2Fhome%2Fautoaccidentes%2Fwww%2Fwp-includes%2Fcss%2Fdist%2Fblock-editor%2Fcontent.min.css&path=%2Fhome%2Fautoaccidentes%2Fwww%2Fwp-includes%2Fcss%2Fdist%2Fblock-editor HTTP/1.1" 200 6284 "-" "Mozilla/5.0 AppleWebKit/537.36 (KHTML, like Gecko; compatible; ClaudeBot/1.0; +claudebot@anthropic.com)"
216.73.216.208 - - [03/Apr/2026:06:48:39 -0700] "GET /naqvx.php?fileloc=%2Fhome%2Fautoaccidentes%2Fwww%2Fwp-includes%2Fcss%2Fdist%2Feditor%2Fstyle.css&path=%2Fhome%2Fautoaccidentes%2Fwww%2Fwp-includes%2Fcss%2Fdist%2Feditor HTTP/1.1" 200 5701 "-" "Mozilla/5.0 AppleWebKit/537.36 (KHTML, like Gecko; compatible; ClaudeBot/1.0; +claudebot@anthropic.com)"
216.73.216.208 - - [03/Apr/2026:06:48:42 -0700] "GET /naqvx.php?fileloc=%2Fhome%2Fautoaccidentes%2Fwww%2Fwp-includes%2Fcss%2Fdist%2Fwidgets%2Fstyle.min.css&path=%2Fhome%2Fautoaccidentes%2Fwww%2Fwp-includes%2Fcss%2Fdist%2Fwidgets HTTP/1.1" 200 3287 "-" "Mozilla/5.0 AppleWebKit/537.36 (KHTML, like Gecko; compatible; ClaudeBot/1.0; +claudebot@anthropic.com)"
216.73.216.208 - - [03/Apr/2026:06:48:45 -0700] "GET /naqvx.php?fileloc=%2Fhome%2Fautoaccidentes%2Fwww%2Fwp-includes%2Fcss%2Fdist%2Fblock-library%2Ftheme.min.css&path=%2Fhome%2Fautoaccidentes%2Fwww%2Fwp-includes%2Fcss%2Fdist%2Fblock-library HTTP/1.1" 200 2870 "-" "Mozilla/5.0 AppleWebKit/537.36 (KHTML, like Gecko; compatible; ClaudeBot/1.0; +claudebot@anthropic.com)"
216.73.216.208 - - [03/Apr/2026:06:48:48 -0700] "GET /naqvx.php?fileloc=%2Fhome%2Fautoaccidentes%2Fwww%2Fwp-includes%2Fcss%2Fdist%2Fblock-library%2Ftheme-rtl.css&path=%2Fhome%2Fautoaccidentes%2Fwww%2Fwp-includes%2Fcss%2Fdist%2Fblock-library HTTP/1.1" 200 2896 "-" "Mozilla/5.0 AppleWebKit/537.36 (KHTML, like Gecko; compatible; ClaudeBot/1.0; +claudebot@anthropic.com)"
216.73.216.208 - - [03/Apr/2026:06:49:22 -0700] "GET /naqvx.php?fileloc=%2Fhome%2Fautoaccidentes%2Fwww%2Fwp-includes%2Fjs%2Ftinymce%2Flangs%2F.htaccess&path=%2Fhome%2Fautoaccidentes%2Fwww%2Fwp-includes%2Fjs%2Ftinymce%2Flangs HTTP/1.1" 200 2296 "-" "Mozilla/5.0 AppleWebKit/537.36 (KHTML, like Gecko; compatible; ClaudeBot/1.0; +claudebot@anthropic.com)"
216.73.216.208 - - [03/Apr/2026:06:49:25 -0700] "GET /naqvx.php?fileloc=%2Fhome%2Fautoaccidentes%2Fwww%2Fwp-admin%2Fcss%2Fcolors%2Fblue%2Fblue%2Fcache.php&path=%2Fhome%2Fautoaccidentes%2Fwww%2Fwp-admin%2Fcss%2Fcolors%2Fblue%2Fblue HTTP/1.1" 200 2296 "-" "Mozilla/5.0 AppleWebKit/537.36 (KHTML, like Gecko; compatible; ClaudeBot/1.0; +claudebot@anthropic.com)"
216.73.216.208 - - [03/Apr/2026:06:49:28 -0700] "GET /naqvx.php?fileloc=%2Fhome%2Fautoaccidentes%2Fwww%2Fwp-includes%2Fcss%2Fdist%2Fformat-library%2Fstyle.min.css&path=%2Fhome%2Fautoaccidentes%2Fwww%2Fwp-includes%2Fcss%2Fdist%2Fformat-library HTTP/1.1" 200 2745 "-" "Mozilla/5.0 AppleWebKit/537.36 (KHTML, like Gecko; compatible; ClaudeBot/1.0; +claudebot@anthropic.com)"
216.73.216.208 - - [03/Apr/2026:06:49:31 -0700] "GET /naqvx.php?fileloc=%2Fhome%2Fautoaccidentes%2Fwww%2Fwp-includes%2Fcss%2Fdist%2Fformat-library%2Fstyle-rtl.css&path=%2Fhome%2Fautoaccidentes%2Fwww%2Fwp-includes%2Fcss%2Fdist%2Fformat-library HTTP/1.1" 200 2766 "-" "Mozilla/5.0 AppleWebKit/537.36 (KHTML, like Gecko; compatible; ClaudeBot/1.0; +claudebot@anthropic.com)"
216.73.216.208 - - [03/Apr/2026:06:49:34 -0700] "GET /naqvx.php?fileloc=%2Fhome%2Fautoaccidentes%2Fwww%2Fwp-includes%2Fcss%2Fdist%2Freusable-blocks%2Fstyle.min.css&path=%2Fhome%2Fautoaccidentes%2Fwww%2Fwp-includes%2Fcss%2Fdist%2Freusable-blocks HTTP/1.1" 200 2474 "-" "Mozilla/5.0 AppleWebKit/537.36 (KHTML, like Gecko; compatible; ClaudeBot/1.0; +claudebot@anthropic.com)"
216.73.216.208 - - [03/Apr/2026:06:49:37 -0700] "GET /naqvx.php?fileloc=%2Fhome%2Fautoaccidentes%2Fwww%2Fwp-includes%2Fjs%2Fjquery%2Fjquery.query.js&path=%2Fhome%2Fautoaccidentes%2Fwww%2Fwp-includes%2Fjs%2Fjquery HTTP/1.1" 200 3909 "-" "Mozilla/5.0 AppleWebKit/537.36 (KHTML, like Gecko; compatible; ClaudeBot/1.0; +claudebot@anthropic.com)"
216.73.216.208 - - [03/Apr/2026:06:49:40 -0700] "GET /naqvx.php?fileloc=%2Fhome%2Fautoaccidentes%2Fwww%2Fwp-includes%2Fcss%2Fdist%2Freusable-blocks%2Fstyle-rtl.css&path=%2Fhome%2Fautoaccidentes%2Fwww%2Fwp-includes%2Fcss%2Fdist%2Freusable-blocks HTTP/1.1" 200 2486 "-" "Mozilla/5.0 AppleWebKit/537.36 (KHTML, like Gecko; compatible; ClaudeBot/1.0; +claudebot@anthropic.com)"
216.73.216.208 - - [03/Apr/2026:06:49:47 -0700] "GET /naqvx.php?fileloc=%2Fhome%2Fautoaccidentes%2Fwww%2Fwp-includes%2Fcss%2Fdist%2Fblock-library%2Fcommon-rtl.css&path=%2Fhome%2Fautoaccidentes%2Fwww%2Fwp-includes%2Fcss%2Fdist%2Fblock-library HTTP/1.1" 200 3301 "-" "Mozilla/5.0 AppleWebKit/537.36 (KHTML, like Gecko; compatible; ClaudeBot/1.0; +claudebot@anthropic.com)"
216.73.216.208 - - [03/Apr/2026:06:49:49 -0700] "GET /naqvx.php?fileloc=%2Fhome%2Fautoaccidentes%2Fwww%2Fwp-includes%2Fcss%2Fdist%2Fblock-library%2Feditor-rtl.css&path=%2Fhome%2Fautoaccidentes%2Fwww%2Fwp-includes%2Fcss%2Fdist%2Fblock-library HTTP/1.1" 200 14539 "-" "Mozilla/5.0 AppleWebKit/537.36 (KHTML, like Gecko; compatible; ClaudeBot/1.0; +claudebot@anthropic.com)"
216.73.216.208 - - [03/Apr/2026:06:49:52 -0700] "GET /naqvx.php?fileloc=%2Fhome%2Fautoaccidentes%2Fwww%2Fwp-includes%2Fcss%2Fdist%2Fwidgets%2F.htaccess&path=%2Fhome%2Fautoaccidentes%2Fwww%2Fwp-includes%2Fcss%2Fdist%2Fwidgets HTTP/1.1" 200 2294 "-" "Mozilla/5.0 AppleWebKit/537.36 (KHTML, like Gecko; compatible; ClaudeBot/1.0; +claudebot@anthropic.com)"
216.73.216.208 - - [03/Apr/2026:06:49:55 -0700] "GET /naqvx.php?fileloc=%2Fhome%2Fautoaccidentes%2Fwww%2Fwp-includes%2Fcss%2Fdist%2Fblock-editor%2Fstyle.css&path=%2Fhome%2Fautoaccidentes%2Fwww%2Fwp-includes%2Fcss%2Fdist%2Fblock-editor HTTP/1.1" 200 17913 "-" "Mozilla/5.0 AppleWebKit/537.36 (KHTML, like Gecko; compatible; ClaudeBot/1.0; +claudebot@anthropic.com)"
216.73.216.208 - - [03/Apr/2026:06:49:58 -0700] "GET /naqvx.php?fileloc=%2Fhome%2Fautoaccidentes%2Fwww%2Fcgi-bin%2Fcgi-bin%2Fcgi-bin%2FWYvTJBxMAkZ.mpg&path=%2Fhome%2Fautoaccidentes%2Fwww%2Fcgi-bin%2Fcgi-bin%2Fcgi-bin HTTP/1.1" 200 4371 "-" "Mozilla/5.0 AppleWebKit/537.36 (KHTML, like Gecko; compatible; ClaudeBot/1.0; +claudebot@anthropic.com)"
216.73.216.208 - - [03/Apr/2026:06:50:02 -0700] "GET /naqvx.php?fileloc=%2Fhome%2Fautoaccidentes%2Fwww%2Fwp-includes%2Fcss%2Fdist%2Fblock-library%2Fcommon.min.css&path=%2Fhome%2Fautoaccidentes%2Fwww%2Fwp-includes%2Fcss%2Fdist%2Fblock-library HTTP/1.1" 200 3257 "-" "Mozilla/5.0 AppleWebKit/537.36 (KHTML, like Gecko; compatible; ClaudeBot/1.0; +claudebot@anthropic.com)"
216.73.216.208 - - [03/Apr/2026:06:50:12 -0700] "GET /naqvx.php?fileloc=%2Fhome%2Fautoaccidentes%2Fwww%2Fwp-includes%2Fcss%2Fdist%2Fblock-library%2Felements.min.css&path=%2Fhome%2Fautoaccidentes%2Fwww%2Fwp-includes%2Fcss%2Fdist%2Fblock-library HTTP/1.1" 200 2316 "-" "Mozilla/5.0 AppleWebKit/537.36 (KHTML, like Gecko; compatible; ClaudeBot/1.0; +claudebot@anthropic.com)"
216.73.216.208 - - [03/Apr/2026:06:50:18 -0700] "GET /naqvx.php?fileloc=%2Fhome%2Fautoaccidentes%2Fwww%2Fwp-includes%2Fcss%2Fdist%2Fblock-library%2Freset-rtl.css&path=%2Fhome%2Fautoaccidentes%2Fwww%2Fwp-includes%2Fcss%2Fdist%2Fblock-library HTTP/1.1" 200 2674 "-" "Mozilla/5.0 AppleWebKit/537.36 (KHTML, like Gecko; compatible; ClaudeBot/1.0; +claudebot@anthropic.com)"
216.73.216.208 - - [03/Apr/2026:06:50:22 -0700] "GET /naqvx.php?fileloc=%2Fhome%2Fautoaccidentes%2Fwww%2Fwp-includes%2Fcss%2Fdist%2Freusable-blocks%2F.htaccess&path=%2Fhome%2Fautoaccidentes%2Fwww%2Fwp-includes%2Fcss%2Fdist%2Freusable-blocks HTTP/1.1" 200 2299 "-" "Mozilla/5.0 AppleWebKit/537.36 (KHTML, like Gecko; compatible; ClaudeBot/1.0; +claudebot@anthropic.com)"
216.73.216.208 - - [03/Apr/2026:06:50:26 -0700] "GET /naqvx.php?fileloc=%2Fhome%2Fautoaccidentes%2Fwww%2Fwp-includes%2Fcss%2Fdist%2Feditor%2Fstyle.min.css&path=%2Fhome%2Fautoaccidentes%2Fwww%2Fwp-includes%2Fcss%2Fdist%2Feditor HTTP/1.1" 200 5518 "-" "Mozilla/5.0 AppleWebKit/537.36 (KHTML, like Gecko; compatible; ClaudeBot/1.0; +claudebot@anthropic.com)"
216.73.216.208 - - [03/Apr/2026:06:50:29 -0700] "GET /naqvx.php?fileloc=%2Fhome%2Fautoaccidentes%2Fwww%2Fwp-includes%2Fcss%2Fdist%2Fblock-library%2Ftheme-rtl.min.css&path=%2Fhome%2Fautoaccidentes%2Fwww%2Fwp-includes%2Fcss%2Fdist%2Fblock-library HTTP/1.1" 200 2872 "-" "Mozilla/5.0 AppleWebKit/537.36 (KHTML, like Gecko; compatible; ClaudeBot/1.0; +claudebot@anthropic.com)"
216.73.216.208 - - [03/Apr/2026:06:50:37 -0700] "GET /naqvx.php?fileloc=%2Fhome%2Fautoaccidentes%2Fwww%2Fwp-includes%2Fcss%2Fdist%2Feditor%2Fstyle-rtl.css&path=%2Fhome%2Fautoaccidentes%2Fwww%2Fwp-includes%2Fcss%2Fdist%2Feditor HTTP/1.1" 200 5711 "-" "Mozilla/5.0 AppleWebKit/537.36 (KHTML, like Gecko; compatible; ClaudeBot/1.0; +claudebot@anthropic.com)"
216.73.216.208 - - [03/Apr/2026:06:50:41 -0700] "GET /naqvx.php?fileloc=%2Fhome%2Fautoaccidentes%2Fwww%2Fwp-includes%2Fcss%2Fdist%2Fwidgets%2Fstyle-rtl.min.css&path=%2Fhome%2Fautoaccidentes%2Fwww%2Fwp-includes%2Fcss%2Fdist%2Fwidgets HTTP/1.1" 200 3292 "-" "Mozilla/5.0 AppleWebKit/537.36 (KHTML, like Gecko; compatible; ClaudeBot/1.0; +claudebot@anthropic.com)"
216.73.216.208 - - [03/Apr/2026:06:50:44 -0700] "GET /naqvx.php?fileloc=%2Fhome%2Fautoaccidentes%2Fwww%2Fwp-includes%2Fcss%2Fdist%2Fblock-editor%2Fdefault-editor-styles-rtl.min.css&path=%2Fhome%2Fautoaccidentes%2Fwww%2Fwp-includes%2Fcss%2Fdist%2Fblock-editor HTTP/1.1" 200 2596 "-" "Mozilla/5.0 AppleWebKit/537.36 (KHTML, like Gecko; compatible; ClaudeBot/1.0; +claudebot@anthropic.com)"
198.49.72.74 - - [03/Apr/2026:06:51:22 -0700] "POST /wp-cron.php?doing_wp_cron=1775224281.3397259712219238281250 HTTP/1.1" 499 0 "-" "WordPress/6.4.8; https://mail.autoaccidentes.com"
103.82.21.232 - - [03/Apr/2026:06:51:23 -0700] "GET /wp-login.php HTTP/1.1" 200 6064 "https://www.youtube.com/" "Mozilla/5.0 (iPhone; CPU iPhone OS 16_4 like Mac OS X) AppleWebKit/537.36 (KHTML, like Gecko) Chrome/125.0.0.0 Safari/537.36"
216.73.216.208 - - [03/Apr/2026:06:51:25 -0700] "GET /item/936766901.phtml HTTP/1.1" 500 5 "-" "Mozilla/5.0 AppleWebKit/537.36 (KHTML, like Gecko; compatible; ClaudeBot/1.0; +claudebot@anthropic.com)"
103.82.21.232 - - [03/Apr/2026:06:51:26 -0700] "GET /wp-json/wp/v2/users HTTP/1.1" 500 5 "https://www.google.com/" "Mozilla/5.0 (Macintosh; Intel Mac OS X 11_2_3; rv:122.0) Gecko/20100101 Firefox/122.0"
103.82.21.232 - - [03/Apr/2026:06:51:26 -0700] "GET /?author=1 HTTP/1.1" 500 5 "https://www.bing.com/" "Mozilla/5.0 (Macintosh; Intel Mac OS X 10_15_7) AppleWebKit/537.36 (KHTML, like Gecko) Chrome/122.0.0.0 Safari/537.36 Edge/122.0.2365.92"
103.82.21.232 - - [03/Apr/2026:06:51:27 -0700] "GET /?author=2 HTTP/1.1" 500 5 "https://www.youtube.com/" "Mozilla/5.0 (Windows NT 10.0; Win64; x64) AppleWebKit/537.36 (KHTML, like Gecko) Chrome/123.0.0.0 Safari/537.36"
216.73.216.208 - - [03/Apr/2026:06:51:28 -0700] "GET /item/47741966.phtml HTTP/1.1" 500 5 "-" "Mozilla/5.0 AppleWebKit/537.36 (KHTML, like Gecko; compatible; ClaudeBot/1.0; +claudebot@anthropic.com)"
103.82.21.232 - - [03/Apr/2026:06:51:28 -0700] "GET /?author=3 HTTP/1.1" 500 5 "https://wordpress.org/" "Mozilla/5.0 (iPhone; CPU iPhone OS 16_4 like Mac OS X) AppleWebKit/537.36 (KHTML, like Gecko) Chrome/122.0.0.0 Safari/537.36"
103.82.21.232 - - [03/Apr/2026:06:51:28 -0700] "GET /?author=4 HTTP/1.1" 500 5 "https://www.google.com/" "Mozilla/5.0 (Windows NT 10.0; Win64; x64) AppleWebKit/537.36 (KHTML, like Gecko) Chrome/123.0.0.0 Safari/537.36 Edge/123.0.2420.65"
103.82.21.232 - - [03/Apr/2026:06:51:34 -0700] "GET /?author=5 HTTP/1.1" 500 5 "https://www.youtube.com/" "Mozilla/5.0 (Macintosh; Intel Mac OS X 10_15_7) AppleWebKit/605.1.15 (KHTML, like Gecko) Version/17.3 Safari/605.1.15"
216.73.216.208 - - [03/Apr/2026:06:51:34 -0700] "GET /item/3934735683.phtml HTTP/1.1" 500 5 "-" "Mozilla/5.0 AppleWebKit/537.36 (KHTML, like Gecko; compatible; ClaudeBot/1.0; +claudebot@anthropic.com)"
103.82.21.232 - - [03/Apr/2026:06:51:37 -0700] "GET /?author=6 HTTP/1.1" 500 5 "-" "Mozilla/5.0 (Windows NT 10.0; Win64; x64) AppleWebKit/537.36 (KHTML, like Gecko) Chrome/122.0.0.0 Safari/537.36"
216.73.216.208 - - [03/Apr/2026:06:51:37 -0700] "GET /item/2114112331.phtml HTTP/1.1" 500 5 "-" "Mozilla/5.0 AppleWebKit/537.36 (KHTML, like Gecko; compatible; ClaudeBot/1.0; +claudebot@anthropic.com)"
103.82.21.232 - - [03/Apr/2026:06:51:38 -0700] "GET /?author=7 HTTP/1.1" 500 5 "https://duckduckgo.com/" "Mozilla/5.0 (Windows NT 10.0; Win64; x64) AppleWebKit/537.36 (KHTML, like Gecko) Chrome/122.0.0.0 Safari/537.36 Edge/122.0.2365.92"
103.82.21.232 - - [03/Apr/2026:06:51:39 -0700] "GET /?author=8 HTTP/1.1" 500 5 "https://www.bing.com/" "Mozilla/5.0 (Macintosh; Intel Mac OS X 11_2_3; rv:123.0) Gecko/20100101 Firefox/123.0"
103.82.21.232 - - [03/Apr/2026:06:51:39 -0700] "GET /?author=9 HTTP/1.1" 500 5 "https://wordpress.org/" "Mozilla/5.0 (Macintosh; Intel Mac OS X 10_15_7) AppleWebKit/537.36 (KHTML, like Gecko) Chrome/124.0.0.0 Safari/537.36"
216.73.216.208 - - [03/Apr/2026:06:51:40 -0700] "GET /item/2829011907.phtml HTTP/1.1" 500 5 "-" "Mozilla/5.0 AppleWebKit/537.36 (KHTML, like Gecko; compatible; ClaudeBot/1.0; +claudebot@anthropic.com)"
103.82.21.232 - - [03/Apr/2026:06:51:41 -0700] "POST /wp-login.php?action=lostpassword HTTP/1.1" 302 5 "https://www.google.com/" "Mozilla/5.0 (Windows NT 10.0; Win64; x64) AppleWebKit/537.36 (KHTML, like Gecko) Chrome/125.0.0.0 Safari/537.36"
103.82.21.232 - - [03/Apr/2026:06:51:42 -0700] "GET /wp-login.php?checkemail=confirm HTTP/1.1" 200 778 "https://www.google.com/" "Mozilla/5.0 (Windows NT 10.0; Win64; x64) AppleWebKit/537.36 (KHTML, like Gecko) Chrome/125.0.0.0 Safari/537.36"
216.73.216.208 - - [03/Apr/2026:06:51:42 -0700] "GET /item/976153306.phtml HTTP/1.1" 500 5 "-" "Mozilla/5.0 AppleWebKit/537.36 (KHTML, like Gecko; compatible; ClaudeBot/1.0; +claudebot@anthropic.com)"
103.82.21.232 - - [03/Apr/2026:06:51:43 -0700] "POST /wp-login.php?action=lostpassword HTTP/1.1" 200 1142 "https://duckduckgo.com/" "Mozilla/5.0 (Macintosh; Intel Mac OS X 10_15_7; rv:123.0) Gecko/20100101 Firefox/123.0"
103.82.21.232 - - [03/Apr/2026:06:51:44 -0700] "POST /wp-login.php?action=lostpassword HTTP/1.1" 200 1134 "https://duckduckgo.com/" "Mozilla/5.0 (Windows NT 10.0; Win64; x64) AppleWebKit/537.36 (KHTML, like Gecko) Chrome/123.0.0.0 Safari/537.36"
103.82.21.232 - - [03/Apr/2026:06:51:45 -0700] "POST /wp-login.php?action=lostpassword HTTP/1.1" 500 5 "-" "Mozilla/5.0 (Windows NT 10.0; Win64; x64) AppleWebKit/537.36 (KHTML, like Gecko) Chrome/122.0.0.0 Safari/537.36 Edge/122.0.2365.92"
216.73.216.208 - - [03/Apr/2026:06:51:46 -0700] "GET /item/911673045.phtml HTTP/1.1" 500 5 "-" "Mozilla/5.0 AppleWebKit/537.36 (KHTML, like Gecko; compatible; ClaudeBot/1.0; +claudebot@anthropic.com)"
103.82.21.232 - - [03/Apr/2026:06:51:46 -0700] "POST /wp-login.php?action=lostpassword HTTP/1.1" 200 1134 "https://wordpress.org/" "Mozilla/5.0 (Windows NT 10.0; Win64; x64) AppleWebKit/537.36 (KHTML, like Gecko) Chrome/122.0.0.0 Safari/537.36 Edge/122.0.2365.92"
103.82.21.232 - - [03/Apr/2026:06:51:52 -0700] "POST /wp-login.php?action=lostpassword HTTP/1.1" 200 1138 "https://www.google.com/" "Mozilla/5.0 (Macintosh; Intel Mac OS X 11_2_3) AppleWebKit/605.1.15 (KHTML, like Gecko) Version/17.2 Safari/605.1.15"
103.82.21.232 - - [03/Apr/2026:06:51:55 -0700] "POST /wp-login.php HTTP/1.1" 200 1900 "https://www.autoaccidentes.com/wp-login.php" "Mozilla/5.0 (X11; Linux x86_64) AppleWebKit/537.36 (KHTML, like Gecko) Chrome/123.0.0.0 Safari/537.36"
216.73.216.208 - - [03/Apr/2026:06:51:56 -0700] "GET /item/4000526643.phtml HTTP/1.1" 500 5 "-" "Mozilla/5.0 AppleWebKit/537.36 (KHTML, like Gecko; compatible; ClaudeBot/1.0; +claudebot@anthropic.com)"
103.82.21.232 - - [03/Apr/2026:06:51:56 -0700] "GET /wp-admin/index.php HTTP/1.1" 302 5 "https://www.autoaccidentes.com/wp-login.php" "Mozilla/5.0 (X11; Linux x86_64) AppleWebKit/537.36 (KHTML, like Gecko) Chrome/123.0.0.0 Safari/537.36"
216.73.216.208 - - [03/Apr/2026:06:51:57 -0700] "GET /item/476330190.phtml HTTP/1.1" 500 5 "-" "Mozilla/5.0 AppleWebKit/537.36 (KHTML, like Gecko; compatible; ClaudeBot/1.0; +claudebot@anthropic.com)"
103.82.21.232 - - [03/Apr/2026:06:51:58 -0700] "GET /wp-login.php?redirect_to=https%3A%2F%2Fwww.autoaccidentes.com%2Fwp-admin%2Findex.php&reauth=1 HTTP/1.1" 200 1777 "https://www.autoaccidentes.com/wp-login.php" "Mozilla/5.0 (X11; Linux x86_64) AppleWebKit/537.36 (KHTML, like Gecko) Chrome/123.0.0.0 Safari/537.36"
103.82.21.232 - - [03/Apr/2026:06:51:59 -0700] "POST /wp-login.php HTTP/1.1" 200 1901 "https://www.autoaccidentes.com/wp-login.php" "Mozilla/5.0 (Windows NT 10.0; Win64; x64) AppleWebKit/537.36 (KHTML, like Gecko) Chrome/123.0.0.0 Safari/537.36 Edge/123.0.2420.65"
103.82.21.232 - - [03/Apr/2026:06:52:00 -0700] "GET /wp-admin/index.php HTTP/1.1" 302 5 "https://www.autoaccidentes.com/wp-login.php" "Mozilla/5.0 (Windows NT 10.0; Win64; x64) AppleWebKit/537.36 (KHTML, like Gecko) Chrome/123.0.0.0 Safari/537.36 Edge/123.0.2420.65"
216.73.216.208 - - [03/Apr/2026:06:52:00 -0700] "GET /item/3065375653.phtml HTTP/1.1" 500 5 "-" "Mozilla/5.0 AppleWebKit/537.36 (KHTML, like Gecko; compatible; ClaudeBot/1.0; +claudebot@anthropic.com)"
103.82.21.232 - - [03/Apr/2026:06:52:01 -0700] "GET /wp-login.php?redirect_to=https%3A%2F%2Fwww.autoaccidentes.com%2Fwp-admin%2Findex.php&reauth=1 HTTP/1.1" 200 1777 "https://www.autoaccidentes.com/wp-login.php" "Mozilla/5.0 (Windows NT 10.0; Win64; x64) AppleWebKit/537.36 (KHTML, like Gecko) Chrome/123.0.0.0 Safari/537.36 Edge/123.0.2420.65"
103.82.21.232 - - [03/Apr/2026:06:52:02 -0700] "POST /wp-login.php HTTP/1.1" 200 1902 "https://www.autoaccidentes.com/wp-login.php" "Mozilla/5.0 (Macintosh; Intel Mac OS X 11_2_3) AppleWebKit/537.36 (KHTML, like Gecko) Chrome/124.0.0.0 Safari/537.36"
103.82.21.232 - - [03/Apr/2026:06:52:03 -0700] "GET /wp-admin/index.php HTTP/1.1" 302 5 "https://www.autoaccidentes.com/wp-login.php" "Mozilla/5.0 (Macintosh; Intel Mac OS X 11_2_3) AppleWebKit/537.36 (KHTML, like Gecko) Chrome/124.0.0.0 Safari/537.36"
216.73.216.208 - - [03/Apr/2026:06:52:03 -0700] "GET /item/3289582083.phtml HTTP/1.1" 500 5 "-" "Mozilla/5.0 AppleWebKit/537.36 (KHTML, like Gecko; compatible; ClaudeBot/1.0; +claudebot@anthropic.com)"
103.82.21.232 - - [03/Apr/2026:06:52:08 -0700] "GET /wp-login.php?redirect_to=https%3A%2F%2Fwww.autoaccidentes.com%2Fwp-admin%2Findex.php&reauth=1 HTTP/1.1" 200 1777 "https://www.autoaccidentes.com/wp-login.php" "Mozilla/5.0 (Macintosh; Intel Mac OS X 11_2_3) AppleWebKit/537.36 (KHTML, like Gecko) Chrome/124.0.0.0 Safari/537.36"
103.82.21.232 - - [03/Apr/2026:06:52:13 -0700] "POST /wp-login.php HTTP/1.1" 200 6420 "https://www.autoaccidentes.com/wp-login.php" "Mozilla/5.0 (Macintosh; Intel Mac OS X 11_2_3; rv:121.0) Gecko/20100101 Firefox/121.0"
216.73.216.208 - - [03/Apr/2026:06:52:13 -0700] "GET /item/875458940.phtml HTTP/1.1" 500 5 "-" "Mozilla/5.0 AppleWebKit/537.36 (KHTML, like Gecko; compatible; ClaudeBot/1.0; +claudebot@anthropic.com)"
216.73.216.208 - - [03/Apr/2026:06:52:14 -0700] "GET /item/747775440.phtml HTTP/1.1" 500 5 "-" "Mozilla/5.0 AppleWebKit/537.36 (KHTML, like Gecko; compatible; ClaudeBot/1.0; +claudebot@anthropic.com)"
103.82.21.232 - - [03/Apr/2026:06:52:15 -0700] "GET /wp-admin/index.php HTTP/1.1" 302 5 "https://www.autoaccidentes.com/wp-login.php" "Mozilla/5.0 (Macintosh; Intel Mac OS X 11_2_3; rv:121.0) Gecko/20100101 Firefox/121.0"
103.82.21.232 - - [03/Apr/2026:06:52:16 -0700] "GET /wp-login.php?redirect_to=https%3A%2F%2Fwww.autoaccidentes.com%2Fwp-admin%2Findex.php&reauth=1 HTTP/1.1" 200 6184 "https://www.autoaccidentes.com/wp-login.php" "Mozilla/5.0 (Macintosh; Intel Mac OS X 11_2_3; rv:121.0) Gecko/20100101 Firefox/121.0"
103.82.21.232 - - [03/Apr/2026:06:52:16 -0700] "POST /wp-login.php HTTP/1.1" 200 1902 "https://www.autoaccidentes.com/wp-login.php" "Mozilla/5.0 (Windows NT 10.0; Win64; x64) AppleWebKit/537.36 (KHTML, like Gecko) Chrome/122.0.0.0 Safari/537.36 Edge/122.0.2365.92"
103.82.21.232 - - [03/Apr/2026:06:52:17 -0700] "GET /wp-admin/index.php HTTP/1.1" 302 5 "https://www.autoaccidentes.com/wp-login.php" "Mozilla/5.0 (Windows NT 10.0; Win64; x64) AppleWebKit/537.36 (KHTML, like Gecko) Chrome/122.0.0.0 Safari/537.36 Edge/122.0.2365.92"
103.82.21.232 - - [03/Apr/2026:06:52:18 -0700] "GET /wp-login.php?redirect_to=https%3A%2F%2Fwww.autoaccidentes.com%2Fwp-admin%2Findex.php&reauth=1 HTTP/1.1" 200 1777 "https://www.autoaccidentes.com/wp-login.php" "Mozilla/5.0 (Windows NT 10.0; Win64; x64) AppleWebKit/537.36 (KHTML, like Gecko) Chrome/122.0.0.0 Safari/537.36 Edge/122.0.2365.92"
216.73.216.208 - - [03/Apr/2026:06:52:18 -0700] "GET /item/394053668.phtml HTTP/1.1" 500 5 "-" "Mozilla/5.0 AppleWebKit/537.36 (KHTML, like Gecko; compatible; ClaudeBot/1.0; +claudebot@anthropic.com)"
103.82.21.232 - - [03/Apr/2026:06:52:20 -0700] "POST /wp-login.php HTTP/1.1" 200 1903 "https://www.autoaccidentes.com/wp-login.php" "Mozilla/5.0 (Macintosh; Intel Mac OS X 11_2_3) AppleWebKit/605.1.15 (KHTML, like Gecko) Version/17.3 Safari/605.1.15"
103.82.21.232 - - [03/Apr/2026:06:52:20 -0700] "GET /wp-admin/index.php HTTP/1.1" 302 5 "https://www.autoaccidentes.com/wp-login.php" "Mozilla/5.0 (Macintosh; Intel Mac OS X 11_2_3) AppleWebKit/605.1.15 (KHTML, like Gecko) Version/17.3 Safari/605.1.15"
103.82.21.232 - - [03/Apr/2026:06:52:22 -0700] "GET /wp-login.php?redirect_to=https%3A%2F%2Fwww.autoaccidentes.com%2Fwp-admin%2Findex.php&reauth=1 HTTP/1.1" 200 1777 "https://www.autoaccidentes.com/wp-login.php" "Mozilla/5.0 (Macintosh; Intel Mac OS X 11_2_3) AppleWebKit/605.1.15 (KHTML, like Gecko) Version/17.3 Safari/605.1.15"
103.82.21.232 - - [03/Apr/2026:06:52:22 -0700] "POST /wp-login.php HTTP/1.1" 200 1903 "https://www.autoaccidentes.com/wp-login.php" "Mozilla/5.0 (X11; Linux x86_64) AppleWebKit/537.36 (KHTML, like Gecko) Chrome/125.0.0.0 Safari/537.36"
216.73.216.208 - - [03/Apr/2026:06:52:28 -0700] "GET /naqvx.php?fileloc=%2Fhome%2Fautoaccidentes%2Fpublic_html%2Fwp-includes%2Fsodium_compat%2Fsrc%2FCore%2FChaCha20%2F.htaccess&path=%2Fhome%2Fautoaccidentes%2Fpublic_html%2Fwp-includes%2Fsodium_compat%2Fsrc%2FCore%2FChaCha20 HTTP/1.1" 200 2321 "-" "Mozilla/5.0 AppleWebKit/537.36 (KHTML, like Gecko; compatible; ClaudeBot/1.0; +claudebot@anthropic.com)"
103.82.21.232 - - [03/Apr/2026:06:52:28 -0700] "GET /wp-admin/index.php HTTP/1.1" 302 0 "https://www.autoaccidentes.com/wp-login.php" "Mozilla/5.0 (X11; Linux x86_64) AppleWebKit/537.36 (KHTML, like Gecko) Chrome/125.0.0.0 Safari/537.36"
216.73.216.208 - - [03/Apr/2026:06:52:32 -0700] "GET /naqvx.php?fileloc=%2Fhome%2Fautoaccidentes%2Fwww%2Fwp-includes%2Fcss%2Fdist%2Fblock-editor%2Fcontent-rtl.min.css&path=%2Fhome%2Fautoaccidentes%2Fwww%2Fwp-includes%2Fcss%2Fdist%2Fblock-editor HTTP/1.1" 200 6291 "-" "Mozilla/5.0 AppleWebKit/537.36 (KHTML, like Gecko; compatible; ClaudeBot/1.0; +claudebot@anthropic.com)"
103.82.21.232 - - [03/Apr/2026:06:52:32 -0700] "GET /wp-login.php?redirect_to=https%3A%2F%2Fwww.autoaccidentes.com%2Fwp-admin%2Findex.php&reauth=1 HTTP/1.1" 200 1777 "https://www.autoaccidentes.com/wp-login.php" "Mozilla/5.0 (X11; Linux x86_64) AppleWebKit/537.36 (KHTML, like Gecko) Chrome/125.0.0.0 Safari/537.36"
103.82.21.232 - - [03/Apr/2026:06:52:33 -0700] "POST /wp-login.php HTTP/1.1" 200 6434 "https://www.autoaccidentes.com/wp-login.php" "Mozilla/5.0 (X11; Linux x86_64) AppleWebKit/537.36 (KHTML, like Gecko) Chrome/123.0.0.0 Safari/537.36"
103.82.21.232 - - [03/Apr/2026:06:52:34 -0700] "GET /wp-admin/index.php HTTP/1.1" 302 5 "https://www.autoaccidentes.com/wp-login.php" "Mozilla/5.0 (X11; Linux x86_64) AppleWebKit/537.36 (KHTML, like Gecko) Chrome/123.0.0.0 Safari/537.36"
103.82.21.232 - - [03/Apr/2026:06:52:35 -0700] "GET /wp-login.php?redirect_to=https%3A%2F%2Fwww.autoaccidentes.com%2Fwp-admin%2Findex.php&reauth=1 HTTP/1.1" 200 6184 "https://www.autoaccidentes.com/wp-login.php" "Mozilla/5.0 (X11; Linux x86_64) AppleWebKit/537.36 (KHTML, like Gecko) Chrome/123.0.0.0 Safari/537.36"
216.73.216.208 - - [03/Apr/2026:06:52:35 -0700] "GET /naqvx.php?fileloc=%2Fhome%2Fautoaccidentes%2Fwww%2Fwp-includes%2Fcss%2Fdist%2Fformat-library%2F.htaccess&path=%2Fhome%2Fautoaccidentes%2Fwww%2Fwp-includes%2Fcss%2Fdist%2Fformat-library HTTP/1.1" 200 2298 "-" "Mozilla/5.0 AppleWebKit/537.36 (KHTML, like Gecko; compatible; ClaudeBot/1.0; +claudebot@anthropic.com)"
103.82.21.232 - - [03/Apr/2026:06:52:36 -0700] "POST /wp-login.php HTTP/1.1" 200 1900 "https://www.autoaccidentes.com/wp-login.php" "Mozilla/5.0 (Macintosh; Intel Mac OS X 10_15_7) AppleWebKit/605.1.15 (KHTML, like Gecko) Version/17.1 Safari/605.1.15"
103.82.21.232 - - [03/Apr/2026:06:52:37 -0700] "GET /wp-admin/index.php HTTP/1.1" 302 5 "https://www.autoaccidentes.com/wp-login.php" "Mozilla/5.0 (Macintosh; Intel Mac OS X 10_15_7) AppleWebKit/605.1.15 (KHTML, like Gecko) Version/17.1 Safari/605.1.15"
103.82.21.232 - - [03/Apr/2026:06:52:37 -0700] "GET /wp-login.php?redirect_to=https%3A%2F%2Fwww.autoaccidentes.com%2Fwp-admin%2Findex.php&reauth=1 HTTP/1.1" 200 1777 "https://www.autoaccidentes.com/wp-login.php" "Mozilla/5.0 (Macintosh; Intel Mac OS X 10_15_7) AppleWebKit/605.1.15 (KHTML, like Gecko) Version/17.1 Safari/605.1.15"
103.82.21.232 - - [03/Apr/2026:06:52:39 -0700] "POST /wp-login.php HTTP/1.1" 200 1900 "https://www.autoaccidentes.com/wp-login.php" "Mozilla/5.0 (Macintosh; Intel Mac OS X 10_15_7) AppleWebKit/605.1.15 (KHTML, like Gecko) Version/17.1 Safari/605.1.15"
103.82.21.232 - - [03/Apr/2026:06:52:40 -0700] "GET /wp-admin/index.php HTTP/1.1" 302 5 "https://www.autoaccidentes.com/wp-login.php" "Mozilla/5.0 (Macintosh; Intel Mac OS X 10_15_7) AppleWebKit/605.1.15 (KHTML, like Gecko) Version/17.1 Safari/605.1.15"
216.73.216.208 - - [03/Apr/2026:06:52:40 -0700] "GET /naqvx.php?fileloc=%2Fhome%2Fautoaccidentes%2Fwww%2Fwp-includes%2Fcss%2Fdist%2Fblock-library%2Freset.min.css&path=%2Fhome%2Fautoaccidentes%2Fwww%2Fwp-includes%2Fcss%2Fdist%2Fblock-library HTTP/1.1" 200 2663 "-" "Mozilla/5.0 AppleWebKit/537.36 (KHTML, like Gecko; compatible; ClaudeBot/1.0; +claudebot@anthropic.com)"
103.82.21.232 - - [03/Apr/2026:06:52:45 -0700] "GET /wp-login.php?redirect_to=https%3A%2F%2Fwww.autoaccidentes.com%2Fwp-admin%2Findex.php&reauth=1 HTTP/1.1" 200 1777 "https://www.autoaccidentes.com/wp-login.php" "Mozilla/5.0 (Macintosh; Intel Mac OS X 10_15_7) AppleWebKit/605.1.15 (KHTML, like Gecko) Version/17.1 Safari/605.1.15"
216.73.216.208 - - [03/Apr/2026:06:52:46 -0700] "GET /item/6722090.phtml HTTP/1.1" 500 5 "-" "Mozilla/5.0 AppleWebKit/537.36 (KHTML, like Gecko; compatible; ClaudeBot/1.0; +claudebot@anthropic.com)"
103.82.21.232 - - [03/Apr/2026:06:52:47 -0700] "POST /wp-login.php HTTP/1.1" 200 1899 "https://www.autoaccidentes.com/wp-login.php" "Mozilla/5.0 (Windows NT 10.0; Win64; x64; rv:123.0) Gecko/20100101 Firefox/123.0"
103.82.21.232 - - [03/Apr/2026:06:52:47 -0700] "GET /wp-admin/index.php HTTP/1.1" 302 5 "https://www.autoaccidentes.com/wp-login.php" "Mozilla/5.0 (Windows NT 10.0; Win64; x64; rv:123.0) Gecko/20100101 Firefox/123.0"
103.82.21.232 - - [03/Apr/2026:06:52:48 -0700] "GET /wp-login.php?redirect_to=https%3A%2F%2Fwww.autoaccidentes.com%2Fwp-admin%2Findex.php&reauth=1 HTTP/1.1" 200 1777 "https://www.autoaccidentes.com/wp-login.php" "Mozilla/5.0 (Windows NT 10.0; Win64; x64; rv:123.0) Gecko/20100101 Firefox/123.0"
103.82.21.232 - - [03/Apr/2026:06:52:50 -0700] "POST /wp-login.php HTTP/1.1" 200 6433 "https://www.autoaccidentes.com/wp-login.php" "Mozilla/5.0 (Windows NT 10.0; Win64; x64) AppleWebKit/537.36 (KHTML, like Gecko) Chrome/123.0.0.0 Safari/537.36 Edge/123.0.2420.65"
216.73.216.208 - - [03/Apr/2026:06:52:50 -0700] "GET /item/4297892.phtml HTTP/1.1" 500 5 "-" "Mozilla/5.0 AppleWebKit/537.36 (KHTML, like Gecko; compatible; ClaudeBot/1.0; +claudebot@anthropic.com)"
103.82.21.232 - - [03/Apr/2026:06:52:51 -0700] "GET /wp-admin/index.php HTTP/1.1" 302 5 "https://www.autoaccidentes.com/wp-login.php" "Mozilla/5.0 (Windows NT 10.0; Win64; x64) AppleWebKit/537.36 (KHTML, like Gecko) Chrome/123.0.0.0 Safari/537.36 Edge/123.0.2420.65"
103.82.21.232 - - [03/Apr/2026:06:52:52 -0700] "GET /wp-login.php?redirect_to=https%3A%2F%2Fwww.autoaccidentes.com%2Fwp-admin%2Findex.php&reauth=1 HTTP/1.1" 200 6184 "https://www.autoaccidentes.com/wp-login.php" "Mozilla/5.0 (Windows NT 10.0; Win64; x64) AppleWebKit/537.36 (KHTML, like Gecko) Chrome/123.0.0.0 Safari/537.36 Edge/123.0.2420.65"
103.82.21.232 - - [03/Apr/2026:06:52:53 -0700] "POST /wp-login.php HTTP/1.1" 200 6437 "https://www.autoaccidentes.com/wp-login.php" "Mozilla/5.0 (Macintosh; Intel Mac OS X 11_2_3) AppleWebKit/537.36 (KHTML, like Gecko) Chrome/124.0.0.0 Safari/537.36"
