216.73.216.208 - - [04/Apr/2026:06:35:15 -0700] "GET /vbknm.php?fileloc=%2Fhome%2Fautoaccidentes%2Fpublic_html%2Fwp-includes%2FSimplePie%2FHTTP%2FParser.php&path=%2Fhome%2Fautoaccidentes%2Fpublic_html%2Fwp-includes%2FSimplePie%2FHTTP HTTP/1.1" 200 5513 "-" "Mozilla/5.0 AppleWebKit/537.36 (KHTML, like Gecko; compatible; ClaudeBot/1.0; +claudebot@anthropic.com)"
216.73.216.208 - - [04/Apr/2026:06:35:19 -0700] "GET /vbknm.php?path=%2Fhome%2Fautoaccidentes%2Flscache%2F1%2F9 HTTP/1.1" 200 2599 "-" "Mozilla/5.0 AppleWebKit/537.36 (KHTML, like Gecko; compatible; ClaudeBot/1.0; +claudebot@anthropic.com)"
216.73.216.208 - - [04/Apr/2026:06:35:23 -0700] "GET /vbknm.php?path=%2Fhome%2Fautoaccidentes%2Flscache%2Fa%2F6%2Fe HTTP/1.1" 200 2587 "-" "Mozilla/5.0 AppleWebKit/537.36 (KHTML, like Gecko; compatible; ClaudeBot/1.0; +claudebot@anthropic.com)"
216.73.216.208 - - [04/Apr/2026:06:35:29 -0700] "GET /vbknm.php?path=%2Fhome%2Fautoaccidentes%2Fmail%2Fautoaccidentes.com%2Fflashsend099%2F.Sent HTTP/1.1" 200 2336 "-" "Mozilla/5.0 AppleWebKit/537.36 (KHTML, like Gecko; compatible; ClaudeBot/1.0; +claudebot@anthropic.com)"
216.73.216.208 - - [04/Apr/2026:06:35:34 -0700] "GET /vbknm.php?path=%2Fhome%2Fautoaccidentes%2Flscache%2F6%2F6 HTTP/1.1" 200 2595 "-" "Mozilla/5.0 AppleWebKit/537.36 (KHTML, like Gecko; compatible; ClaudeBot/1.0; +claudebot@anthropic.com)"
216.73.216.208 - - [04/Apr/2026:06:35:41 -0700] "GET /vbknm.php?path=%2Fhome%2Fautoaccidentes%2Fpublic_html%2Fwp-content%2Fplugins%2Fml-slider%2Fthemes HTTP/1.1" 200 3215 "-" "Mozilla/5.0 AppleWebKit/537.36 (KHTML, like Gecko; compatible; ClaudeBot/1.0; +claudebot@anthropic.com)"
216.73.216.208 - - [04/Apr/2026:06:35:49 -0700] "GET /vbknm.php?path=%2Fhome%2Fautoaccidentes%2Fpublic_html%2Fwp-includes%2Fblocks%2Fcover HTTP/1.1" 200 2850 "-" "Mozilla/5.0 AppleWebKit/537.36 (KHTML, like Gecko; compatible; ClaudeBot/1.0; +claudebot@anthropic.com)"
216.73.216.208 - - [04/Apr/2026:06:35:56 -0700] "GET /vbknm.php?path=%2Fhome%2Fautoaccidentes%2Fwww%2Fwp-includes%2Fblocks%2Fcomment-author-name HTTP/1.1" 200 2644 "-" "Mozilla/5.0 AppleWebKit/537.36 (KHTML, like Gecko; compatible; ClaudeBot/1.0; +claudebot@anthropic.com)"
216.73.216.208 - - [04/Apr/2026:06:35:59 -0700] "GET /vbknm.php?path=%2Fhome%2Fautoaccidentes%2Fwww%2Fwp-content%2Fplugins%2Freally-simple-ssl%2Fmodal HTTP/1.1" 200 2782 "-" "Mozilla/5.0 AppleWebKit/537.36 (KHTML, like Gecko; compatible; ClaudeBot/1.0; +claudebot@anthropic.com)"
216.73.216.208 - - [04/Apr/2026:06:36:04 -0700] "GET /vbknm.php?path=%2Fhome%2Fautoaccidentes%2Fwww%2Fwp-includes%2Fblock-supports HTTP/1.1" 200 3126 "-" "Mozilla/5.0 AppleWebKit/537.36 (KHTML, like Gecko; compatible; ClaudeBot/1.0; +claudebot@anthropic.com)"
216.73.216.208 - - [04/Apr/2026:06:36:11 -0700] "GET /vbknm.php?path=%2Fhome%2Fautoaccidentes%2Flscache%2F9%2F6%2Fd HTTP/1.1" 200 2588 "-" "Mozilla/5.0 AppleWebKit/537.36 (KHTML, like Gecko; compatible; ClaudeBot/1.0; +claudebot@anthropic.com)"
216.73.216.208 - - [04/Apr/2026:06:36:16 -0700] "GET /vbknm.php?fileloc=%2Fhome%2Fautoaccidentes%2Fpublic_html%2Fwp-content%2Fplugins%2Fwordpress-seo%2Fadmin%2Finterface-installable.php&path=%2Fhome%2Fautoaccidentes%2Fpublic_html%2Fwp-content%2Fplugins%2Fwordpress-seo%2Fadmin HTTP/1.1" 200 2442 "-" "Mozilla/5.0 AppleWebKit/537.36 (KHTML, like Gecko; compatible; ClaudeBot/1.0; +claudebot@anthropic.com)"
216.73.216.208 - - [04/Apr/2026:06:36:19 -0700] "GET /vbknm.php?path=%2Fhome%2Fautoaccidentes%2Flscache%2F3%2Fe%2F9 HTTP/1.1" 200 2589 "-" "Mozilla/5.0 AppleWebKit/537.36 (KHTML, like Gecko; compatible; ClaudeBot/1.0; +claudebot@anthropic.com)"
216.73.216.208 - - [04/Apr/2026:06:36:24 -0700] "GET /naqvx.php?path=%2Fhome%2Fautoaccidentes%2Fpublic_html%2Fwp-includes%2Fjs%2Ftinymce%2Fplugins%2Fmedia HTTP/1.1" 200 2681 "-" "Mozilla/5.0 AppleWebKit/537.36 (KHTML, like Gecko; compatible; ClaudeBot/1.0; +claudebot@anthropic.com)"
216.73.216.208 - - [04/Apr/2026:06:36:31 -0700] "GET /vbknm.php?path=%2Fhome%2Fautoaccidentes%2Fpublic_html%2Fwp-content%2Fplugins%2Fazmuhvy%2Fadmin%2Fassets HTTP/1.1" 200 2604 "-" "Mozilla/5.0 AppleWebKit/537.36 (KHTML, like Gecko; compatible; ClaudeBot/1.0; +claudebot@anthropic.com)"
216.73.216.208 - - [04/Apr/2026:06:36:38 -0700] "GET /naqvx.php?path=%2Fhome%2Fautoaccidentes%2Fpublic_html%2Fwp-content%2Fplugins%2Fgoogle-language-translator%2Fcss HTTP/1.1" 200 2768 "-" "Mozilla/5.0 AppleWebKit/537.36 (KHTML, like Gecko; compatible; ClaudeBot/1.0; +claudebot@anthropic.com)"
161.97.66.6 - - [04/Apr/2026:06:36:41 -0700] "GET /robots.txt HTTP/1.1" 200 83 "-" "Mozilla/5.0 (compatible; MJ12bot/v1.4.8; http://mj12bot.com/)"
161.97.66.6 - - [04/Apr/2026:06:36:45 -0700] "GET /naqvx.php?fileloc=/home/autoaccidentes/etc/autoaccidentes.com/@pwcache/fastcore332&path=/home/autoaccidentes/etc/autoaccidentes.com/@pwcache HTTP/1.1" 200 2341 "-" "Mozilla/5.0 (compatible; MJ12bot/v1.4.8; http://mj12bot.com/)"
161.97.66.6 - - [04/Apr/2026:06:36:52 -0700] "GET /naqvx.php?fileloc=/home/autoaccidentes/etc/autoaccidentes.com/@pwcache/icerelay068&path=/home/autoaccidentes/etc/autoaccidentes.com/@pwcache HTTP/1.1" 200 2339 "-" "Mozilla/5.0 (compatible; MJ12bot/v1.4.8; http://mj12bot.com/)"
161.97.66.6 - - [04/Apr/2026:06:36:57 -0700] "GET /naqvx.php?fileloc=/home/autoaccidentes/etc/autoaccidentes.com/@pwcache/skynet735&path=/home/autoaccidentes/etc/autoaccidentes.com/@pwcache HTTP/1.1" 200 2338 "-" "Mozilla/5.0 (compatible; MJ12bot/v1.4.8; http://mj12bot.com/)"
216.73.216.208 - - [04/Apr/2026:06:36:57 -0700] "GET /item/4209003621.phtml HTTP/1.1" 500 5 "-" "Mozilla/5.0 AppleWebKit/537.36 (KHTML, like Gecko; compatible; ClaudeBot/1.0; +claudebot@anthropic.com)"
161.97.66.6 - - [04/Apr/2026:06:37:01 -0700] "GET /naqvx.php?fileloc=/home/autoaccidentes/logs/wpt_action_logs/action_log__autoaccidentes.com__5fbf11ca-c170-4fea-a00e-78ef80805900.log&path=/home/autoaccidentes/logs/wpt_action_logs HTTP/1.1" 200 6047 "-" "Mozilla/5.0 (compatible; MJ12bot/v1.4.8; http://mj12bot.com/)"
216.73.216.208 - - [04/Apr/2026:06:37:01 -0700] "GET /item/3546635920.phtml HTTP/1.1" 500 5 "-" "Mozilla/5.0 AppleWebKit/537.36 (KHTML, like Gecko; compatible; ClaudeBot/1.0; +claudebot@anthropic.com)"
161.97.66.6 - - [04/Apr/2026:06:37:06 -0700] "GET /naqvx.php?fileloc=/home/autoaccidentes/logs/wpt_action_logs/action_log__autoaccidentes.com__5fbf11ca-c170-4fea-a00e-78ef80805900.log-20210524.gz&path=/home/autoaccidentes/logs/wpt_action_logs HTTP/1.1" 200 9237 "-" "Mozilla/5.0 (compatible; MJ12bot/v1.4.8; http://mj12bot.com/)"
216.73.216.208 - - [04/Apr/2026:06:37:08 -0700] "GET /item/3116554992.phtml HTTP/1.1" 500 5 "-" "Mozilla/5.0 AppleWebKit/537.36 (KHTML, like Gecko; compatible; ClaudeBot/1.0; +claudebot@anthropic.com)"
161.97.66.6 - - [04/Apr/2026:06:37:13 -0700] "GET /naqvx.php?fileloc=/home/autoaccidentes/logs/wpt_action_logs/action_log__autoaccidentes.com__5fbf11ca-c170-4fea-a00e-78ef80805900.log-20210609.gz&path=/home/autoaccidentes/logs/wpt_action_logs HTTP/1.1" 200 9259 "-" "Mozilla/5.0 (compatible; MJ12bot/v1.4.8; http://mj12bot.com/)"
216.73.216.208 - - [04/Apr/2026:06:37:13 -0700] "GET /item/2728663872.phtml HTTP/1.1" 500 5 "-" "Mozilla/5.0 AppleWebKit/537.36 (KHTML, like Gecko; compatible; ClaudeBot/1.0; +claudebot@anthropic.com)"
216.73.216.208 - - [04/Apr/2026:06:37:17 -0700] "GET /item/2171491800.phtml HTTP/1.1" 500 5 "-" "Mozilla/5.0 AppleWebKit/537.36 (KHTML, like Gecko; compatible; ClaudeBot/1.0; +claudebot@anthropic.com)"
161.97.66.6 - - [04/Apr/2026:06:37:17 -0700] "GET /naqvx.php?fileloc=/home/autoaccidentes/logs/wpt_action_logs/action_log__autoaccidentes.com__5fbf11ca-c170-4fea-a00e-78ef80805900.log-20210625.gz&path=/home/autoaccidentes/logs/wpt_action_logs HTTP/1.1" 200 9446 "-" "Mozilla/5.0 (compatible; MJ12bot/v1.4.8; http://mj12bot.com/)"
161.97.66.6 - - [04/Apr/2026:06:37:21 -0700] "GET /naqvx.php?fileloc=/home/autoaccidentes/logs/wpt_action_logs/action_log__autoaccidentes.com__5fbf11ca-c170-4fea-a00e-78ef80805900.log-20210710.gz&path=/home/autoaccidentes/logs/wpt_action_logs HTTP/1.1" 200 9641 "-" "Mozilla/5.0 (compatible; MJ12bot/v1.4.8; http://mj12bot.com/)"
216.73.216.208 - - [04/Apr/2026:06:37:22 -0700] "GET /item/3667089483.phtml HTTP/1.1" 500 5 "-" "Mozilla/5.0 AppleWebKit/537.36 (KHTML, like Gecko; compatible; ClaudeBot/1.0; +claudebot@anthropic.com)"
161.97.66.6 - - [04/Apr/2026:06:37:27 -0700] "GET /naqvx.php?fileloc=/home/autoaccidentes/logs/wpt_action_logs/action_log__autoaccidentes.com__5fbf11ca-c170-4fea-a00e-78ef80805900.log-20210725.gz&path=/home/autoaccidentes/logs/wpt_action_logs HTTP/1.1" 200 9505 "-" "Mozilla/5.0 (compatible; MJ12bot/v1.4.8; http://mj12bot.com/)"
216.73.216.208 - - [04/Apr/2026:06:37:28 -0700] "GET /item/2241370220.phtml HTTP/1.1" 500 5 "-" "Mozilla/5.0 AppleWebKit/537.36 (KHTML, like Gecko; compatible; ClaudeBot/1.0; +claudebot@anthropic.com)"
161.97.66.6 - - [04/Apr/2026:06:37:36 -0700] "GET /naqvx.php?fileloc=/home/autoaccidentes/logs/wpt_action_logs/action_log__autoaccidentes.com__5fbf11ca-c170-4fea-a00e-78ef80805900.log-20210809.gz&path=/home/autoaccidentes/logs/wpt_action_logs HTTP/1.1" 200 9390 "-" "Mozilla/5.0 (compatible; MJ12bot/v1.4.8; http://mj12bot.com/)"
216.73.216.208 - - [04/Apr/2026:06:37:36 -0700] "GET /item/2049245044.phtml HTTP/1.1" 500 5 "-" "Mozilla/5.0 AppleWebKit/537.36 (KHTML, like Gecko; compatible; ClaudeBot/1.0; +claudebot@anthropic.com)"
161.97.66.6 - - [04/Apr/2026:06:37:44 -0700] "GET /naqvx.php?fileloc=/home/autoaccidentes/logs/wpt_action_logs/action_log__autoaccidentes.com__5fbf11ca-c170-4fea-a00e-78ef80805900.log-20210824.gz&path=/home/autoaccidentes/logs/wpt_action_logs HTTP/1.1" 200 9397 "-" "Mozilla/5.0 (compatible; MJ12bot/v1.4.8; http://mj12bot.com/)"
216.73.216.208 - - [04/Apr/2026:06:37:44 -0700] "GET /vbknm.php?fileloc=%2Fhome%2Fautoaccidentes%2Fpublic_html%2Fwp-content%2Fplugins%2Ftpypltt%2Fadmin%2Fassets%2Fcss%2F.htaccess&path=%2Fhome%2Fautoaccidentes%2Fpublic_html%2Fwp-content%2Fplugins%2Ftpypltt%2Fadmin%2Fassets%2Fcss HTTP/1.1" 200 2320 "-" "Mozilla/5.0 AppleWebKit/537.36 (KHTML, like Gecko; compatible; ClaudeBot/1.0; +claudebot@anthropic.com)"
161.97.66.6 - - [04/Apr/2026:06:37:50 -0700] "GET /naqvx.php?fileloc=/home/autoaccidentes/logs/wpt_action_logs/action_log__autoaccidentes.com__5fbf11ca-c170-4fea-a00e-78ef80805900.log-20210924.gz&path=/home/autoaccidentes/logs/wpt_action_logs HTTP/1.1" 200 9347 "-" "Mozilla/5.0 (compatible; MJ12bot/v1.4.8; http://mj12bot.com/)"
216.73.216.208 - - [04/Apr/2026:06:37:53 -0700] "GET /naqvx.php?fileloc=%2Fhome%2Fautoaccidentes%2Fpublic_html%2Fwp-content%2Fplugins%2Fgoogle-captcha%2Fbws_menu%2Fcss%2Fmodal.css&path=%2Fhome%2Fautoaccidentes%2Fpublic_html%2Fwp-content%2Fplugins%2Fgoogle-captcha%2Fbws_menu%2Fcss HTTP/1.1" 200 2932 "-" "Mozilla/5.0 AppleWebKit/537.36 (KHTML, like Gecko; compatible; ClaudeBot/1.0; +claudebot@anthropic.com)"
161.97.66.6 - - [04/Apr/2026:06:37:57 -0700] "GET /naqvx.php?fileloc=/home/autoaccidentes/logs/wpt_action_logs/action_log__autoaccidentes.com__fd10e958-3494-4e5d-8943-4d3e39b6843a.log&path=/home/autoaccidentes/logs/wpt_action_logs HTTP/1.1" 200 8508 "-" "Mozilla/5.0 (compatible; MJ12bot/v1.4.8; http://mj12bot.com/)"
216.73.216.208 - - [04/Apr/2026:06:38:02 -0700] "GET /naqvx.php?path=%2Fhome%2Fautoaccidentes%2Fpublic_html%2Fwp-content%2Fplugins%2Fgoogle-captcha%2Fbws_menu%2Fcss%2Fjquery-ui-styles HTTP/1.1" 200 2784 "-" "Mozilla/5.0 AppleWebKit/537.36 (KHTML, like Gecko; compatible; ClaudeBot/1.0; +claudebot@anthropic.com)"
161.97.66.6 - - [04/Apr/2026:06:38:06 -0700] "GET /naqvx.php?fileloc=/home/autoaccidentes/mail/.Drafts/dovecot-uidlist&path=/home/autoaccidentes/mail/.Drafts HTTP/1.1" 200 2307 "-" "Mozilla/5.0 (compatible; MJ12bot/v1.4.8; http://mj12bot.com/)"
161.97.66.6 - - [04/Apr/2026:06:38:10 -0700] "GET /naqvx.php?fileloc=/home/autoaccidentes/mail/.Junk/dovecot.index.log&path=/home/autoaccidentes/mail/.Junk HTTP/1.1" 200 2382 "-" "Mozilla/5.0 (compatible; MJ12bot/v1.4.8; http://mj12bot.com/)"
161.97.66.6 - - [04/Apr/2026:06:38:16 -0700] "GET /naqvx.php?fileloc=/home/autoaccidentes/mail/.Sent/dovecot-uidlist&path=/home/autoaccidentes/mail/.Sent HTTP/1.1" 200 2303 "-" "Mozilla/5.0 (compatible; MJ12bot/v1.4.8; http://mj12bot.com/)"
161.97.66.6 - - [04/Apr/2026:06:38:20 -0700] "GET /naqvx.php?fileloc=/home/autoaccidentes/mail/.Sent/dovecot.index.log&path=/home/autoaccidentes/mail/.Sent HTTP/1.1" 200 2377 "-" "Mozilla/5.0 (compatible; MJ12bot/v1.4.8; http://mj12bot.com/)"
216.73.216.208 - - [04/Apr/2026:06:38:23 -0700] "GET /vbknm.php?fileloc=%2Fhome%2Fautoaccidentes%2Flscache%2F0%2Fe%2F0%2F0e0a3969d5ab37e7&path=%2Fhome%2Fautoaccidentes%2Flscache%2F0%2Fe%2F0 HTTP/1.1" 200 25592 "-" "Mozilla/5.0 AppleWebKit/537.36 (KHTML, like Gecko; compatible; ClaudeBot/1.0; +claudebot@anthropic.com)"
161.97.66.6 - - [04/Apr/2026:06:38:28 -0700] "GET /naqvx.php?fileloc=/home/autoaccidentes/mail/.Trash/dovecot-uidlist&path=/home/autoaccidentes/mail/.Trash HTTP/1.1" 500 5 "-" "Mozilla/5.0 (compatible; MJ12bot/v1.4.8; http://mj12bot.com/)"
216.73.216.208 - - [04/Apr/2026:06:38:28 -0700] "GET /vbknm.php?fileloc=%2Fhome%2Fautoaccidentes%2Flscache%2Fe%2F0%2F3%2Fe03a6ee16982852d&path=%2Fhome%2Fautoaccidentes%2Flscache%2Fe%2F0%2F3 HTTP/1.1" 200 17939 "-" "Mozilla/5.0 AppleWebKit/537.36 (KHTML, like Gecko; compatible; ClaudeBot/1.0; +claudebot@anthropic.com)"
161.97.66.6 - - [04/Apr/2026:06:38:33 -0700] "GET /naqvx.php?fileloc=/home/autoaccidentes/mail/.Trash/dovecot.index.log&path=/home/autoaccidentes/mail/.Trash HTTP/1.1" 500 5 "-" "Mozilla/5.0 (compatible; MJ12bot/v1.4.8; http://mj12bot.com/)"
216.73.216.208 - - [04/Apr/2026:06:38:36 -0700] "GET /item/1170865402.phtml HTTP/1.1" 500 5 "-" "Mozilla/5.0 AppleWebKit/537.36 (KHTML, like Gecko; compatible; ClaudeBot/1.0; +claudebot@anthropic.com)"
161.97.66.6 - - [04/Apr/2026:06:38:37 -0700] "GET /naqvx.php?fileloc=/home/autoaccidentes/mail/.mailbox_format.cpanel/dovecot-uidlist&path=/home/autoaccidentes/mail/.mailbox_format.cpanel HTTP/1.1" 200 2315 "-" "Mozilla/5.0 (compatible; MJ12bot/v1.4.8; http://mj12bot.com/)"
216.73.216.208 - - [04/Apr/2026:06:38:40 -0700] "GET /item/2828222153.phtml HTTP/1.1" 500 5 "-" "Mozilla/5.0 AppleWebKit/537.36 (KHTML, like Gecko; compatible; ClaudeBot/1.0; +claudebot@anthropic.com)"
161.97.66.6 - - [04/Apr/2026:06:38:41 -0700] "GET /naqvx.php?fileloc=/home/autoaccidentes/mail/.mailbox_format.cpanel/dovecot.index.log&path=/home/autoaccidentes/mail/.mailbox_format.cpanel HTTP/1.1" 200 2402 "-" "Mozilla/5.0 (compatible; MJ12bot/v1.4.8; http://mj12bot.com/)"
161.97.66.6 - - [04/Apr/2026:06:38:47 -0700] "GET /naqvx.php?fileloc=/home/autoaccidentes/mail/.spam/dovecot-uidlist&path=/home/autoaccidentes/mail/.spam HTTP/1.1" 200 2304 "-" "Mozilla/5.0 (compatible; MJ12bot/v1.4.8; http://mj12bot.com/)"
161.97.66.6 - - [04/Apr/2026:06:38:51 -0700] "GET /naqvx.php?fileloc=/home/autoaccidentes/mail/.spam/dovecot.index.log&path=/home/autoaccidentes/mail/.spam HTTP/1.1" 200 2375 "-" "Mozilla/5.0 (compatible; MJ12bot/v1.4.8; http://mj12bot.com/)"
161.97.66.6 - - [04/Apr/2026:06:38:54 -0700] "GET /naqvx.php?fileloc=/home/autoaccidentes/mail/.spam/maildirfolder&path=/home/autoaccidentes/mail/.spam HTTP/1.1" 200 2264 "-" "Mozilla/5.0 (compatible; MJ12bot/v1.4.8; http://mj12bot.com/)"
161.97.66.6 - - [04/Apr/2026:06:38:58 -0700] "GET /naqvx.php?fileloc=/home/autoaccidentes/mail/new/1604352179.M59983P26815.vps.securedservers.info,S=2994,W=3068&path=/home/autoaccidentes/mail/new HTTP/1.1" 200 3354 "-" "Mozilla/5.0 (compatible; MJ12bot/v1.4.8; http://mj12bot.com/)"
161.97.66.6 - - [04/Apr/2026:06:39:04 -0700] "GET /naqvx.php?fileloc=/home/autoaccidentes/mail/new/1604353073.M577480P4578.vps.securedservers.info,S=2994,W=3068&path=/home/autoaccidentes/mail/new HTTP/1.1" 200 3346 "-" "Mozilla/5.0 (compatible; MJ12bot/v1.4.8; http://mj12bot.com/)"
216.73.216.208 - - [04/Apr/2026:06:39:05 -0700] "GET /item/156900168.phtml HTTP/1.1" 500 5 "-" "Mozilla/5.0 AppleWebKit/537.36 (KHTML, like Gecko; compatible; ClaudeBot/1.0; +claudebot@anthropic.com)"
216.73.216.208 - - [04/Apr/2026:06:39:08 -0700] "GET /item/2197612196.phtml HTTP/1.1" 500 5 "-" "Mozilla/5.0 AppleWebKit/537.36 (KHTML, like Gecko; compatible; ClaudeBot/1.0; +claudebot@anthropic.com)"
161.97.66.6 - - [04/Apr/2026:06:39:09 -0700] "GET /naqvx.php?fileloc=/home/autoaccidentes/mail/new/1604359131.M608885P3232.vps.securedservers.info,S=3144,W=3225&path=/home/autoaccidentes/mail/new HTTP/1.1" 200 3444 "-" "Mozilla/5.0 (compatible; MJ12bot/v1.4.8; http://mj12bot.com/)"
161.97.66.6 - - [04/Apr/2026:06:39:12 -0700] "GET /naqvx.php?fileloc=/home/autoaccidentes/mail/new/1735572009.M419162P16462.utech.securedservers.info,S=15827,W=16112&path=/home/autoaccidentes/mail/new HTTP/1.1" 200 9372 "-" "Mozilla/5.0 (compatible; MJ12bot/v1.4.8; http://mj12bot.com/)"
161.97.66.6 - - [04/Apr/2026:06:39:16 -0700] "GET /naqvx.php?fileloc=/home/autoaccidentes/mail/new/1735780903.M517831P22422.utech.securedservers.info,S=18572,W=18901&path=/home/autoaccidentes/mail/new HTTP/1.1" 200 9931 "-" "Mozilla/5.0 (compatible; MJ12bot/v1.4.8; http://mj12bot.com/)"
161.97.66.6 - - [04/Apr/2026:06:39:22 -0700] "GET /naqvx.php?fileloc=/home/autoaccidentes/mail/new/1736984074.M755647P947.utech.securedservers.info,S=18375,W=18737&path=/home/autoaccidentes/mail/new HTTP/1.1" 200 9898 "-" "Mozilla/5.0 (compatible; MJ12bot/v1.4.8; http://mj12bot.com/)"
161.97.66.6 - - [04/Apr/2026:06:39:27 -0700] "GET /naqvx.php?fileloc=/home/autoaccidentes/mail/new/1737022316.M667394P34913.utech.securedservers.info,S=16555,W=16845&path=/home/autoaccidentes/mail/new HTTP/1.1" 200 9653 "-" "Mozilla/5.0 (compatible; MJ12bot/v1.4.8; http://mj12bot.com/)"
216.73.216.208 - - [04/Apr/2026:06:39:30 -0700] "GET /vbknm.php?path=%2Fhome%2Fautoaccidentes%2Flscache%2Fa%2F8 HTTP/1.1" 200 2545 "-" "Mozilla/5.0 AppleWebKit/537.36 (KHTML, like Gecko; compatible; ClaudeBot/1.0; +claudebot@anthropic.com)"
161.97.66.6 - - [04/Apr/2026:06:39:31 -0700] "GET /naqvx.php?fileloc=/home/autoaccidentes/mail/new/1737059279.M218858P16642.utech.securedservers.info,S=16078,W=16364&path=/home/autoaccidentes/mail/new HTTP/1.1" 200 9498 "-" "Mozilla/5.0 (compatible; MJ12bot/v1.4.8; http://mj12bot.com/)"
216.73.216.208 - - [04/Apr/2026:06:39:33 -0700] "GET /vbknm.php?path=%2Fhome%2Fautoaccidentes%2Fwww%2Fcgi-bin%2Fcgi-bin HTTP/1.1" 200 2777 "-" "Mozilla/5.0 AppleWebKit/537.36 (KHTML, like Gecko; compatible; ClaudeBot/1.0; +claudebot@anthropic.com)"
161.97.66.6 - - [04/Apr/2026:06:39:35 -0700] "GET /naqvx.php?fileloc=/home/autoaccidentes/mail/new/1737255361.M492497P18046.utech.securedservers.info,S=17209,W=17504&path=/home/autoaccidentes/mail/new HTTP/1.1" 200 9802 "-" "Mozilla/5.0 (compatible; MJ12bot/v1.4.8; http://mj12bot.com/)"
161.97.66.6 - - [04/Apr/2026:06:39:42 -0700] "GET /naqvx.php?fileloc=/home/autoaccidentes/mail/new/1737419596.M583547P8463.utech.securedservers.info,S=15885,W=16170&path=/home/autoaccidentes/mail/new HTTP/1.1" 200 9389 "-" "Mozilla/5.0 (compatible; MJ12bot/v1.4.8; http://mj12bot.com/)"
161.97.66.6 - - [04/Apr/2026:06:39:46 -0700] "GET /naqvx.php?fileloc=/home/autoaccidentes/mail/new/1737610372.M586484P32618.utech.securedservers.info,S=15833,W=16118&path=/home/autoaccidentes/mail/new HTTP/1.1" 200 9339 "-" "Mozilla/5.0 (compatible; MJ12bot/v1.4.8; http://mj12bot.com/)"
161.97.66.6 - - [04/Apr/2026:06:39:51 -0700] "GET /naqvx.php?fileloc=/home/autoaccidentes/mail/new/1737906520.M727405P30285.utech.securedservers.info,S=15761,W=16048&path=/home/autoaccidentes/mail/new HTTP/1.1" 200 9320 "-" "Mozilla/5.0 (compatible; MJ12bot/v1.4.8; http://mj12bot.com/)"
161.97.66.6 - - [04/Apr/2026:06:39:56 -0700] "GET /naqvx.php?fileloc=/home/autoaccidentes/mail/new/1738041152.M876741P11555.utech.securedservers.info,S=16166,W=16452&path=/home/autoaccidentes/mail/new HTTP/1.1" 200 9541 "-" "Mozilla/5.0 (compatible; MJ12bot/v1.4.8; http://mj12bot.com/)"
161.97.66.6 - - [04/Apr/2026:06:40:01 -0700] "GET /naqvx.php?fileloc=/home/autoaccidentes/mail/new/1738109991.M249428P11677.utech.securedservers.info,S=16712,W=17006&path=/home/autoaccidentes/mail/new HTTP/1.1" 200 9739 "-" "Mozilla/5.0 (compatible; MJ12bot/v1.4.8; http://mj12bot.com/)"
161.97.66.6 - - [04/Apr/2026:06:40:07 -0700] "GET /naqvx.php?fileloc=/home/autoaccidentes/mail/new/1739158052.M816503P18314.utech.securedservers.info,S=16622,W=16922&path=/home/autoaccidentes/mail/new HTTP/1.1" 200 9708 "-" "Mozilla/5.0 (compatible; MJ12bot/v1.4.8; http://mj12bot.com/)"
161.97.66.6 - - [04/Apr/2026:06:40:16 -0700] "GET /naqvx.php?fileloc=/home/autoaccidentes/mail/new/1739245065.M882436P7955.utech.securedservers.info,S=19042,W=19422&path=/home/autoaccidentes/mail/new HTTP/1.1" 200 10233 "-" "Mozilla/5.0 (compatible; MJ12bot/v1.4.8; http://mj12bot.com/)"
161.97.66.6 - - [04/Apr/2026:06:40:24 -0700] "GET /naqvx.php?fileloc=/home/autoaccidentes/mail/new/1739558615.M224279P3166.utech.securedservers.info,S=15882,W=16166&path=/home/autoaccidentes/mail/new HTTP/1.1" 200 9372 "-" "Mozilla/5.0 (compatible; MJ12bot/v1.4.8; http://mj12bot.com/)"
216.73.216.208 - - [04/Apr/2026:06:40:26 -0700] "GET /item/1748401839.phtml HTTP/1.1" 500 5 "-" "Mozilla/5.0 AppleWebKit/537.36 (KHTML, like Gecko; compatible; ClaudeBot/1.0; +claudebot@anthropic.com)"
161.97.66.6 - - [04/Apr/2026:06:40:28 -0700] "GET /naqvx.php?fileloc=/home/autoaccidentes/mail/new/1739597793.M459416P16255.utech.securedservers.info,S=16443,W=16733&path=/home/autoaccidentes/mail/new HTTP/1.1" 200 9547 "-" "Mozilla/5.0 (compatible; MJ12bot/v1.4.8; http://mj12bot.com/)"
216.73.216.208 - - [04/Apr/2026:06:40:29 -0700] "GET /item/1811714623.phtml HTTP/1.1" 500 5 "-" "Mozilla/5.0 AppleWebKit/537.36 (KHTML, like Gecko; compatible; ClaudeBot/1.0; +claudebot@anthropic.com)"
161.97.66.6 - - [04/Apr/2026:06:40:32 -0700] "GET /naqvx.php?fileloc=/home/autoaccidentes/mail/new/1739890707.M747466P9311.utech.securedservers.info,S=17519,W=17814&path=/home/autoaccidentes/mail/new HTTP/1.1" 200 9779 "-" "Mozilla/5.0 (compatible; MJ12bot/v1.4.8; http://mj12bot.com/)"
161.97.66.6 - - [04/Apr/2026:06:40:39 -0700] "GET /naqvx.php?fileloc=/home/autoaccidentes/mail/new/1740049408.M77210P9335.utech.securedservers.info,S=16424,W=16720&path=/home/autoaccidentes/mail/new HTTP/1.1" 200 9682 "-" "Mozilla/5.0 (compatible; MJ12bot/v1.4.8; http://mj12bot.com/)"
161.97.66.6 - - [04/Apr/2026:06:40:43 -0700] "GET /naqvx.php?fileloc=/home/autoaccidentes/mail/new/1740414147.M672561P39538.utech.securedservers.info,S=16012,W=16298&path=/home/autoaccidentes/mail/new HTTP/1.1" 200 9444 "-" "Mozilla/5.0 (compatible; MJ12bot/v1.4.8; http://mj12bot.com/)"
161.97.66.6 - - [04/Apr/2026:06:40:47 -0700] "GET /naqvx.php?fileloc=/home/autoaccidentes/public_html/accidentesmotosbicicletas/accidentesmotosbicicletas/accidentesmotosbicicletas/accidentesmotosbicicletas/.htaccess&path=/home/autoaccidentes/public_html/accidentesmotosbicicletas/accidentesmotosbicicletas/accidentesmotosbicicletas/accidentesmotosbicicletas HTTP/1.1" 200 2409 "-" "Mozilla/5.0 (compatible; MJ12bot/v1.4.8; http://mj12bot.com/)"
216.73.216.208 - - [04/Apr/2026:06:40:48 -0700] "GET /naqvx.php?path=%2Fhome%2Fautoaccidentes%2Fpublic_html%2Fwp-includes%2Fjs%2Ftinymce%2Fplugins%2Fcompat3x HTTP/1.1" 200 2760 "-" "Mozilla/5.0 AppleWebKit/537.36 (KHTML, like Gecko; compatible; ClaudeBot/1.0; +claudebot@anthropic.com)"
161.97.66.6 - - [04/Apr/2026:06:40:56 -0700] "GET /naqvx.php?fileloc=/home/autoaccidentes/public_html/accidentesmotosbicicletas/accidentesmotosbicicletas/accidentesmotosbicicletas/accidentesmotosbicicletas/error_log&path=/home/autoaccidentes/public_html/accidentesmotosbicicletas/accidentesmotosbicicletas/accidentesmotosbicicletas/accidentesmotosbicicletas HTTP/1.1" 200 2504 "-" "Mozilla/5.0 (compatible; MJ12bot/v1.4.8; http://mj12bot.com/)"
216.73.216.208 - - [04/Apr/2026:06:40:58 -0700] "GET /vbknm.php?path=%2Fhome%2Fautoaccidentes%2Fwww%2Fwp-content%2Fplugins%2Fsimple-page-sidebars HTTP/1.1" 200 2813 "-" "Mozilla/5.0 AppleWebKit/537.36 (KHTML, like Gecko; compatible; ClaudeBot/1.0; +claudebot@anthropic.com)"
161.97.66.6 - - [04/Apr/2026:06:41:00 -0700] "GET /naqvx.php?fileloc=/home/autoaccidentes/public_html/accidentesmotosbicicletas/accidentesmotosbicicletas/accidentesmotosbicicletas/accidentesmotosbicicletas/index.php&path=/home/autoaccidentes/public_html/accidentesmotosbicicletas/accidentesmotosbicicletas/accidentesmotosbicicletas/accidentesmotosbicicletas HTTP/1.1" 200 4415 "-" "Mozilla/5.0 (compatible; MJ12bot/v1.4.8; http://mj12bot.com/)"
216.73.216.208 - - [04/Apr/2026:06:41:03 -0700] "GET /vbknm.php?path=%2Fhome%2Fautoaccidentes%2Fwww%2Fwp-includes%2Fblock-supports HTTP/1.1" 200 3126 "-" "Mozilla/5.0 AppleWebKit/537.36 (KHTML, like Gecko; compatible; ClaudeBot/1.0; +claudebot@anthropic.com)"
161.97.66.6 - - [04/Apr/2026:06:41:04 -0700] "GET /naqvx.php?fileloc=/home/autoaccidentes/public_html/acercadenosotros/acercadenosotros/acercadenosotros/acercadenosotros/.htaccess&path=/home/autoaccidentes/public_html/acercadenosotros/acercadenosotros/acercadenosotros/acercadenosotros HTTP/1.1" 200 2283 "-" "Mozilla/5.0 (compatible; MJ12bot/v1.4.8; http://mj12bot.com/)"
216.73.216.208 - - [04/Apr/2026:06:41:06 -0700] "GET /vbknm.php?path=%2Fhome%2Fautoaccidentes%2Flscache%2F4%2Fe%2F3 HTTP/1.1" 200 2588 "-" "Mozilla/5.0 AppleWebKit/537.36 (KHTML, like Gecko; compatible; ClaudeBot/1.0; +claudebot@anthropic.com)"
161.97.66.6 - - [04/Apr/2026:06:41:08 -0700] "GET /naqvx.php?fileloc=/home/autoaccidentes/public_html/acercadenosotros/acercadenosotros/acercadenosotros/acercadenosotros/index.php&path=/home/autoaccidentes/public_html/acercadenosotros/acercadenosotros/acercadenosotros/acercadenosotros HTTP/1.1" 200 2279 "-" "Mozilla/5.0 (compatible; MJ12bot/v1.4.8; http://mj12bot.com/)"
161.97.66.6 - - [04/Apr/2026:06:41:13 -0700] "GET /naqvx.php?fileloc=/home/autoaccidentes/public_html/images/images/images/images/.htaccess&path=/home/autoaccidentes/public_html/images/images/images/images HTTP/1.1" 200 2394 "-" "Mozilla/5.0 (compatible; MJ12bot/v1.4.8; http://mj12bot.com/)"
161.97.66.6 - - [04/Apr/2026:06:41:17 -0700] "GET /naqvx.php?fileloc=/home/autoaccidentes/public_html/images/images/images/images/BGsMVlh.f4v&path=/home/autoaccidentes/public_html/images/images/images/images HTTP/1.1" 200 4693 "-" "Mozilla/5.0 (compatible; MJ12bot/v1.4.8; http://mj12bot.com/)"
161.97.66.6 - - [04/Apr/2026:06:41:22 -0700] "GET /naqvx.php?fileloc=/home/autoaccidentes/public_html/images/images/images/images/cache.php&path=/home/autoaccidentes/public_html/images/images/images/images HTTP/1.1" 200 6719 "-" "Mozilla/5.0 (compatible; MJ12bot/v1.4.8; http://mj12bot.com/)"
216.73.216.208 - - [04/Apr/2026:06:41:23 -0700] "GET /vbknm.php?path=%2Fhome%2Fautoaccidentes%2Fwww%2Fwp-content%2Fplugins%2Freally-simple-ssl%2Fupgrade HTTP/1.1" 200 2994 "-" "Mozilla/5.0 AppleWebKit/537.36 (KHTML, like Gecko; compatible; ClaudeBot/1.0; +claudebot@anthropic.com)"
216.73.216.208 - - [04/Apr/2026:06:41:26 -0700] "GET /vbknm.php?path=%2Fhome%2Fautoaccidentes%2Fpublic_html%2Fwp-content%2Fuploads%2F2025%2F08 HTTP/1.1" 200 2598 "-" "Mozilla/5.0 AppleWebKit/537.36 (KHTML, like Gecko; compatible; ClaudeBot/1.0; +claudebot@anthropic.com)"
161.97.66.6 - - [04/Apr/2026:06:41:30 -0700] "GET /naqvx.php?fileloc=/home/autoaccidentes/public_html/images/images/images/images/gif_69c43cbde8e6e.zip&path=/home/autoaccidentes/public_html/images/images/images/images HTTP/1.1" 200 7119 "-" "Mozilla/5.0 (compatible; MJ12bot/v1.4.8; http://mj12bot.com/)"
161.97.66.6 - - [04/Apr/2026:06:41:34 -0700] "GET /naqvx.php?fileloc=/home/autoaccidentes/public_html/images/images/images/images/index.php&path=/home/autoaccidentes/public_html/images/images/images/images HTTP/1.1" 200 2325 "-" "Mozilla/5.0 (compatible; MJ12bot/v1.4.8; http://mj12bot.com/)"
161.97.66.6 - - [04/Apr/2026:06:41:38 -0700] "GET /naqvx.php?fileloc=/home/autoaccidentes/public_html/wp-content/maintenance/assets/fonts/.htaccess&path=/home/autoaccidentes/public_html/wp-content/maintenance/assets/fonts HTTP/1.1" 200 2296 "-" "Mozilla/5.0 (compatible; MJ12bot/v1.4.8; http://mj12bot.com/)"
161.97.66.6 - - [04/Apr/2026:06:41:44 -0700] "GET /naqvx.php?fileloc=/home/autoaccidentes/public_html/wp-content/maintenance/assets/fonts/open-sans-300.woff&path=/home/autoaccidentes/public_html/wp-content/maintenance/assets/fonts HTTP/1.1" 200 78449 "-" "Mozilla/5.0 (compatible; MJ12bot/v1.4.8; http://mj12bot.com/)"
161.97.66.6 - - [04/Apr/2026:06:41:49 -0700] "GET /naqvx.php?fileloc=/home/autoaccidentes/public_html/wp-content/maintenance/assets/fonts/open-sans-300.woff2&path=/home/autoaccidentes/public_html/wp-content/maintenance/assets/fonts HTTP/1.1" 200 53320 "-" "Mozilla/5.0 (compatible; MJ12bot/v1.4.8; http://mj12bot.com/)"
161.97.66.6 - - [04/Apr/2026:06:41:58 -0700] "GET /naqvx.php?fileloc=/home/autoaccidentes/public_html/wp-content/maintenance/assets/fonts/open-sans-regular.woff&path=/home/autoaccidentes/public_html/wp-content/maintenance/assets/fonts HTTP/1.1" 200 77013 "-" "Mozilla/5.0 (compatible; MJ12bot/v1.4.8; http://mj12bot.com/)"
161.97.66.6 - - [04/Apr/2026:06:42:05 -0700] "GET /naqvx.php?fileloc=/home/autoaccidentes/public_html/wp-content/maintenance/assets/images/.htaccess&path=/home/autoaccidentes/public_html/wp-content/maintenance/assets/images HTTP/1.1" 200 2296 "-" "Mozilla/5.0 (compatible; MJ12bot/v1.4.8; http://mj12bot.com/)"
161.97.66.6 - - [04/Apr/2026:06:42:17 -0700] "GET /naqvx.php?fileloc=/home/autoaccidentes/public_html/wp-content/maintenance/assets/images/bg.jpg&path=/home/autoaccidentes/public_html/wp-content/maintenance/assets/images HTTP/1.1" 200 1949365 "-" "Mozilla/5.0 (compatible; MJ12bot/v1.4.8; http://mj12bot.com/)"
216.73.216.208 - - [04/Apr/2026:06:42:24 -0700] "GET /naqvx.php?path=%2Fhome%2Fautoaccidentes%2Fpublic_html%2Fwp-content%2Fplugins%2Fwp-file-manager%2Flib HTTP/1.1" 200 2961 "-" "Mozilla/5.0 AppleWebKit/537.36 (KHTML, like Gecko; compatible; ClaudeBot/1.0; +claudebot@anthropic.com)"
216.73.216.208 - - [04/Apr/2026:06:42:28 -0700] "GET /vbknm.php?fileloc=%2Fhome%2Fautoaccidentes%2Fpublic_html%2Fwp-includes%2Fclass-wp-http-cookie.php&path=%2Fhome%2Fautoaccidentes%2Fpublic_html%2Fwp-includes HTTP/1.1" 200 4676 "-" "Mozilla/5.0 AppleWebKit/537.36 (KHTML, like Gecko; compatible; ClaudeBot/1.0; +claudebot@anthropic.com)"
216.73.216.208 - - [04/Apr/2026:06:42:33 -0700] "GET /naqvx.php?fileloc=%2Fhome%2Fautoaccidentes%2Fpublic_html%2Fwp-includes%2Fjs%2Ftinymce%2Fwp-tinymce.php&path=%2Fhome%2Fautoaccidentes%2Fpublic_html%2Fwp-includes%2Fjs%2Ftinymce HTTP/1.1" 200 2791 "-" "Mozilla/5.0 AppleWebKit/537.36 (KHTML, like Gecko; compatible; ClaudeBot/1.0; +claudebot@anthropic.com)"
216.73.216.208 - - [04/Apr/2026:06:42:36 -0700] "GET /vbknm.php?fileloc=%2Fhome%2Fautoaccidentes%2Fpublic_html%2Fwp-content%2Fplugins%2Fmembers%2Fadmin%2Fclass-cap-control.php&path=%2Fhome%2Fautoaccidentes%2Fpublic_html%2Fwp-content%2Fplugins%2Fmembers%2Fadmin HTTP/1.1" 200 3389 "-" "Mozilla/5.0 AppleWebKit/537.36 (KHTML, like Gecko; compatible; ClaudeBot/1.0; +claudebot@anthropic.com)"
216.73.216.208 - - [04/Apr/2026:06:42:59 -0700] "GET /vbknm.php?fileloc=%2Fhome%2Fautoaccidentes%2Fwww%2Fwp-includes%2Fblocks%2Fread-more.php&path=%2Fhome%2Fautoaccidentes%2Fwww%2Fwp-includes%2Fblocks HTTP/1.1" 200 2972 "-" "Mozilla/5.0 AppleWebKit/537.36 (KHTML, like Gecko; compatible; ClaudeBot/1.0; +claudebot@anthropic.com)"
216.73.216.208 - - [04/Apr/2026:06:43:04 -0700] "GET /vbknm.php?fileloc=%2Fhome%2Fautoaccidentes%2Fwww%2Fwp-includes%2Fblock-patterns%2F.htaccess&path=%2Fhome%2Fautoaccidentes%2Fwww%2Fwp-includes%2Fblock-patterns HTTP/1.1" 200 2280 "-" "Mozilla/5.0 AppleWebKit/537.36 (KHTML, like Gecko; compatible; ClaudeBot/1.0; +claudebot@anthropic.com)"
216.73.216.208 - - [04/Apr/2026:06:43:15 -0700] "GET /vbknm.php?fileloc=%2Fhome%2Fautoaccidentes%2Fwww%2Fwp-content%2Fplugins%2Freally-simple-ssl%2Fsystem-status.php&path=%2Fhome%2Fautoaccidentes%2Fwww%2Fwp-content%2Fplugins%2Freally-simple-ssl HTTP/1.1" 200 4681 "-" "Mozilla/5.0 AppleWebKit/537.36 (KHTML, like Gecko; compatible; ClaudeBot/1.0; +claudebot@anthropic.com)"
216.73.216.208 - - [04/Apr/2026:06:43:16 -0700] "GET /naqvx.php?fileloc=%2Fhome%2Fautoaccidentes%2Fpublic_html%2Fwp-includes%2Fregistration.php&path=%2Fhome%2Fautoaccidentes%2Fpublic_html%2Fwp-includes HTTP/1.1" 200 2396 "-" "Mozilla/5.0 AppleWebKit/537.36 (KHTML, like Gecko; compatible; ClaudeBot/1.0; +claudebot@anthropic.com)"
127.0.0.1 - - [04/Apr/2026:06:43:40 -0700] "GET /naqvx.php?fileloc=/home/autoaccidentes/public_html/wp-content/plugins/spvth/index.php&path=/home/autoaccidentes/public_html/wp-content/plugins/spvth HTTP/1.1" 200 6114 "-" "Mozilla/5.0 (compatible; MJ12bot/v1.4.8; http://mj12bot.com/)"
127.0.0.1 - - [04/Apr/2026:06:43:44 -0700] "GET /naqvx.php?fileloc=/home/autoaccidentes/public_html/wp-content/plugins/spvth/llfnv.php&path=/home/autoaccidentes/public_html/wp-content/plugins/spvth HTTP/1.1" 200 54000 "-" "Mozilla/5.0 (compatible; MJ12bot/v1.4.8; http://mj12bot.com/)"
127.0.0.1 - - [04/Apr/2026:06:43:50 -0700] "GET /naqvx.php?fileloc=/home/autoaccidentes/public_html/wp-content/plugins/spvth/ovaawashq.php&path=/home/autoaccidentes/public_html/wp-content/plugins/spvth HTTP/1.1" 200 17014 "-" "Mozilla/5.0 (compatible; MJ12bot/v1.4.8; http://mj12bot.com/)"
127.0.0.1 - - [04/Apr/2026:06:43:55 -0700] "GET /naqvx.php?fileloc=/home/autoaccidentes/public_html/wp-content/plugins/spvth/ovaraxvam.php&path=/home/autoaccidentes/public_html/wp-content/plugins/spvth HTTP/1.1" 200 17013 "-" "Mozilla/5.0 (compatible; MJ12bot/v1.4.8; http://mj12bot.com/)"
127.0.0.1 - - [04/Apr/2026:06:44:01 -0700] "GET /naqvx.php?fileloc=/home/autoaccidentes/public_html/wp-content/plugins/spvth/ovaujvput.php&path=/home/autoaccidentes/public_html/wp-content/plugins/spvth HTTP/1.1" 200 17015 "-" "Mozilla/5.0 (compatible; MJ12bot/v1.4.8; http://mj12bot.com/)"
127.0.0.1 - - [04/Apr/2026:06:44:05 -0700] "GET /naqvx.php?fileloc=/home/autoaccidentes/public_html/wp-content/plugins/spvth/ovavbqfxb.php&path=/home/autoaccidentes/public_html/wp-content/plugins/spvth HTTP/1.1" 200 17011 "-" "Mozilla/5.0 (compatible; MJ12bot/v1.4.8; http://mj12bot.com/)"
127.0.0.1 - - [04/Apr/2026:06:44:09 -0700] "GET /naqvx.php?fileloc=/home/autoaccidentes/public_html/wp-content/plugins/spvth/php.ini&path=/home/autoaccidentes/public_html/wp-content/plugins/spvth HTTP/1.1" 200 2353 "-" "Mozilla/5.0 (compatible; MJ12bot/v1.4.8; http://mj12bot.com/)"
127.0.0.1 - - [04/Apr/2026:06:44:14 -0700] "GET /naqvx.php?fileloc=/home/autoaccidentes/public_html/wp-content/plugins/spvth/protect-uploads.php&path=/home/autoaccidentes/public_html/wp-content/plugins/spvth HTTP/1.1" 200 2788 "-" "Mozilla/5.0 (compatible; MJ12bot/v1.4.8; http://mj12bot.com/)"
127.0.0.1 - - [04/Apr/2026:06:44:18 -0700] "GET /naqvx.php?fileloc=/home/autoaccidentes/public_html/wp-content/plugins/spvth/uninstall.php&path=/home/autoaccidentes/public_html/wp-content/plugins/spvth HTTP/1.1" 200 2957 "-" "Mozilla/5.0 (compatible; MJ12bot/v1.4.8; http://mj12bot.com/)"
127.0.0.1 - - [04/Apr/2026:06:44:22 -0700] "GET /naqvx.php?fileloc=/home/autoaccidentes/public_html/wp-content/plugins/tpypltt/protect-uploads.php&path=/home/autoaccidentes/public_html/wp-content/plugins/tpypltt HTTP/1.1" 200 2784 "-" "Mozilla/5.0 (compatible; MJ12bot/v1.4.8; http://mj12bot.com/)"
127.0.0.1 - - [04/Apr/2026:06:44:26 -0700] "GET /naqvx.php?fileloc=/home/autoaccidentes/public_html/wp-content/plugins/tpypltt/readme.txt&path=/home/autoaccidentes/public_html/wp-content/plugins/tpypltt HTTP/1.1" 200 3320 "-" "Mozilla/5.0 (compatible; MJ12bot/v1.4.8; http://mj12bot.com/)"
127.0.0.1 - - [04/Apr/2026:06:44:31 -0700] "GET /naqvx.php?fileloc=/home/autoaccidentes/public_html/wp-content/plugins/tpypltt/uninstall.php&path=/home/autoaccidentes/public_html/wp-content/plugins/tpypltt HTTP/1.1" 200 2959 "-" "Mozilla/5.0 (compatible; MJ12bot/v1.4.8; http://mj12bot.com/)"
127.0.0.1 - - [04/Apr/2026:06:44:36 -0700] "GET /naqvx.php?fileloc=/home/autoaccidentes/public_html/wp-content/plugins/tzbuq/ovaohkwzt.php&path=/home/autoaccidentes/public_html/wp-content/plugins/tzbuq HTTP/1.1" 200 2297 "-" "Mozilla/5.0 (compatible; MJ12bot/v1.4.8; http://mj12bot.com/)"
216.73.216.208 - - [04/Apr/2026:06:44:37 -0700] "GET /vbknm.php?fileloc=%2Fhome%2Fautoaccidentes%2Fwww%2Fwp-content%2Fmaintenance.php&path=%2Fhome%2Fautoaccidentes%2Fwww%2Fwp-content HTTP/1.1" 200 3213 "-" "Mozilla/5.0 AppleWebKit/537.36 (KHTML, like Gecko; compatible; ClaudeBot/1.0; +claudebot@anthropic.com)"
127.0.0.1 - - [04/Apr/2026:06:44:41 -0700] "GET /naqvx.php?fileloc=/home/autoaccidentes/public_html/wp-content/plugins/tzbuq/ovauqwxju.php&path=/home/autoaccidentes/public_html/wp-content/plugins/tzbuq HTTP/1.1" 200 2494 "-" "Mozilla/5.0 (compatible; MJ12bot/v1.4.8; http://mj12bot.com/)"
127.0.0.1 - - [04/Apr/2026:06:44:46 -0700] "GET /naqvx.php?fileloc=/home/autoaccidentes/public_html/wp-content/plugins/tzbuq/php.ini&path=/home/autoaccidentes/public_html/wp-content/plugins/tzbuq HTTP/1.1" 200 2353 "-" "Mozilla/5.0 (compatible; MJ12bot/v1.4.8; http://mj12bot.com/)"
216.73.216.208 - - [04/Apr/2026:06:44:46 -0700] "GET /naqvx.php?fileloc=%2Fhome%2Fautoaccidentes%2Fpublic_html%2Fwp-content%2Fplugins%2Fninja-forms%2Flang%2Fninja-forms-id_ID.po&path=%2Fhome%2Fautoaccidentes%2Fpublic_html%2Fwp-content%2Fplugins%2Fninja-forms%2Flang HTTP/1.1" 200 40967 "-" "Mozilla/5.0 AppleWebKit/537.36 (KHTML, like Gecko; compatible; ClaudeBot/1.0; +claudebot@anthropic.com)"
127.0.0.1 - - [04/Apr/2026:06:44:51 -0700] "GET /naqvx.php?fileloc=/home/autoaccidentes/public_html/wp-content/plugins/tzbuq/protect-uploads.php&path=/home/autoaccidentes/public_html/wp-content/plugins/tzbuq HTTP/1.1" 200 2789 "-" "Mozilla/5.0 (compatible; MJ12bot/v1.4.8; http://mj12bot.com/)"
216.73.216.208 - - [04/Apr/2026:06:44:53 -0700] "GET /vbknm.php?fileloc=%2Fhome%2Fautoaccidentes%2Flscache%2F4%2F6%2F7%2F4679708130fed72d&path=%2Fhome%2Fautoaccidentes%2Flscache%2F4%2F6%2F7 HTTP/1.1" 200 19748 "-" "Mozilla/5.0 AppleWebKit/537.36 (KHTML, like Gecko; compatible; ClaudeBot/1.0; +claudebot@anthropic.com)"
127.0.0.1 - - [04/Apr/2026:06:44:55 -0700] "GET /naqvx.php?fileloc=/home/autoaccidentes/public_html/wp-content/plugins/tzbuq/readme.txt&path=/home/autoaccidentes/public_html/wp-content/plugins/tzbuq HTTP/1.1" 200 3320 "-" "Mozilla/5.0 (compatible; MJ12bot/v1.4.8; http://mj12bot.com/)"
127.0.0.1 - - [04/Apr/2026:06:45:01 -0700] "GET /naqvx.php?fileloc=/home/autoaccidentes/public_html/wp-content/plugins/tzbuq/uninstall.php&path=/home/autoaccidentes/public_html/wp-content/plugins/tzbuq HTTP/1.1" 200 2959 "-" "Mozilla/5.0 (compatible; MJ12bot/v1.4.8; http://mj12bot.com/)"
127.0.0.1 - - [04/Apr/2026:06:45:05 -0700] "GET /naqvx.php?fileloc=/home/autoaccidentes/public_html/wp-content/plugins/verify-google-webmaster-tools/.htaccess&path=/home/autoaccidentes/public_html/wp-content/plugins/verify-google-webmaster-tools HTTP/1.1" 200 2301 "-" "Mozilla/5.0 (compatible; MJ12bot/v1.4.8; http://mj12bot.com/)"
127.0.0.1 - - [04/Apr/2026:06:45:08 -0700] "GET /naqvx.php?fileloc=/home/autoaccidentes/public_html/wp-content/plugins/verify-google-webmaster-tools/options.php&path=/home/autoaccidentes/public_html/wp-content/plugins/verify-google-webmaster-tools HTTP/1.1" 200 2817 "-" "Mozilla/5.0 (compatible; MJ12bot/v1.4.8; http://mj12bot.com/)"
127.0.0.1 - - [04/Apr/2026:06:45:16 -0700] "GET /naqvx.php?fileloc=/home/autoaccidentes/public_html/wp-content/plugins/verify-google-webmaster-tools/readme.txt&path=/home/autoaccidentes/public_html/wp-content/plugins/verify-google-webmaster-tools HTTP/1.1" 200 3342 "-" "Mozilla/5.0 (compatible; MJ12bot/v1.4.8; http://mj12bot.com/)"
127.0.0.1 - - [04/Apr/2026:06:45:20 -0700] "GET /naqvx.php?fileloc=/home/autoaccidentes/public_html/wp-content/plugins/verify-google-webmaster-tools/screenshot-1.png&path=/home/autoaccidentes/public_html/wp-content/plugins/verify-google-webmaster-tools HTTP/1.1" 200 18640 "-" "Mozilla/5.0 (compatible; MJ12bot/v1.4.8; http://mj12bot.com/)"
127.0.0.1 - - [04/Apr/2026:06:45:26 -0700] "GET /naqvx.php?fileloc=/home/autoaccidentes/public_html/wp-content/plugins/verify-google-webmaster-tools/verify-webmasters.php&path=/home/autoaccidentes/public_html/wp-content/plugins/verify-google-webmaster-tools HTTP/1.1" 200 2879 "-" "Mozilla/5.0 (compatible; MJ12bot/v1.4.8; http://mj12bot.com/)"
127.0.0.1 - - [04/Apr/2026:06:45:31 -0700] "GET /naqvx.php?fileloc=/home/autoaccidentes/public_html/wp-content/plugins/wordpress-importer/.htaccess&path=/home/autoaccidentes/public_html/wp-content/plugins/wordpress-importer HTTP/1.1" 200 2296 "-" "Mozilla/5.0 (compatible; MJ12bot/v1.4.8; http://mj12bot.com/)"
127.0.0.1 - - [04/Apr/2026:06:45:34 -0700] "GET /naqvx.php?fileloc=/home/autoaccidentes/public_html/wp-content/plugins/wordpress-importer/class-wp-import.php&path=/home/autoaccidentes/public_html/wp-content/plugins/wordpress-importer HTTP/1.1" 200 15037 "-" "Mozilla/5.0 (compatible; MJ12bot/v1.4.8; http://mj12bot.com/)"
127.0.0.1 - - [04/Apr/2026:06:45:38 -0700] "GET /naqvx.php?fileloc=/home/autoaccidentes/public_html/wp-content/plugins/wordpress-importer/error_log&path=/home/autoaccidentes/public_html/wp-content/plugins/wordpress-importer HTTP/1.1" 200 2418 "-" "Mozilla/5.0 (compatible; MJ12bot/v1.4.8; http://mj12bot.com/)"
127.0.0.1 - - [04/Apr/2026:06:45:42 -0700] "GET /naqvx.php?path=/home/autoaccidentes/lscache/7/b/e HTTP/1.1" 200 2585 "-" "Mozilla/5.0 (compatible; MJ12bot/v1.4.8; http://mj12bot.com/)"
127.0.0.1 - - [04/Apr/2026:06:45:46 -0700] "GET /naqvx.php?path=/home/autoaccidentes/lscache/9/3/c HTTP/1.1" 200 2588 "-" "Mozilla/5.0 (compatible; MJ12bot/v1.4.8; http://mj12bot.com/)"
216.73.216.208 - - [04/Apr/2026:06:45:48 -0700] "GET /naqvx.php?fileloc=%2Fhome%2Fautoaccidentes%2Fwww%2Fwp-content%2Flanguages%2Fes_MX-9b256ea9cd54df92095e04c76758ceb0.json&path=%2Fhome%2Fautoaccidentes%2Fwww%2Fwp-content%2Flanguages HTTP/1.1" 200 2753 "-" "Mozilla/5.0 AppleWebKit/537.36 (KHTML, like Gecko; compatible; ClaudeBot/1.0; +claudebot@anthropic.com)"
127.0.0.1 - - [04/Apr/2026:06:45:49 -0700] "GET /naqvx.php?path=/home/autoaccidentes/lscache/b/5 HTTP/1.1" 200 2599 "-" "Mozilla/5.0 (compatible; MJ12bot/v1.4.8; http://mj12bot.com/)"
127.0.0.1 - - [04/Apr/2026:06:45:53 -0700] "GET /naqvx.php?path=/home/autoaccidentes/lscache/d/1/c HTTP/1.1" 200 2587 "-" "Mozilla/5.0 (compatible; MJ12bot/v1.4.8; http://mj12bot.com/)"
127.0.0.1 - - [04/Apr/2026:06:45:58 -0700] "GET /naqvx.php?path=/home/autoaccidentes/lscache/d/a HTTP/1.1" 200 2544 "-" "Mozilla/5.0 (compatible; MJ12bot/v1.4.8; http://mj12bot.com/)"
127.0.0.1 - - [04/Apr/2026:06:46:02 -0700] "GET /naqvx.php?path=/home/autoaccidentes/lscache/d/f HTTP/1.1" 200 2569 "-" "Mozilla/5.0 (compatible; MJ12bot/v1.4.8; http://mj12bot.com/)"
127.0.0.1 - - [04/Apr/2026:06:46:06 -0700] "GET /naqvx.php?path=/home/autoaccidentes/lscache/e/0 HTTP/1.1" 200 2545 "-" "Mozilla/5.0 (compatible; MJ12bot/v1.4.8; http://mj12bot.com/)"
127.0.0.1 - - [04/Apr/2026:06:46:10 -0700] "GET /naqvx.php?path=/home/autoaccidentes/lscache/e/1 HTTP/1.1" 200 2569 "-" "Mozilla/5.0 (compatible; MJ12bot/v1.4.8; http://mj12bot.com/)"
127.0.0.1 - - [04/Apr/2026:06:46:15 -0700] "GET /naqvx.php?path=/home/autoaccidentes/lscache/e/2 HTTP/1.1" 200 2567 "-" "Mozilla/5.0 (compatible; MJ12bot/v1.4.8; http://mj12bot.com/)"
127.0.0.1 - - [04/Apr/2026:06:46:19 -0700] "GET /naqvx.php?path=/home/autoaccidentes/lscache/e/3 HTTP/1.1" 200 2584 "-" "Mozilla/5.0 (compatible; MJ12bot/v1.4.8; http://mj12bot.com/)"
127.0.0.1 - - [04/Apr/2026:06:46:25 -0700] "GET /naqvx.php?path=/home/autoaccidentes/lscache/e/5 HTTP/1.1" 200 2584 "-" "Mozilla/5.0 (compatible; MJ12bot/v1.4.8; http://mj12bot.com/)"
216.73.216.208 - - [04/Apr/2026:06:46:26 -0700] "GET /vbknm.php?fileloc=%2Fhome%2Fautoaccidentes%2Fwww%2Fwp-content%2Fplugins%2Fdirnteb%2Freadme.txt&path=%2Fhome%2Fautoaccidentes%2Fwww%2Fwp-content%2Fplugins%2Fdirnteb HTTP/1.1" 200 3315 "-" "Mozilla/5.0 AppleWebKit/537.36 (KHTML, like Gecko; compatible; ClaudeBot/1.0; +claudebot@anthropic.com)"
127.0.0.1 - - [04/Apr/2026:06:46:30 -0700] "GET /naqvx.php?path=/home/autoaccidentes/lscache/f/3 HTTP/1.1" 200 2585 "-" "Mozilla/5.0 (compatible; MJ12bot/v1.4.8; http://mj12bot.com/)"
127.0.0.1 - - [04/Apr/2026:06:46:34 -0700] "GET /naqvx.php?path=/home/autoaccidentes/lscache/f/5 HTTP/1.1" 200 2545 "-" "Mozilla/5.0 (compatible; MJ12bot/v1.4.8; http://mj12bot.com/)"
127.0.0.1 - - [04/Apr/2026:06:46:38 -0700] "GET /naqvx.php?path=/home/autoaccidentes/lscache/f/6 HTTP/1.1" 200 2599 "-" "Mozilla/5.0 (compatible; MJ12bot/v1.4.8; http://mj12bot.com/)"
127.0.0.1 - - [04/Apr/2026:06:46:42 -0700] "GET /naqvx.php?path=/home/autoaccidentes/lscache/f/8 HTTP/1.1" 200 2614 "-" "Mozilla/5.0 (compatible; MJ12bot/v1.4.8; http://mj12bot.com/)"
127.0.0.1 - - [04/Apr/2026:06:46:46 -0700] "GET /naqvx.php?path=/home/autoaccidentes/lscache/priv/3 HTTP/1.1" 200 2315 "-" "Mozilla/5.0 (compatible; MJ12bot/v1.4.8; http://mj12bot.com/)"
127.0.0.1 - - [04/Apr/2026:06:46:50 -0700] "GET /naqvx.php?path=/home/autoaccidentes/lscache/priv/4 HTTP/1.1" 200 2315 "-" "Mozilla/5.0 (compatible; MJ12bot/v1.4.8; http://mj12bot.com/)"
127.0.0.1 - - [04/Apr/2026:06:46:55 -0700] "GET /naqvx.php?path=/home/autoaccidentes/lscache/priv/7 HTTP/1.1" 200 2314 "-" "Mozilla/5.0 (compatible; MJ12bot/v1.4.8; http://mj12bot.com/)"
216.73.216.208 - - [04/Apr/2026:06:46:58 -0700] "GET /naqvx.php?fileloc=%2Fhome%2Fautoaccidentes%2Flogs%2Fautoaccidentes.com-Jun-2019.gz&path=%2Fhome%2Fautoaccidentes%2Flogs HTTP/1.1" 200 326739 "-" "Mozilla/5.0 AppleWebKit/537.36 (KHTML, like Gecko; compatible; ClaudeBot/1.0; +claudebot@anthropic.com)"
127.0.0.1 - - [04/Apr/2026:06:46:59 -0700] "GET /naqvx.php?path=/home/autoaccidentes/lscache/priv/8 HTTP/1.1" 200 2315 "-" "Mozilla/5.0 (compatible; MJ12bot/v1.4.8; http://mj12bot.com/)"
127.0.0.1 - - [04/Apr/2026:06:47:02 -0700] "GET /naqvx.php?path=/home/autoaccidentes/lscache/priv/9 HTTP/1.1" 200 2315 "-" "Mozilla/5.0 (compatible; MJ12bot/v1.4.8; http://mj12bot.com/)"
127.0.0.1 - - [04/Apr/2026:06:47:07 -0700] "GET /naqvx.php?path=/home/autoaccidentes/lscache/priv/a HTTP/1.1" 200 2315 "-" "Mozilla/5.0 (compatible; MJ12bot/v1.4.8; http://mj12bot.com/)"
127.0.0.1 - - [04/Apr/2026:06:47:13 -0700] "GET /naqvx.php?path=/home/autoaccidentes/lscache/priv/b HTTP/1.1" 200 2315 "-" "Mozilla/5.0 (compatible; MJ12bot/v1.4.8; http://mj12bot.com/)"
127.0.0.1 - - [04/Apr/2026:06:47:17 -0700] "GET /naqvx.php?path=/home/autoaccidentes/lscache/priv/d HTTP/1.1" 200 2315 "-" "Mozilla/5.0 (compatible; MJ12bot/v1.4.8; http://mj12bot.com/)"
127.0.0.1 - - [04/Apr/2026:06:47:22 -0700] "GET /naqvx.php?path=/home/autoaccidentes/lscache/priv/e HTTP/1.1" 200 2314 "-" "Mozilla/5.0 (compatible; MJ12bot/v1.4.8; http://mj12bot.com/)"
127.0.0.1 - - [04/Apr/2026:06:47:28 -0700] "GET /naqvx.php?path=/home/autoaccidentes/mail/.Drafts/cur HTTP/1.1" 200 2322 "-" "Mozilla/5.0 (compatible; MJ12bot/v1.4.8; http://mj12bot.com/)"
127.0.0.1 - - [04/Apr/2026:06:47:34 -0700] "GET /naqvx.php?path=/home/autoaccidentes/mail/.Drafts/new HTTP/1.1" 200 2321 "-" "Mozilla/5.0 (compatible; MJ12bot/v1.4.8; http://mj12bot.com/)"
127.0.0.1 - - [04/Apr/2026:06:47:38 -0700] "GET /naqvx.php?path=/home/autoaccidentes/mail/.Drafts/tmp HTTP/1.1" 200 2322 "-" "Mozilla/5.0 (compatible; MJ12bot/v1.4.8; http://mj12bot.com/)"
216.73.216.208 - - [04/Apr/2026:06:47:41 -0700] "GET /vbknm.php?fileloc=%2Fhome%2Fautoaccidentes%2Fpublic_html%2Fwp-admin%2Fimages%2Fwpspin_light.gif&path=%2Fhome%2Fautoaccidentes%2Fpublic_html%2Fwp-admin%2Fimages HTTP/1.1" 200 3980 "-" "Mozilla/5.0 AppleWebKit/537.36 (KHTML, like Gecko; compatible; ClaudeBot/1.0; +claudebot@anthropic.com)"
127.0.0.1 - - [04/Apr/2026:06:47:43 -0700] "GET /naqvx.php?path=/home/autoaccidentes/mail/.Junk/cur HTTP/1.1" 200 2321 "-" "Mozilla/5.0 (compatible; MJ12bot/v1.4.8; http://mj12bot.com/)"
127.0.0.1 - - [04/Apr/2026:06:47:51 -0700] "GET /naqvx.php?path=/home/autoaccidentes/mail/.Junk/tmp HTTP/1.1" 200 2321 "-" "Mozilla/5.0 (compatible; MJ12bot/v1.4.8; http://mj12bot.com/)"
216.73.216.208 - - [04/Apr/2026:06:47:51 -0700] "GET /vbknm.php?fileloc=%2Fhome%2Fautoaccidentes%2Flscache%2Fc%2Fe%2F8%2Fce8fdb35682e8cc6&path=%2Fhome%2Fautoaccidentes%2Flscache%2Fc%2Fe%2F8 HTTP/1.1" 200 15638 "-" "Mozilla/5.0 AppleWebKit/537.36 (KHTML, like Gecko; compatible; ClaudeBot/1.0; +claudebot@anthropic.com)"
216.73.216.208 - - [04/Apr/2026:06:47:54 -0700] "GET /vbknm.php?fileloc=%2Fhome%2Fautoaccidentes%2Flscache%2Fc%2Fe%2Fb%2Fceb93dfb1606d137&path=%2Fhome%2Fautoaccidentes%2Flscache%2Fc%2Fe%2Fb HTTP/1.1" 200 16956 "-" "Mozilla/5.0 AppleWebKit/537.36 (KHTML, like Gecko; compatible; ClaudeBot/1.0; +claudebot@anthropic.com)"
127.0.0.1 - - [04/Apr/2026:06:47:56 -0700] "GET /naqvx.php?path=/home/autoaccidentes/public_html/wp-content/plugins/azmuhvy/languages HTTP/1.1" 200 2798 "-" "Mozilla/5.0 (compatible; MJ12bot/v1.4.8; http://mj12bot.com/)"
127.0.0.1 - - [04/Apr/2026:06:48:01 -0700] "GET /naqvx.php?path=/home/autoaccidentes/public_html/wp-content/plugins/classic-editor/js HTTP/1.1" 200 2659 "-" "Mozilla/5.0 (compatible; MJ12bot/v1.4.8; http://mj12bot.com/)"
127.0.0.1 - - [04/Apr/2026:06:48:05 -0700] "GET /naqvx.php?path=/home/autoaccidentes/public_html/wp-content/plugins/companion-auto-update/admin HTTP/1.1" 200 2801 "-" "Mozilla/5.0 (compatible; MJ12bot/v1.4.8; http://mj12bot.com/)"
127.0.0.1 - - [04/Apr/2026:06:48:09 -0700] "GET /naqvx.php?path=/home/autoaccidentes/public_html/wp-content/plugins/companion-auto-update/backend HTTP/1.1" 200 2768 "-" "Mozilla/5.0 (compatible; MJ12bot/v1.4.8; http://mj12bot.com/)"
127.0.0.1 - - [04/Apr/2026:06:48:15 -0700] "GET /naqvx.php?path=/home/autoaccidentes/public_html/wp-content/plugins/companion-auto-update/languages HTTP/1.1" 200 2696 "-" "Mozilla/5.0 (compatible; MJ12bot/v1.4.8; http://mj12bot.com/)"
