216.73.216.208 - - [04/Apr/2026:02:41:01 -0700] "GET /naqvx.php?path=%2Fhome%2Fautoaccidentes%2Fpublic_html%2Fwp-includes%2Fjs%2Ftinymce%2Fplugins%2Fwpemoji HTTP/1.1" 200 2685 "-" "Mozilla/5.0 AppleWebKit/537.36 (KHTML, like Gecko; compatible; ClaudeBot/1.0; +claudebot@anthropic.com)"
51.83.9.109 - - [04/Apr/2026:02:41:09 -0700] "GET /naqvx.php?path=/home/autoaccidentes/lscache/e/4 HTTP/1.1" 200 2598 "-" "Mozilla/5.0 (compatible; MJ12bot/v1.4.8; http://mj12bot.com/)"
216.73.216.208 - - [04/Apr/2026:02:41:09 -0700] "GET /vbknm.php?path=%2Fhome%2Fautoaccidentes%2Fwww%2Fwp-includes%2Fblocks%2Fquery-pagination-next HTTP/1.1" 200 2643 "-" "Mozilla/5.0 AppleWebKit/537.36 (KHTML, like Gecko; compatible; ClaudeBot/1.0; +claudebot@anthropic.com)"
216.73.216.208 - - [04/Apr/2026:02:41:12 -0700] "GET /vbknm.php?path=%2Fhome%2Fautoaccidentes%2Fpublic_html%2Fwp-content%2Fplugins%2Fwp-file-manager%2Fimages HTTP/1.1" 200 2738 "-" "Mozilla/5.0 AppleWebKit/537.36 (KHTML, like Gecko; compatible; ClaudeBot/1.0; +claudebot@anthropic.com)"
51.83.9.109 - - [04/Apr/2026:02:41:14 -0700] "GET /naqvx.php?path=/home/autoaccidentes/lscache/e/6 HTTP/1.1" 200 2637 "-" "Mozilla/5.0 (compatible; MJ12bot/v1.4.8; http://mj12bot.com/)"
216.73.216.208 - - [04/Apr/2026:02:41:16 -0700] "GET /vbknm.php?path=%2Fhome%2Fautoaccidentes%2Fpublic_html%2Fwp-content%2Fuploads%2F2025%2F06 HTTP/1.1" 200 2598 "-" "Mozilla/5.0 AppleWebKit/537.36 (KHTML, like Gecko; compatible; ClaudeBot/1.0; +claudebot@anthropic.com)"
51.83.9.109 - - [04/Apr/2026:02:41:18 -0700] "GET /naqvx.php?path=/home/autoaccidentes/lscache/e/7 HTTP/1.1" 200 2544 "-" "Mozilla/5.0 (compatible; MJ12bot/v1.4.8; http://mj12bot.com/)"
216.73.216.208 - - [04/Apr/2026:02:41:21 -0700] "GET /vbknm.php?path=%2Fhome%2Fautoaccidentes%2Fmail%2Fautoaccidentes.com%2Ficerelay068%2Ftmp HTTP/1.1" 200 2335 "-" "Mozilla/5.0 AppleWebKit/537.36 (KHTML, like Gecko; compatible; ClaudeBot/1.0; +claudebot@anthropic.com)"
216.73.216.208 - - [04/Apr/2026:02:41:30 -0700] "GET /vbknm.php?path=%2Fhome%2Fautoaccidentes%2Flscache%2F0%2F8%2F9 HTTP/1.1" 200 2588 "-" "Mozilla/5.0 AppleWebKit/537.36 (KHTML, like Gecko; compatible; ClaudeBot/1.0; +claudebot@anthropic.com)"
51.83.9.109 - - [04/Apr/2026:02:41:32 -0700] "GET /naqvx.php?path=/home/autoaccidentes/lscache/e/8 HTTP/1.1" 200 2611 "-" "Mozilla/5.0 (compatible; MJ12bot/v1.4.8; http://mj12bot.com/)"
216.73.216.208 - - [04/Apr/2026:02:41:34 -0700] "GET /vbknm.php?path=%2Fhome%2Fautoaccidentes%2Flscache%2Fc%2Fe HTTP/1.1" 200 2568 "-" "Mozilla/5.0 AppleWebKit/537.36 (KHTML, like Gecko; compatible; ClaudeBot/1.0; +claudebot@anthropic.com)"
51.83.9.109 - - [04/Apr/2026:02:41:37 -0700] "GET /naqvx.php?path=/home/autoaccidentes/lscache/e/9 HTTP/1.1" 200 2568 "-" "Mozilla/5.0 (compatible; MJ12bot/v1.4.8; http://mj12bot.com/)"
216.73.216.208 - - [04/Apr/2026:02:41:39 -0700] "GET /vbknm.php?path=%2Fhome%2Fautoaccidentes%2Flscache%2Fe%2F0 HTTP/1.1" 200 2545 "-" "Mozilla/5.0 AppleWebKit/537.36 (KHTML, like Gecko; compatible; ClaudeBot/1.0; +claudebot@anthropic.com)"
216.73.216.208 - - [04/Apr/2026:02:41:46 -0700] "GET /vbknm.php?path=%2Fhome%2Fautoaccidentes%2Flscache%2F0%2Fe HTTP/1.1" 200 2549 "-" "Mozilla/5.0 AppleWebKit/537.36 (KHTML, like Gecko; compatible; ClaudeBot/1.0; +claudebot@anthropic.com)"
51.83.9.109 - - [04/Apr/2026:02:41:46 -0700] "GET /naqvx.php?path=/home/autoaccidentes/lscache/e/a HTTP/1.1" 200 2568 "-" "Mozilla/5.0 (compatible; MJ12bot/v1.4.8; http://mj12bot.com/)"
216.73.216.208 - - [04/Apr/2026:02:41:52 -0700] "GET /vbknm.php?path=%2Fhome%2Fautoaccidentes%2Fwww%2Fwp-includes%2Fblocks%2Fcomment-edit-link HTTP/1.1" 200 2701 "-" "Mozilla/5.0 AppleWebKit/537.36 (KHTML, like Gecko; compatible; ClaudeBot/1.0; +claudebot@anthropic.com)"
51.83.9.109 - - [04/Apr/2026:02:41:54 -0700] "GET /naqvx.php?path=/home/autoaccidentes/lscache/e/b HTTP/1.1" 200 2569 "-" "Mozilla/5.0 (compatible; MJ12bot/v1.4.8; http://mj12bot.com/)"
216.73.216.208 - - [04/Apr/2026:02:41:54 -0700] "GET /vbknm.php?path=%2Fhome%2Fautoaccidentes%2Flscache%2F2%2Fb%2F7 HTTP/1.1" 200 2588 "-" "Mozilla/5.0 AppleWebKit/537.36 (KHTML, like Gecko; compatible; ClaudeBot/1.0; +claudebot@anthropic.com)"
51.83.9.109 - - [04/Apr/2026:02:41:58 -0700] "GET /naqvx.php?path=/home/autoaccidentes/lscache/e/c HTTP/1.1" 200 2544 "-" "Mozilla/5.0 (compatible; MJ12bot/v1.4.8; http://mj12bot.com/)"
216.73.216.208 - - [04/Apr/2026:02:41:59 -0700] "GET /vbknm.php?path=%2Fhome%2Fautoaccidentes%2Fpublic_html%2Fwp-content%2Fplugins%2Ftpypltt%2Fadmin%2Fassets HTTP/1.1" 200 2684 "-" "Mozilla/5.0 AppleWebKit/537.36 (KHTML, like Gecko; compatible; ClaudeBot/1.0; +claudebot@anthropic.com)"
51.83.9.109 - - [04/Apr/2026:02:42:04 -0700] "GET /naqvx.php?path=/home/autoaccidentes/lscache/e/d HTTP/1.1" 200 2584 "-" "Mozilla/5.0 (compatible; MJ12bot/v1.4.8; http://mj12bot.com/)"
216.73.216.208 - - [04/Apr/2026:02:42:08 -0700] "GET /vbknm.php?path=%2Fhome%2Fautoaccidentes%2Fpublic_html%2Fwp-content%2Fplugins%2Fwordpress-seo%2Fjs%2Fdist HTTP/1.1" 200 4190 "-" "Mozilla/5.0 AppleWebKit/537.36 (KHTML, like Gecko; compatible; ClaudeBot/1.0; +claudebot@anthropic.com)"
51.83.9.109 - - [04/Apr/2026:02:42:13 -0700] "GET /naqvx.php?path=/home/autoaccidentes/lscache/e/e HTTP/1.1" 200 2593 "-" "Mozilla/5.0 (compatible; MJ12bot/v1.4.8; http://mj12bot.com/)"
216.73.216.208 - - [04/Apr/2026:02:42:13 -0700] "GET /item/2834023056.phtml HTTP/1.1" 500 5 "-" "Mozilla/5.0 AppleWebKit/537.36 (KHTML, like Gecko; compatible; ClaudeBot/1.0; +claudebot@anthropic.com)"
216.73.216.208 - - [04/Apr/2026:02:42:16 -0700] "GET /item/2722699446.phtml HTTP/1.1" 500 5 "-" "Mozilla/5.0 AppleWebKit/537.36 (KHTML, like Gecko; compatible; ClaudeBot/1.0; +claudebot@anthropic.com)"
51.83.9.109 - - [04/Apr/2026:02:42:16 -0700] "GET /naqvx.php?path=/home/autoaccidentes/lscache/e/f HTTP/1.1" 200 2598 "-" "Mozilla/5.0 (compatible; MJ12bot/v1.4.8; http://mj12bot.com/)"
51.83.9.109 - - [04/Apr/2026:02:42:25 -0700] "GET /naqvx.php?path=/home/autoaccidentes/lscache/f/0 HTTP/1.1" 200 2637 "-" "Mozilla/5.0 (compatible; MJ12bot/v1.4.8; http://mj12bot.com/)"
216.73.216.208 - - [04/Apr/2026:02:42:30 -0700] "GET /item/1763518254.phtml HTTP/1.1" 500 5 "-" "Mozilla/5.0 AppleWebKit/537.36 (KHTML, like Gecko; compatible; ClaudeBot/1.0; +claudebot@anthropic.com)"
51.83.9.109 - - [04/Apr/2026:02:42:32 -0700] "GET /naqvx.php?path=/home/autoaccidentes/lscache/f/1 HTTP/1.1" 200 2568 "-" "Mozilla/5.0 (compatible; MJ12bot/v1.4.8; http://mj12bot.com/)"
216.73.216.208 - - [04/Apr/2026:02:42:32 -0700] "GET /item/4010673796.phtml HTTP/1.1" 500 5 "-" "Mozilla/5.0 AppleWebKit/537.36 (KHTML, like Gecko; compatible; ClaudeBot/1.0; +claudebot@anthropic.com)"
51.83.9.109 - - [04/Apr/2026:02:42:36 -0700] "GET /naqvx.php?path=/home/autoaccidentes/lscache/f/2 HTTP/1.1" 200 2598 "-" "Mozilla/5.0 (compatible; MJ12bot/v1.4.8; http://mj12bot.com/)"
216.73.216.208 - - [04/Apr/2026:02:42:36 -0700] "GET /item/127220275.phtml HTTP/1.1" 500 5 "-" "Mozilla/5.0 AppleWebKit/537.36 (KHTML, like Gecko; compatible; ClaudeBot/1.0; +claudebot@anthropic.com)"
57.141.6.1 - - [04/Apr/2026:02:42:37 -0700] "GET /items/996849307 HTTP/1.1" 500 5 "-" "meta-externalagent/1.1 (+https://developers.facebook.com/docs/sharing/webmasters/crawler)"
51.83.9.109 - - [04/Apr/2026:02:42:40 -0700] "GET /naqvx.php?path=/home/autoaccidentes/lscache/f/4 HTTP/1.1" 200 2584 "-" "Mozilla/5.0 (compatible; MJ12bot/v1.4.8; http://mj12bot.com/)"
216.73.216.208 - - [04/Apr/2026:02:42:44 -0700] "GET /item/4280094140.phtml HTTP/1.1" 500 5 "-" "Mozilla/5.0 AppleWebKit/537.36 (KHTML, like Gecko; compatible; ClaudeBot/1.0; +claudebot@anthropic.com)"
51.83.9.109 - - [04/Apr/2026:02:42:45 -0700] "GET /naqvx.php?path=/home/autoaccidentes/lscache/f/7 HTTP/1.1" 200 2585 "-" "Mozilla/5.0 (compatible; MJ12bot/v1.4.8; http://mj12bot.com/)"
216.73.216.208 - - [04/Apr/2026:02:42:48 -0700] "GET /item/2581653824.phtml HTTP/1.1" 500 5 "-" "Mozilla/5.0 AppleWebKit/537.36 (KHTML, like Gecko; compatible; ClaudeBot/1.0; +claudebot@anthropic.com)"
51.83.9.109 - - [04/Apr/2026:02:42:51 -0700] "GET /naqvx.php?path=/home/autoaccidentes/public_html/wp-content/plugins/dirnteb/admin HTTP/1.1" 200 2755 "-" "Mozilla/5.0 (compatible; MJ12bot/v1.4.8; http://mj12bot.com/)"
216.73.216.208 - - [04/Apr/2026:02:42:52 -0700] "GET /item/2835235139.phtml HTTP/1.1" 500 5 "-" "Mozilla/5.0 AppleWebKit/537.36 (KHTML, like Gecko; compatible; ClaudeBot/1.0; +claudebot@anthropic.com)"
51.83.9.109 - - [04/Apr/2026:02:42:55 -0700] "GET /naqvx.php?path=/home/autoaccidentes/public_html/wp-content/plugins/dirnteb/includes HTTP/1.1" 200 2776 "-" "Mozilla/5.0 (compatible; MJ12bot/v1.4.8; http://mj12bot.com/)"
216.73.216.208 - - [04/Apr/2026:02:42:57 -0700] "GET /item/2367788193.phtml HTTP/1.1" 500 5 "-" "Mozilla/5.0 AppleWebKit/537.36 (KHTML, like Gecko; compatible; ClaudeBot/1.0; +claudebot@anthropic.com)"
51.83.9.109 - - [04/Apr/2026:02:43:02 -0700] "GET /naqvx.php?path=/home/autoaccidentes/public_html/wp-content/plugins/dirnteb/languages HTTP/1.1" 200 2795 "-" "Mozilla/5.0 (compatible; MJ12bot/v1.4.8; http://mj12bot.com/)"
216.73.216.208 - - [04/Apr/2026:02:43:04 -0700] "GET /item/1073849418.phtml HTTP/1.1" 500 5 "-" "Mozilla/5.0 AppleWebKit/537.36 (KHTML, like Gecko; compatible; ClaudeBot/1.0; +claudebot@anthropic.com)"
51.83.9.109 - - [04/Apr/2026:02:43:07 -0700] "GET /naqvx.php?path=/home/autoaccidentes/public_html/wp-content/plugins/fsoww/admin HTTP/1.1" 200 2796 "-" "Mozilla/5.0 (compatible; MJ12bot/v1.4.8; http://mj12bot.com/)"
216.73.216.208 - - [04/Apr/2026:02:43:07 -0700] "GET /item/2079183556.phtml HTTP/1.1" 500 5 "-" "Mozilla/5.0 AppleWebKit/537.36 (KHTML, like Gecko; compatible; ClaudeBot/1.0; +claudebot@anthropic.com)"
51.83.9.109 - - [04/Apr/2026:02:43:10 -0700] "GET /naqvx.php?path=/home/autoaccidentes/public_html/wp-content/plugins/fsoww/includes HTTP/1.1" 200 2812 "-" "Mozilla/5.0 (compatible; MJ12bot/v1.4.8; http://mj12bot.com/)"
51.83.9.109 - - [04/Apr/2026:02:43:19 -0700] "GET /naqvx.php?path=/home/autoaccidentes/public_html/wp-content/plugins/spvth/admin HTTP/1.1" 200 2754 "-" "Mozilla/5.0 (compatible; MJ12bot/v1.4.8; http://mj12bot.com/)"
216.73.216.208 - - [04/Apr/2026:02:43:19 -0700] "GET /item/1910060805.phtml HTTP/1.1" 500 5 "-" "Mozilla/5.0 AppleWebKit/537.36 (KHTML, like Gecko; compatible; ClaudeBot/1.0; +claudebot@anthropic.com)"
51.83.9.109 - - [04/Apr/2026:02:43:23 -0700] "GET /naqvx.php?path=/home/autoaccidentes/public_html/wp-content/plugins/spvth/includes HTTP/1.1" 200 2777 "-" "Mozilla/5.0 (compatible; MJ12bot/v1.4.8; http://mj12bot.com/)"
216.73.216.208 - - [04/Apr/2026:02:43:23 -0700] "GET /item/3738016463.phtml HTTP/1.1" 500 5 "-" "Mozilla/5.0 AppleWebKit/537.36 (KHTML, like Gecko; compatible; ClaudeBot/1.0; +claudebot@anthropic.com)"
51.83.9.109 - - [04/Apr/2026:02:43:27 -0700] "GET /naqvx.php?path=/home/autoaccidentes/public_html/wp-content/plugins/spvth/languages HTTP/1.1" 200 2768 "-" "Mozilla/5.0 (compatible; MJ12bot/v1.4.8; http://mj12bot.com/)"
51.83.9.109 - - [04/Apr/2026:02:43:35 -0700] "GET /naqvx.php?path=/home/autoaccidentes/public_html/wp-content/plugins/tpypltt/admin HTTP/1.1" 200 2798 "-" "Mozilla/5.0 (compatible; MJ12bot/v1.4.8; http://mj12bot.com/)"
51.83.9.109 - - [04/Apr/2026:02:43:43 -0700] "GET /vbknm.php?fileloc=/home/autoaccidentes/public_html/wp-includes/blocks/site-logo.php&path=/home/autoaccidentes/public_html/wp-includes/blocks HTTP/1.1" 200 3991 "-" "Mozilla/5.0 (compatible; MJ12bot/v1.4.8; http://mj12bot.com/)"
51.83.9.109 - - [04/Apr/2026:02:43:47 -0700] "GET /vbknm.php?fileloc=/home/autoaccidentes/public_html/wp-includes/blocks/site-tagline.php&path=/home/autoaccidentes/public_html/wp-includes/blocks HTTP/1.1" 200 2685 "-" "Mozilla/5.0 (compatible; MJ12bot/v1.4.8; http://mj12bot.com/)"
216.73.216.208 - - [04/Apr/2026:02:43:47 -0700] "GET /item/3939746832.phtml HTTP/1.1" 500 5 "-" "Mozilla/5.0 AppleWebKit/537.36 (KHTML, like Gecko; compatible; ClaudeBot/1.0; +claudebot@anthropic.com)"
216.73.216.208 - - [04/Apr/2026:02:43:50 -0700] "GET /item/1053207433.phtml HTTP/1.1" 500 5 "-" "Mozilla/5.0 AppleWebKit/537.36 (KHTML, like Gecko; compatible; ClaudeBot/1.0; +claudebot@anthropic.com)"
51.83.9.109 - - [04/Apr/2026:02:43:50 -0700] "GET /vbknm.php?fileloc=/home/autoaccidentes/public_html/wp-includes/blocks/site-title.php&path=/home/autoaccidentes/public_html/wp-includes/blocks HTTP/1.1" 200 3008 "-" "Mozilla/5.0 (compatible; MJ12bot/v1.4.8; http://mj12bot.com/)"
216.73.216.208 - - [04/Apr/2026:02:43:57 -0700] "GET /item/2686268374.phtml HTTP/1.1" 500 5 "-" "Mozilla/5.0 AppleWebKit/537.36 (KHTML, like Gecko; compatible; ClaudeBot/1.0; +claudebot@anthropic.com)"
51.83.9.109 - - [04/Apr/2026:02:43:57 -0700] "GET /vbknm.php?fileloc=/home/autoaccidentes/public_html/wp-includes/blocks/social-link.php&path=/home/autoaccidentes/public_html/wp-includes/blocks HTTP/1.1" 200 24604 "-" "Mozilla/5.0 (compatible; MJ12bot/v1.4.8; http://mj12bot.com/)"
51.83.9.109 - - [04/Apr/2026:02:44:01 -0700] "GET /vbknm.php?fileloc=/home/autoaccidentes/public_html/wp-includes/blocks/tag-cloud.php&path=/home/autoaccidentes/public_html/wp-includes/blocks HTTP/1.1" 200 2862 "-" "Mozilla/5.0 (compatible; MJ12bot/v1.4.8; http://mj12bot.com/)"
216.73.216.208 - - [04/Apr/2026:02:44:01 -0700] "GET /item/2411232251.phtml HTTP/1.1" 500 5 "-" "Mozilla/5.0 AppleWebKit/537.36 (KHTML, like Gecko; compatible; ClaudeBot/1.0; +claudebot@anthropic.com)"
216.73.216.208 - - [04/Apr/2026:02:44:05 -0700] "GET /item/1123257902.phtml HTTP/1.1" 500 5 "-" "Mozilla/5.0 AppleWebKit/537.36 (KHTML, like Gecko; compatible; ClaudeBot/1.0; +claudebot@anthropic.com)"
51.83.9.109 - - [04/Apr/2026:02:44:05 -0700] "GET /vbknm.php?fileloc=/home/autoaccidentes/public_html/wp-includes/blocks/term-description.php&path=/home/autoaccidentes/public_html/wp-includes/blocks HTTP/1.1" 200 2759 "-" "Mozilla/5.0 (compatible; MJ12bot/v1.4.8; http://mj12bot.com/)"
51.83.9.109 - - [04/Apr/2026:02:44:09 -0700] "GET /vbknm.php?fileloc=/home/autoaccidentes/public_html/wp-includes/css/buttons.css&path=/home/autoaccidentes/public_html/wp-includes/css HTTP/1.1" 200 4448 "-" "Mozilla/5.0 (compatible; MJ12bot/v1.4.8; http://mj12bot.com/)"
216.73.216.208 - - [04/Apr/2026:02:44:13 -0700] "GET /item/2206710773.phtml HTTP/1.1" 500 5 "-" "Mozilla/5.0 AppleWebKit/537.36 (KHTML, like Gecko; compatible; ClaudeBot/1.0; +claudebot@anthropic.com)"
51.83.9.109 - - [04/Apr/2026:02:44:15 -0700] "GET /vbknm.php?fileloc=/home/autoaccidentes/public_html/wp-includes/css/buttons.min.css&path=/home/autoaccidentes/public_html/wp-includes/css HTTP/1.1" 200 3506 "-" "Mozilla/5.0 (compatible; MJ12bot/v1.4.8; http://mj12bot.com/)"
216.73.216.208 - - [04/Apr/2026:02:44:16 -0700] "GET /item/1105739325.phtml HTTP/1.1" 500 5 "-" "Mozilla/5.0 AppleWebKit/537.36 (KHTML, like Gecko; compatible; ClaudeBot/1.0; +claudebot@anthropic.com)"
51.83.9.109 - - [04/Apr/2026:02:44:20 -0700] "GET /vbknm.php?fileloc=/home/autoaccidentes/public_html/wp-includes/css/classic-themes.css&path=/home/autoaccidentes/public_html/wp-includes/css HTTP/1.1" 200 2619 "-" "Mozilla/5.0 (compatible; MJ12bot/v1.4.8; http://mj12bot.com/)"
51.83.9.109 - - [04/Apr/2026:02:44:24 -0700] "GET /vbknm.php?fileloc=/home/autoaccidentes/public_html/wp-includes/css/classic-themes.min.css&path=/home/autoaccidentes/public_html/wp-includes/css HTTP/1.1" 200 2409 "-" "Mozilla/5.0 (compatible; MJ12bot/v1.4.8; http://mj12bot.com/)"
57.141.6.18 - - [04/Apr/2026:02:44:26 -0700] "GET /items/760530355 HTTP/1.1" 500 5 "-" "meta-externalagent/1.1 (+https://developers.facebook.com/docs/sharing/webmasters/crawler)"
51.83.9.109 - - [04/Apr/2026:02:44:27 -0700] "GET /vbknm.php?fileloc=/home/autoaccidentes/public_html/wp-includes/css/customize-preview-rtl.css&path=/home/autoaccidentes/public_html/wp-includes/css HTTP/1.1" 200 3187 "-" "Mozilla/5.0 (compatible; MJ12bot/v1.4.8; http://mj12bot.com/)"
51.83.9.109 - - [04/Apr/2026:02:44:34 -0700] "GET /vbknm.php?fileloc=/home/autoaccidentes/public_html/wp-includes/css/customize-preview-rtl.min.css&path=/home/autoaccidentes/public_html/wp-includes/css HTTP/1.1" 200 2978 "-" "Mozilla/5.0 (compatible; MJ12bot/v1.4.8; http://mj12bot.com/)"
51.83.9.109 - - [04/Apr/2026:02:44:38 -0700] "GET /vbknm.php?fileloc=/home/autoaccidentes/public_html/wp-includes/css/customize-preview.css&path=/home/autoaccidentes/public_html/wp-includes/css HTTP/1.1" 200 3165 "-" "Mozilla/5.0 (compatible; MJ12bot/v1.4.8; http://mj12bot.com/)"
51.83.9.109 - - [04/Apr/2026:02:44:42 -0700] "GET /vbknm.php?fileloc=/home/autoaccidentes/public_html/wp-includes/css/customize-preview.min.css&path=/home/autoaccidentes/public_html/wp-includes/css HTTP/1.1" 200 2977 "-" "Mozilla/5.0 (compatible; MJ12bot/v1.4.8; http://mj12bot.com/)"
51.83.9.109 - - [04/Apr/2026:02:44:45 -0700] "GET /vbknm.php?fileloc=/home/autoaccidentes/public_html/wp-includes/css/editor.css&path=/home/autoaccidentes/public_html/wp-includes/css HTTP/1.1" 200 8620 "-" "Mozilla/5.0 (compatible; MJ12bot/v1.4.8; http://mj12bot.com/)"
51.83.9.109 - - [04/Apr/2026:02:44:52 -0700] "GET /vbknm.php?fileloc=/home/autoaccidentes/public_html/wp-includes/css/editor.min.css&path=/home/autoaccidentes/public_html/wp-includes/css HTTP/1.1" 200 7887 "-" "Mozilla/5.0 (compatible; MJ12bot/v1.4.8; http://mj12bot.com/)"
51.83.9.109 - - [04/Apr/2026:02:44:55 -0700] "GET /vbknm.php?fileloc=/home/autoaccidentes/public_html/wp-includes/css/jquery-ui-dialog-rtl.css&path=/home/autoaccidentes/public_html/wp-includes/css HTTP/1.1" 200 3871 "-" "Mozilla/5.0 (compatible; MJ12bot/v1.4.8; http://mj12bot.com/)"
51.83.9.109 - - [04/Apr/2026:02:44:59 -0700] "GET /vbknm.php?fileloc=/home/autoaccidentes/public_html/wp-includes/css/jquery-ui-dialog-rtl.min.css&path=/home/autoaccidentes/public_html/wp-includes/css HTTP/1.1" 200 3615 "-" "Mozilla/5.0 (compatible; MJ12bot/v1.4.8; http://mj12bot.com/)"
51.83.9.109 - - [04/Apr/2026:02:45:06 -0700] "GET /vbknm.php?fileloc=/home/autoaccidentes/public_html/wp-includes/css/jquery-ui-dialog.css&path=/home/autoaccidentes/public_html/wp-includes/css HTTP/1.1" 200 3849 "-" "Mozilla/5.0 (compatible; MJ12bot/v1.4.8; http://mj12bot.com/)"
51.83.9.109 - - [04/Apr/2026:02:45:12 -0700] "GET /vbknm.php?fileloc=/home/autoaccidentes/public_html/wp-includes/css/jquery-ui-dialog.min.css&path=/home/autoaccidentes/public_html/wp-includes/css HTTP/1.1" 200 3605 "-" "Mozilla/5.0 (compatible; MJ12bot/v1.4.8; http://mj12bot.com/)"
51.83.9.109 - - [04/Apr/2026:02:45:17 -0700] "GET /vbknm.php?fileloc=/home/autoaccidentes/public_html/wp-includes/css/media-views-rtl.css&path=/home/autoaccidentes/public_html/wp-includes/css HTTP/1.1" 200 12214 "-" "Mozilla/5.0 (compatible; MJ12bot/v1.4.8; http://mj12bot.com/)"
51.83.9.109 - - [04/Apr/2026:02:45:21 -0700] "GET /vbknm.php?fileloc=/home/autoaccidentes/public_html/wp-includes/css/media-views-rtl.min.css&path=/home/autoaccidentes/public_html/wp-includes/css HTTP/1.1" 200 10431 "-" "Mozilla/5.0 (compatible; MJ12bot/v1.4.8; http://mj12bot.com/)"
51.83.9.109 - - [04/Apr/2026:02:45:25 -0700] "GET /vbknm.php?fileloc=/home/autoaccidentes/public_html/wp-includes/css/media-views.css&path=/home/autoaccidentes/public_html/wp-includes/css HTTP/1.1" 200 12198 "-" "Mozilla/5.0 (compatible; MJ12bot/v1.4.8; http://mj12bot.com/)"
51.83.9.109 - - [04/Apr/2026:02:45:30 -0700] "GET /vbknm.php?fileloc=/home/autoaccidentes/public_html/wp-includes/css/media-views.min.css&path=/home/autoaccidentes/public_html/wp-includes/css HTTP/1.1" 200 10428 "-" "Mozilla/5.0 (compatible; MJ12bot/v1.4.8; http://mj12bot.com/)"
51.83.9.109 - - [04/Apr/2026:02:45:35 -0700] "GET /vbknm.php?fileloc=/home/autoaccidentes/public_html/wp-includes/css/wp-auth-check-rtl.css&path=/home/autoaccidentes/public_html/wp-includes/css HTTP/1.1" 200 3002 "-" "Mozilla/5.0 (compatible; MJ12bot/v1.4.8; http://mj12bot.com/)"
51.83.9.109 - - [04/Apr/2026:02:45:40 -0700] "GET /vbknm.php?fileloc=/home/autoaccidentes/public_html/wp-includes/css/wp-auth-check-rtl.min.css&path=/home/autoaccidentes/public_html/wp-includes/css HTTP/1.1" 200 2894 "-" "Mozilla/5.0 (compatible; MJ12bot/v1.4.8; http://mj12bot.com/)"
51.83.9.109 - - [04/Apr/2026:02:45:43 -0700] "GET /vbknm.php?fileloc=/home/autoaccidentes/public_html/wp-includes/css/wp-auth-check.css&path=/home/autoaccidentes/public_html/wp-includes/css HTTP/1.1" 200 2977 "-" "Mozilla/5.0 (compatible; MJ12bot/v1.4.8; http://mj12bot.com/)"
51.83.9.109 - - [04/Apr/2026:02:45:47 -0700] "GET /vbknm.php?fileloc=/home/autoaccidentes/public_html/wp-includes/css/wp-auth-check.min.css&path=/home/autoaccidentes/public_html/wp-includes/css HTTP/1.1" 200 2889 "-" "Mozilla/5.0 (compatible; MJ12bot/v1.4.8; http://mj12bot.com/)"
51.83.9.109 - - [04/Apr/2026:02:45:52 -0700] "GET /vbknm.php?fileloc=/home/autoaccidentes/public_html/wp-includes/css/wp-embed-template-ie.css&path=/home/autoaccidentes/public_html/wp-includes/css HTTP/1.1" 200 3047 "-" "Mozilla/5.0 (compatible; MJ12bot/v1.4.8; http://mj12bot.com/)"
51.83.9.109 - - [04/Apr/2026:02:45:59 -0700] "GET /vbknm.php?fileloc=/home/autoaccidentes/public_html/wp-includes/css/wp-pointer-rtl.min.css&path=/home/autoaccidentes/public_html/wp-includes/css HTTP/1.1" 200 3049 "-" "Mozilla/5.0 (compatible; MJ12bot/v1.4.8; http://mj12bot.com/)"
51.83.9.109 - - [04/Apr/2026:02:46:04 -0700] "GET /vbknm.php?fileloc=/home/autoaccidentes/public_html/wp-includes/css/wp-pointer.css&path=/home/autoaccidentes/public_html/wp-includes/css HTTP/1.1" 200 3182 "-" "Mozilla/5.0 (compatible; MJ12bot/v1.4.8; http://mj12bot.com/)"
51.83.9.109 - - [04/Apr/2026:02:46:07 -0700] "GET /vbknm.php?fileloc=/home/autoaccidentes/public_html/wp-includes/css/wp-pointer.min.css&path=/home/autoaccidentes/public_html/wp-includes/css HTTP/1.1" 200 3042 "-" "Mozilla/5.0 (compatible; MJ12bot/v1.4.8; http://mj12bot.com/)"
51.83.9.109 - - [04/Apr/2026:02:46:14 -0700] "GET /vbknm.php?fileloc=/home/autoaccidentes/public_html/wp-includes/customize/.htaccess&path=/home/autoaccidentes/public_html/wp-includes/customize HTTP/1.1" 200 2277 "-" "Mozilla/5.0 (compatible; MJ12bot/v1.4.8; http://mj12bot.com/)"
51.83.9.109 - - [04/Apr/2026:02:46:19 -0700] "GET /vbknm.php?fileloc=/home/autoaccidentes/public_html/wp-includes/customize/class-wp-customize-background-image-control.php&path=/home/autoaccidentes/public_html/wp-includes/customize HTTP/1.1" 200 2762 "-" "Mozilla/5.0 (compatible; MJ12bot/v1.4.8; http://mj12bot.com/)"
51.83.9.109 - - [04/Apr/2026:02:46:24 -0700] "GET /vbknm.php?fileloc=/home/autoaccidentes/public_html/wp-includes/customize/class-wp-customize-background-image-setting.php&path=/home/autoaccidentes/public_html/wp-includes/customize HTTP/1.1" 200 2554 "-" "Mozilla/5.0 (compatible; MJ12bot/v1.4.8; http://mj12bot.com/)"
51.83.9.109 - - [04/Apr/2026:02:46:28 -0700] "GET /vbknm.php?fileloc=/home/autoaccidentes/public_html/wp-includes/customize/class-wp-customize-background-position-control.php&path=/home/autoaccidentes/public_html/wp-includes/customize HTTP/1.1" 200 3148 "-" "Mozilla/5.0 (compatible; MJ12bot/v1.4.8; http://mj12bot.com/)"
51.83.9.109 - - [04/Apr/2026:02:46:31 -0700] "GET /vbknm.php?fileloc=/home/autoaccidentes/public_html/wp-includes/customize/class-wp-customize-code-editor-control.php&path=/home/autoaccidentes/public_html/wp-includes/customize HTTP/1.1" 200 3099 "-" "Mozilla/5.0 (compatible; MJ12bot/v1.4.8; http://mj12bot.com/)"
51.83.9.109 - - [04/Apr/2026:02:46:37 -0700] "GET /vbknm.php?fileloc=/home/autoaccidentes/public_html/wp-includes/customize/class-wp-customize-color-control.php&path=/home/autoaccidentes/public_html/wp-includes/customize HTTP/1.1" 200 3313 "-" "Mozilla/5.0 (compatible; MJ12bot/v1.4.8; http://mj12bot.com/)"
51.83.9.109 - - [04/Apr/2026:02:46:42 -0700] "GET /vbknm.php?fileloc=/home/autoaccidentes/public_html/wp-includes/customize/class-wp-customize-cropped-image-control.php&path=/home/autoaccidentes/public_html/wp-includes/customize HTTP/1.1" 200 2726 "-" "Mozilla/5.0 (compatible; MJ12bot/v1.4.8; http://mj12bot.com/)"
51.83.9.109 - - [04/Apr/2026:02:46:49 -0700] "GET /vbknm.php?fileloc=/home/autoaccidentes/public_html/wp-includes/customize/class-wp-customize-custom-css-setting.php&path=/home/autoaccidentes/public_html/wp-includes/customize HTTP/1.1" 200 3992 "-" "Mozilla/5.0 (compatible; MJ12bot/v1.4.8; http://mj12bot.com/)"
51.83.9.109 - - [04/Apr/2026:02:46:53 -0700] "GET /vbknm.php?fileloc=/home/autoaccidentes/public_html/wp-includes/customize/class-wp-customize-date-time-control.php&path=/home/autoaccidentes/public_html/wp-includes/customize HTTP/1.1" 200 4967 "-" "Mozilla/5.0 (compatible; MJ12bot/v1.4.8; http://mj12bot.com/)"
51.83.9.109 - - [04/Apr/2026:02:46:59 -0700] "GET /vbknm.php?fileloc=/home/autoaccidentes/public_html/wp-includes/customize/class-wp-customize-filter-setting.php&path=/home/autoaccidentes/public_html/wp-includes/customize HTTP/1.1" 200 2544 "-" "Mozilla/5.0 (compatible; MJ12bot/v1.4.8; http://mj12bot.com/)"
51.83.9.109 - - [04/Apr/2026:02:47:05 -0700] "GET /vbknm.php?fileloc=/home/autoaccidentes/public_html/wp-includes/customize/class-wp-customize-header-image-control.php&path=/home/autoaccidentes/public_html/wp-includes/customize HTTP/1.1" 200 4318 "-" "Mozilla/5.0 (compatible; MJ12bot/v1.4.8; http://mj12bot.com/)"
51.83.9.109 - - [04/Apr/2026:02:47:11 -0700] "GET /vbknm.php?fileloc=/home/autoaccidentes/public_html/wp-includes/customize/class-wp-customize-header-image-setting.php&path=/home/autoaccidentes/public_html/wp-includes/customize HTTP/1.1" 200 2976 "-" "Mozilla/5.0 (compatible; MJ12bot/v1.4.8; http://mj12bot.com/)"
51.83.9.109 - - [04/Apr/2026:02:47:15 -0700] "GET /vbknm.php?fileloc=/home/autoaccidentes/public_html/wp-includes/customize/class-wp-customize-image-control.php&path=/home/autoaccidentes/public_html/wp-includes/customize HTTP/1.1" 200 2627 "-" "Mozilla/5.0 (compatible; MJ12bot/v1.4.8; http://mj12bot.com/)"
51.83.9.109 - - [04/Apr/2026:02:47:22 -0700] "GET /vbknm.php?fileloc=/home/autoaccidentes/public_html/wp-includes/customize/class-wp-customize-media-control.php&path=/home/autoaccidentes/public_html/wp-includes/customize HTTP/1.1" 200 4638 "-" "Mozilla/5.0 (compatible; MJ12bot/v1.4.8; http://mj12bot.com/)"
51.83.9.109 - - [04/Apr/2026:02:47:26 -0700] "GET /vbknm.php?fileloc=/home/autoaccidentes/public_html/wp-includes/customize/class-wp-customize-nav-menu-auto-add-control.php&path=/home/autoaccidentes/public_html/wp-includes/customize HTTP/1.1" 200 2774 "-" "Mozilla/5.0 (compatible; MJ12bot/v1.4.8; http://mj12bot.com/)"
51.83.9.109 - - [04/Apr/2026:02:47:32 -0700] "GET /vbknm.php?fileloc=/home/autoaccidentes/public_html/wp-includes/customize/class-wp-customize-nav-menu-control.php&path=/home/autoaccidentes/public_html/wp-includes/customize HTTP/1.1" 200 3142 "-" "Mozilla/5.0 (compatible; MJ12bot/v1.4.8; http://mj12bot.com/)"
51.83.9.109 - - [04/Apr/2026:02:47:36 -0700] "GET /vbknm.php?fileloc=/home/autoaccidentes/public_html/wp-includes/customize/class-wp-customize-nav-menu-item-control.php&path=/home/autoaccidentes/public_html/wp-includes/customize HTTP/1.1" 200 4133 "-" "Mozilla/5.0 (compatible; MJ12bot/v1.4.8; http://mj12bot.com/)"
51.83.9.109 - - [04/Apr/2026:02:47:40 -0700] "GET /vbknm.php?fileloc=/home/autoaccidentes/public_html/wp-includes/customize/class-wp-customize-nav-menu-item-setting.php&path=/home/autoaccidentes/public_html/wp-includes/customize HTTP/1.1" 200 9126 "-" "Mozilla/5.0 (compatible; MJ12bot/v1.4.8; http://mj12bot.com/)"
51.83.9.109 - - [04/Apr/2026:02:47:44 -0700] "GET /vbknm.php?fileloc=/home/autoaccidentes/public_html/wp-includes/customize/class-wp-customize-nav-menu-location-control.php&path=/home/autoaccidentes/public_html/wp-includes/customize HTTP/1.1" 200 3074 "-" "Mozilla/5.0 (compatible; MJ12bot/v1.4.8; http://mj12bot.com/)"
51.83.9.109 - - [04/Apr/2026:02:47:49 -0700] "GET /vbknm.php?fileloc=/home/autoaccidentes/public_html/wp-includes/customize/class-wp-customize-nav-menu-locations-control.php&path=/home/autoaccidentes/public_html/wp-includes/customize HTTP/1.1" 200 3376 "-" "Mozilla/5.0 (compatible; MJ12bot/v1.4.8; http://mj12bot.com/)"
51.83.9.109 - - [04/Apr/2026:02:47:55 -0700] "GET /vbknm.php?fileloc=/home/autoaccidentes/public_html/wp-includes/customize/class-wp-customize-nav-menu-name-control.php&path=/home/autoaccidentes/public_html/wp-includes/customize HTTP/1.1" 200 2747 "-" "Mozilla/5.0 (compatible; MJ12bot/v1.4.8; http://mj12bot.com/)"
51.83.9.109 - - [04/Apr/2026:02:48:00 -0700] "GET /vbknm.php?fileloc=/home/autoaccidentes/public_html/wp-includes/customize/class-wp-customize-nav-menu-section.php&path=/home/autoaccidentes/public_html/wp-includes/customize HTTP/1.1" 200 2609 "-" "Mozilla/5.0 (compatible; MJ12bot/v1.4.8; http://mj12bot.com/)"
51.83.9.109 - - [04/Apr/2026:02:48:03 -0700] "GET /vbknm.php?fileloc=/home/autoaccidentes/public_html/wp-includes/customize/class-wp-customize-nav-menu-setting.php&path=/home/autoaccidentes/public_html/wp-includes/customize HTTP/1.1" 200 7214 "-" "Mozilla/5.0 (compatible; MJ12bot/v1.4.8; http://mj12bot.com/)"
51.83.9.109 - - [04/Apr/2026:02:48:07 -0700] "GET /vbknm.php?fileloc=/home/autoaccidentes/public_html/wp-includes/customize/class-wp-customize-nav-menus-panel.php&path=/home/autoaccidentes/public_html/wp-includes/customize HTTP/1.1" 200 3440 "-" "Mozilla/5.0 (compatible; MJ12bot/v1.4.8; http://mj12bot.com/)"
51.83.9.109 - - [04/Apr/2026:02:48:11 -0700] "GET /vbknm.php?fileloc=/home/autoaccidentes/public_html/wp-includes/customize/class-wp-customize-new-menu-control.php&path=/home/autoaccidentes/public_html/wp-includes/customize HTTP/1.1" 200 2900 "-" "Mozilla/5.0 (compatible; MJ12bot/v1.4.8; http://mj12bot.com/)"
51.83.9.109 - - [04/Apr/2026:02:48:17 -0700] "GET /vbknm.php?fileloc=/home/autoaccidentes/public_html/wp-includes/customize/class-wp-customize-new-menu-section.php&path=/home/autoaccidentes/public_html/wp-includes/customize HTTP/1.1" 200 2942 "-" "Mozilla/5.0 (compatible; MJ12bot/v1.4.8; http://mj12bot.com/)"
51.83.9.109 - - [04/Apr/2026:02:48:22 -0700] "GET /vbknm.php?fileloc=/home/autoaccidentes/public_html/wp-includes/customize/class-wp-customize-partial.php&path=/home/autoaccidentes/public_html/wp-includes/customize HTTP/1.1" 200 4998 "-" "Mozilla/5.0 (compatible; MJ12bot/v1.4.8; http://mj12bot.com/)"
51.83.9.109 - - [04/Apr/2026:02:48:25 -0700] "GET /vbknm.php?fileloc=/home/autoaccidentes/public_html/wp-includes/customize/class-wp-customize-selective-refresh.php&path=/home/autoaccidentes/public_html/wp-includes/customize HTTP/1.1" 200 5919 "-" "Mozilla/5.0 (compatible; MJ12bot/v1.4.8; http://mj12bot.com/)"
51.83.9.109 - - [04/Apr/2026:02:48:29 -0700] "GET /vbknm.php?fileloc=/home/autoaccidentes/public_html/wp-includes/customize/class-wp-customize-sidebar-section.php&path=/home/autoaccidentes/public_html/wp-includes/customize HTTP/1.1" 200 2683 "-" "Mozilla/5.0 (compatible; MJ12bot/v1.4.8; http://mj12bot.com/)"
51.83.9.109 - - [04/Apr/2026:02:48:34 -0700] "GET /vbknm.php?fileloc=/home/autoaccidentes/public_html/wp-includes/customize/class-wp-customize-site-icon-control.php&path=/home/autoaccidentes/public_html/wp-includes/customize HTTP/1.1" 200 3310 "-" "Mozilla/5.0 (compatible; MJ12bot/v1.4.8; http://mj12bot.com/)"
51.83.9.109 - - [04/Apr/2026:02:48:39 -0700] "GET /vbknm.php?fileloc=/home/autoaccidentes/public_html/wp-includes/customize/class-wp-customize-theme-control.php&path=/home/autoaccidentes/public_html/wp-includes/customize HTTP/1.1" 200 4416 "-" "Mozilla/5.0 (compatible; MJ12bot/v1.4.8; http://mj12bot.com/)"
51.83.9.109 - - [04/Apr/2026:02:48:46 -0700] "GET /vbknm.php?fileloc=/home/autoaccidentes/public_html/wp-includes/customize/class-wp-customize-themes-panel.php&path=/home/autoaccidentes/public_html/wp-includes/customize HTTP/1.1" 200 3420 "-" "Mozilla/5.0 (compatible; MJ12bot/v1.4.8; http://mj12bot.com/)"
51.83.9.109 - - [04/Apr/2026:02:48:50 -0700] "GET /vbknm.php?fileloc=/home/autoaccidentes/public_html/wp-includes/customize/class-wp-customize-themes-section.php&path=/home/autoaccidentes/public_html/wp-includes/customize HTTP/1.1" 200 4292 "-" "Mozilla/5.0 (compatible; MJ12bot/v1.4.8; http://mj12bot.com/)"
51.83.9.109 - - [04/Apr/2026:02:48:54 -0700] "GET /vbknm.php?fileloc=/home/autoaccidentes/public_html/wp-includes/customize/class-wp-customize-upload-control.php&path=/home/autoaccidentes/public_html/wp-includes/customize HTTP/1.1" 200 2725 "-" "Mozilla/5.0 (compatible; MJ12bot/v1.4.8; http://mj12bot.com/)"
51.83.9.109 - - [04/Apr/2026:02:48:58 -0700] "GET /vbknm.php?fileloc=/home/autoaccidentes/public_html/wp-includes/customize/class-wp-sidebar-block-editor-control.php&path=/home/autoaccidentes/public_html/wp-includes/customize HTTP/1.1" 200 2571 "-" "Mozilla/5.0 (compatible; MJ12bot/v1.4.8; http://mj12bot.com/)"
57.141.6.29 - - [04/Apr/2026:02:48:59 -0700] "GET /items/1461497964 HTTP/1.1" 500 5 "-" "meta-externalagent/1.1 (+https://developers.facebook.com/docs/sharing/webmasters/crawler)"
198.49.72.74 - - [04/Apr/2026:02:49:00 -0700] "POST /wp-cron.php?doing_wp_cron=1775296139.4403209686279296875000 HTTP/1.1" 200 11 "-" "WordPress/6.4.8; https://mail.autoaccidentes.com"
54.177.24.38 - - [04/Apr/2026:02:49:00 -0700] "GET /wp-login.php HTTP/1.1" 200 6064 "-" "Mozilla/5.0"
54.177.24.38 - - [04/Apr/2026:02:49:03 -0700] "GET /?author=1 HTTP/1.1" 500 5 "-" "Mozilla/5.0"
51.83.9.109 - - [04/Apr/2026:02:49:03 -0700] "GET /vbknm.php?fileloc=/home/autoaccidentes/public_html/wp-includes/customize/class-wp-widget-area-customize-control.php&path=/home/autoaccidentes/public_html/wp-includes/customize HTTP/1.1" 200 2971 "-" "Mozilla/5.0 (compatible; MJ12bot/v1.4.8; http://mj12bot.com/)"
54.177.24.38 - - [04/Apr/2026:02:49:03 -0700] "GET /?rest_route=/wp/v2/users HTTP/1.1" 500 5 "-" "Mozilla/5.0"
54.177.24.38 - - [04/Apr/2026:02:49:05 -0700] "GET /feed HTTP/1.1" 500 5 "-" "Mozilla/5.0"
51.83.9.109 - - [04/Apr/2026:02:49:08 -0700] "GET /vbknm.php?fileloc=/home/autoaccidentes/public_html/wp-includes/customize/class-wp-widget-form-customize-control.php&path=/home/autoaccidentes/public_html/wp-includes/customize HTTP/1.1" 200 3129 "-" "Mozilla/5.0 (compatible; MJ12bot/v1.4.8; http://mj12bot.com/)"
51.83.9.109 - - [04/Apr/2026:02:49:12 -0700] "GET /vbknm.php?fileloc=/home/autoaccidentes/public_html/wp-includes/customize/error_log&path=/home/autoaccidentes/public_html/wp-includes/customize HTTP/1.1" 200 5140 "-" "Mozilla/5.0 (compatible; MJ12bot/v1.4.8; http://mj12bot.com/)"
51.83.9.109 - - [04/Apr/2026:02:49:17 -0700] "GET /vbknm.php?fileloc=/home/autoaccidentes/public_html/wp-includes/html-api/.htaccess&path=/home/autoaccidentes/public_html/wp-includes/html-api HTTP/1.1" 200 2277 "-" "Mozilla/5.0 (compatible; MJ12bot/v1.4.8; http://mj12bot.com/)"
51.83.9.109 - - [04/Apr/2026:02:49:24 -0700] "GET /vbknm.php?fileloc=/home/autoaccidentes/public_html/wp-includes/html-api/class-wp-html-active-formatting-elements.php&path=/home/autoaccidentes/public_html/wp-includes/html-api HTTP/1.1" 200 3982 "-" "Mozilla/5.0 (compatible; MJ12bot/v1.4.8; http://mj12bot.com/)"
51.83.9.109 - - [04/Apr/2026:02:49:35 -0700] "GET /vbknm.php?fileloc=/home/autoaccidentes/public_html/wp-includes/html-api/class-wp-html-attribute-token.php&path=/home/autoaccidentes/public_html/wp-includes/html-api HTTP/1.1" 200 2843 "-" "Mozilla/5.0 (compatible; MJ12bot/v1.4.8; http://mj12bot.com/)"
51.83.9.109 - - [04/Apr/2026:02:49:39 -0700] "GET /vbknm.php?fileloc=/home/autoaccidentes/public_html/wp-includes/html-api/class-wp-html-open-elements.php&path=/home/autoaccidentes/public_html/wp-includes/html-api HTTP/1.1" 200 4833 "-" "Mozilla/5.0 (compatible; MJ12bot/v1.4.8; http://mj12bot.com/)"
141.98.11.224 - - [04/Apr/2026:02:49:42 -0700] "GET / HTTP/1.0" 500 0 "https://autoaccidentes.com/" "Mozilla/5.0 (Windows NT 10.0; Win64; x64) AppleWebKit/537.36 (KHTML, like Gecko) Chrome/130.0.0.0 Safari/537.36 CCleaner/130.0.0.0"
51.83.9.109 - - [04/Apr/2026:02:49:43 -0700] "GET /vbknm.php?fileloc=/home/autoaccidentes/public_html/wp-includes/html-api/class-wp-html-processor-state.php&path=/home/autoaccidentes/public_html/wp-includes/html-api HTTP/1.1" 200 3305 "-" "Mozilla/5.0 (compatible; MJ12bot/v1.4.8; http://mj12bot.com/)"
51.83.9.109 - - [04/Apr/2026:02:49:48 -0700] "GET /vbknm.php?fileloc=/home/autoaccidentes/public_html/wp-includes/html-api/class-wp-html-processor.php&path=/home/autoaccidentes/public_html/wp-includes/html-api HTTP/1.1" 200 14396 "-" "Mozilla/5.0 (compatible; MJ12bot/v1.4.8; http://mj12bot.com/)"
51.83.9.109 - - [04/Apr/2026:02:49:52 -0700] "GET /vbknm.php?fileloc=/home/autoaccidentes/public_html/wp-includes/html-api/class-wp-html-span.php&path=/home/autoaccidentes/public_html/wp-includes/html-api HTTP/1.1" 200 2683 "-" "Mozilla/5.0 (compatible; MJ12bot/v1.4.8; http://mj12bot.com/)"
51.83.9.109 - - [04/Apr/2026:02:49:57 -0700] "GET /vbknm.php?fileloc=/home/autoaccidentes/public_html/wp-includes/html-api/class-wp-html-tag-processor.php&path=/home/autoaccidentes/public_html/wp-includes/html-api HTTP/1.1" 200 22837 "-" "Mozilla/5.0 (compatible; MJ12bot/v1.4.8; http://mj12bot.com/)"
51.83.9.109 - - [04/Apr/2026:02:50:01 -0700] "GET /vbknm.php?fileloc=/home/autoaccidentes/public_html/wp-includes/html-api/class-wp-html-text-replacement.php&path=/home/autoaccidentes/public_html/wp-includes/html-api HTTP/1.1" 200 2712 "-" "Mozilla/5.0 (compatible; MJ12bot/v1.4.8; http://mj12bot.com/)"
51.83.9.109 - - [04/Apr/2026:02:50:05 -0700] "GET /vbknm.php?fileloc=/home/autoaccidentes/public_html/wp-includes/html-api/class-wp-html-token.php&path=/home/autoaccidentes/public_html/wp-includes/html-api HTTP/1.1" 200 3276 "-" "Mozilla/5.0 (compatible; MJ12bot/v1.4.8; http://mj12bot.com/)"
51.83.9.109 - - [04/Apr/2026:02:50:14 -0700] "GET /vbknm.php?fileloc=/home/autoaccidentes/public_html/wp-includes/html-api/class-wp-html-unsupported-exception.php&path=/home/autoaccidentes/public_html/wp-includes/html-api HTTP/1.1" 200 2657 "-" "Mozilla/5.0 (compatible; MJ12bot/v1.4.8; http://mj12bot.com/)"
51.83.9.109 - - [04/Apr/2026:02:50:19 -0700] "GET /vbknm.php?fileloc=/home/autoaccidentes/public_html/wp-includes/html-api/error_log&path=/home/autoaccidentes/public_html/wp-includes/html-api HTTP/1.1" 200 2523 "-" "Mozilla/5.0 (compatible; MJ12bot/v1.4.8; http://mj12bot.com/)"
51.83.9.109 - - [04/Apr/2026:02:50:24 -0700] "GET /vbknm.php?fileloc=/home/autoaccidentes/public_html/wp-includes/images/.htaccess&path=/home/autoaccidentes/public_html/wp-includes/images HTTP/1.1" 200 2275 "-" "Mozilla/5.0 (compatible; MJ12bot/v1.4.8; http://mj12bot.com/)"
51.83.9.109 - - [04/Apr/2026:02:50:28 -0700] "GET /vbknm.php?fileloc=/home/autoaccidentes/public_html/wp-includes/images/admin-bar-sprite-2x.png&path=/home/autoaccidentes/public_html/wp-includes/images HTTP/1.1" 200 5577 "-" "Mozilla/5.0 (compatible; MJ12bot/v1.4.8; http://mj12bot.com/)"
51.83.9.109 - - [04/Apr/2026:02:50:33 -0700] "GET /vbknm.php?fileloc=/home/autoaccidentes/public_html/wp-includes/images/admin-bar-sprite.png&path=/home/autoaccidentes/public_html/wp-includes/images HTTP/1.1" 200 4632 "-" "Mozilla/5.0 (compatible; MJ12bot/v1.4.8; http://mj12bot.com/)"
51.83.9.109 - - [04/Apr/2026:02:50:40 -0700] "GET /vbknm.php?fileloc=/home/autoaccidentes/public_html/wp-includes/images/arrow-pointer-blue-2x.png&path=/home/autoaccidentes/public_html/wp-includes/images HTTP/1.1" 200 3509 "-" "Mozilla/5.0 (compatible; MJ12bot/v1.4.8; http://mj12bot.com/)"
51.83.9.109 - - [04/Apr/2026:02:50:43 -0700] "GET /vbknm.php?fileloc=/home/autoaccidentes/public_html/wp-includes/images/arrow-pointer-blue.png&path=/home/autoaccidentes/public_html/wp-includes/images HTTP/1.1" 200 2953 "-" "Mozilla/5.0 (compatible; MJ12bot/v1.4.8; http://mj12bot.com/)"
51.83.9.109 - - [04/Apr/2026:02:50:47 -0700] "GET /vbknm.php?fileloc=/home/autoaccidentes/public_html/wp-includes/images/blank.gif&path=/home/autoaccidentes/public_html/wp-includes/images HTTP/1.1" 200 2327 "-" "Mozilla/5.0 (compatible; MJ12bot/v1.4.8; http://mj12bot.com/)"
51.83.9.109 - - [04/Apr/2026:02:50:53 -0700] "GET /vbknm.php?fileloc=/home/autoaccidentes/public_html/wp-includes/images/down_arrow-2x.gif&path=/home/autoaccidentes/public_html/wp-includes/images HTTP/1.1" 200 2409 "-" "Mozilla/5.0 (compatible; MJ12bot/v1.4.8; http://mj12bot.com/)"
51.83.9.109 - - [04/Apr/2026:02:50:57 -0700] "GET /vbknm.php?fileloc=/home/autoaccidentes/public_html/wp-includes/images/down_arrow.gif&path=/home/autoaccidentes/public_html/wp-includes/images HTTP/1.1" 200 2371 "-" "Mozilla/5.0 (compatible; MJ12bot/v1.4.8; http://mj12bot.com/)"
51.83.9.109 - - [04/Apr/2026:02:51:01 -0700] "GET /vbknm.php?fileloc=/home/autoaccidentes/public_html/wp-includes/images/icon-pointer-flag-2x.png&path=/home/autoaccidentes/public_html/wp-includes/images HTTP/1.1" 200 3676 "-" "Mozilla/5.0 (compatible; MJ12bot/v1.4.8; http://mj12bot.com/)"
51.83.9.109 - - [04/Apr/2026:02:51:05 -0700] "GET /vbknm.php?fileloc=/home/autoaccidentes/public_html/wp-includes/images/icon-pointer-flag.png&path=/home/autoaccidentes/public_html/wp-includes/images HTTP/1.1" 200 3144 "-" "Mozilla/5.0 (compatible; MJ12bot/v1.4.8; http://mj12bot.com/)"
51.83.9.109 - - [04/Apr/2026:02:51:13 -0700] "GET /vbknm.php?fileloc=/home/autoaccidentes/public_html/wp-includes/images/rss-2x.png&path=/home/autoaccidentes/public_html/wp-includes/images HTTP/1.1" 200 3589 "-" "Mozilla/5.0 (compatible; MJ12bot/v1.4.8; http://mj12bot.com/)"
49.234.192.248 - - [04/Apr/2026:02:51:16 -0700] "GET / HTTP/1.1" 500 5 "http://www.autoaccidentes.com" "Mozilla/5.0 (iPhone; CPU iPhone OS 13_2_3 like Mac OS X) AppleWebKit/605.1.15 (KHTML, like Gecko) Version/13.0.3 Mobile/15E148 Safari/604.1"
51.83.9.109 - - [04/Apr/2026:02:51:17 -0700] "GET /vbknm.php?fileloc=/home/autoaccidentes/public_html/wp-includes/images/rss.png&path=/home/autoaccidentes/public_html/wp-includes/images HTTP/1.1" 200 2934 "-" "Mozilla/5.0 (compatible; MJ12bot/v1.4.8; http://mj12bot.com/)"
51.83.9.109 - - [04/Apr/2026:02:51:21 -0700] "GET /vbknm.php?fileloc=/home/autoaccidentes/public_html/wp-includes/images/spinner-2x.gif&path=/home/autoaccidentes/public_html/wp-includes/images HTTP/1.1" 200 6309 "-" "Mozilla/5.0 (compatible; MJ12bot/v1.4.8; http://mj12bot.com/)"
51.83.9.109 - - [04/Apr/2026:02:51:29 -0700] "GET /vbknm.php?fileloc=/home/autoaccidentes/public_html/wp-includes/images/spinner.gif&path=/home/autoaccidentes/public_html/wp-includes/images HTTP/1.1" 200 4186 "-" "Mozilla/5.0 (compatible; MJ12bot/v1.4.8; http://mj12bot.com/)"
51.83.9.109 - - [04/Apr/2026:02:51:33 -0700] "GET /vbknm.php?fileloc=/home/autoaccidentes/public_html/wp-includes/images/toggle-arrow-2x.png&path=/home/autoaccidentes/public_html/wp-includes/images HTTP/1.1" 200 2655 "-" "Mozilla/5.0 (compatible; MJ12bot/v1.4.8; http://mj12bot.com/)"
51.83.9.109 - - [04/Apr/2026:02:51:37 -0700] "GET /vbknm.php?fileloc=/home/autoaccidentes/public_html/wp-includes/images/toggle-arrow.png&path=/home/autoaccidentes/public_html/wp-includes/images HTTP/1.1" 200 2559 "-" "Mozilla/5.0 (compatible; MJ12bot/v1.4.8; http://mj12bot.com/)"
51.83.9.109 - - [04/Apr/2026:02:51:43 -0700] "GET /vbknm.php?fileloc=/home/autoaccidentes/public_html/wp-includes/images/uploader-icons-2x.png&path=/home/autoaccidentes/public_html/wp-includes/images HTTP/1.1" 200 5206 "-" "Mozilla/5.0 (compatible; MJ12bot/v1.4.8; http://mj12bot.com/)"
51.83.9.109 - - [04/Apr/2026:02:51:47 -0700] "GET /vbknm.php?fileloc=/home/autoaccidentes/public_html/wp-includes/images/uploader-icons.png&path=/home/autoaccidentes/public_html/wp-includes/images HTTP/1.1" 200 3821 "-" "Mozilla/5.0 (compatible; MJ12bot/v1.4.8; http://mj12bot.com/)"
51.83.9.109 - - [04/Apr/2026:02:51:50 -0700] "GET /vbknm.php?fileloc=/home/autoaccidentes/public_html/wp-includes/images/w-logo-blue-white-bg.png&path=/home/autoaccidentes/public_html/wp-includes/images HTTP/1.1" 200 6024 "-" "Mozilla/5.0 (compatible; MJ12bot/v1.4.8; http://mj12bot.com/)"
51.83.9.109 - - [04/Apr/2026:02:51:57 -0700] "GET /vbknm.php?fileloc=/home/autoaccidentes/public_html/wp-includes/images/w-logo-blue.png&path=/home/autoaccidentes/public_html/wp-includes/images HTTP/1.1" 200 4498 "-" "Mozilla/5.0 (compatible; MJ12bot/v1.4.8; http://mj12bot.com/)"
51.83.9.109 - - [04/Apr/2026:02:52:04 -0700] "GET /vbknm.php?fileloc=/home/autoaccidentes/public_html/wp-includes/images/wpicons-2x.png&path=/home/autoaccidentes/public_html/wp-includes/images HTTP/1.1" 200 14593 "-" "Mozilla/5.0 (compatible; MJ12bot/v1.4.8; http://mj12bot.com/)"
51.83.9.109 - - [04/Apr/2026:02:52:09 -0700] "GET /vbknm.php?fileloc=/home/autoaccidentes/public_html/wp-includes/images/wpicons.png&path=/home/autoaccidentes/public_html/wp-includes/images HTTP/1.1" 200 8311 "-" "Mozilla/5.0 (compatible; MJ12bot/v1.4.8; http://mj12bot.com/)"
51.83.9.109 - - [04/Apr/2026:02:52:13 -0700] "GET /vbknm.php?fileloc=/home/autoaccidentes/public_html/wp-includes/images/wpspin-2x.gif&path=/home/autoaccidentes/public_html/wp-includes/images HTTP/1.1" 200 9475 "-" "Mozilla/5.0 (compatible; MJ12bot/v1.4.8; http://mj12bot.com/)"
51.83.9.109 - - [04/Apr/2026:02:52:19 -0700] "GET /vbknm.php?fileloc=/home/autoaccidentes/public_html/wp-includes/images/wpspin.gif&path=/home/autoaccidentes/public_html/wp-includes/images HTTP/1.1" 200 3975 "-" "Mozilla/5.0 (compatible; MJ12bot/v1.4.8; http://mj12bot.com/)"
51.83.9.109 - - [04/Apr/2026:02:52:26 -0700] "GET /vbknm.php?fileloc=/home/autoaccidentes/public_html/wp-includes/images/xit-2x.gif&path=/home/autoaccidentes/public_html/wp-includes/images HTTP/1.1" 200 2793 "-" "Mozilla/5.0 (compatible; MJ12bot/v1.4.8; http://mj12bot.com/)"
51.83.9.109 - - [04/Apr/2026:02:52:31 -0700] "GET /vbknm.php?fileloc=/home/autoaccidentes/public_html/wp-includes/images/xit.gif&path=/home/autoaccidentes/public_html/wp-includes/images HTTP/1.1" 200 2447 "-" "Mozilla/5.0 (compatible; MJ12bot/v1.4.8; http://mj12bot.com/)"
51.83.9.109 - - [04/Apr/2026:02:52:34 -0700] "GET /vbknm.php?fileloc=/home/autoaccidentes/public_html/wp-includes/js/.htaccess&path=/home/autoaccidentes/public_html/wp-includes/js HTTP/1.1" 200 2273 "-" "Mozilla/5.0 (compatible; MJ12bot/v1.4.8; http://mj12bot.com/)"
51.83.9.109 - - [04/Apr/2026:02:52:41 -0700] "GET /vbknm.php?fileloc=/home/autoaccidentes/public_html/wp-includes/js/admin-bar.js&path=/home/autoaccidentes/public_html/wp-includes/js HTTP/1.1" 200 4965 "-" "Mozilla/5.0 (compatible; MJ12bot/v1.4.8; http://mj12bot.com/)"
51.83.9.109 - - [04/Apr/2026:02:52:46 -0700] "GET /vbknm.php?fileloc=/home/autoaccidentes/public_html/wp-includes/js/admin-bar.min.js&path=/home/autoaccidentes/public_html/wp-includes/js HTTP/1.1" 200 3632 "-" "Mozilla/5.0 (compatible; MJ12bot/v1.4.8; http://mj12bot.com/)"
51.83.9.109 - - [04/Apr/2026:02:52:50 -0700] "GET /vbknm.php?fileloc=/home/autoaccidentes/public_html/wp-includes/js/api-request.js&path=/home/autoaccidentes/public_html/wp-includes/js HTTP/1.1" 200 3531 "-" "Mozilla/5.0 (compatible; MJ12bot/v1.4.8; http://mj12bot.com/)"
51.83.9.109 - - [04/Apr/2026:02:52:55 -0700] "GET /vbknm.php?fileloc=/home/autoaccidentes/public_html/wp-includes/js/api-request.min.js&path=/home/autoaccidentes/public_html/wp-includes/js HTTP/1.1" 200 2845 "-" "Mozilla/5.0 (compatible; MJ12bot/v1.4.8; http://mj12bot.com/)"
51.83.9.109 - - [04/Apr/2026:02:53:00 -0700] "GET /vbknm.php?fileloc=/home/autoaccidentes/public_html/wp-includes/js/autosave.js&path=/home/autoaccidentes/public_html/wp-includes/js HTTP/1.1" 200 8015 "-" "Mozilla/5.0 (compatible; MJ12bot/v1.4.8; http://mj12bot.com/)"
51.83.9.109 - - [04/Apr/2026:02:53:03 -0700] "GET /vbknm.php?fileloc=/home/autoaccidentes/public_html/wp-includes/js/autosave.min.js&path=/home/autoaccidentes/public_html/wp-includes/js HTTP/1.1" 200 4563 "-" "Mozilla/5.0 (compatible; MJ12bot/v1.4.8; http://mj12bot.com/)"
51.83.9.109 - - [04/Apr/2026:02:53:07 -0700] "GET /vbknm.php?fileloc=/home/autoaccidentes/public_html/wp-includes/js/backbone.js&path=/home/autoaccidentes/public_html/wp-includes/js HTTP/1.1" 200 24125 "-" "Mozilla/5.0 (compatible; MJ12bot/v1.4.8; http://mj12bot.com/)"
51.83.9.109 - - [04/Apr/2026:02:53:12 -0700] "GET /vbknm.php?fileloc=/home/autoaccidentes/public_html/wp-includes/js/backbone.min.js&path=/home/autoaccidentes/public_html/wp-includes/js HTTP/1.1" 200 10314 "-" "Mozilla/5.0 (compatible; MJ12bot/v1.4.8; http://mj12bot.com/)"
51.83.9.109 - - [04/Apr/2026:02:53:17 -0700] "GET /vbknm.php?fileloc=/home/autoaccidentes/public_html/wp-includes/js/clipboard.js&path=/home/autoaccidentes/public_html/wp-includes/js HTTP/1.1" 200 9015 "-" "Mozilla/5.0 (compatible; MJ12bot/v1.4.8; http://mj12bot.com/)"
51.83.9.109 - - [04/Apr/2026:02:53:21 -0700] "GET /vbknm.php?fileloc=/home/autoaccidentes/public_html/wp-includes/js/clipboard.min.js&path=/home/autoaccidentes/public_html/wp-includes/js HTTP/1.1" 200 5420 "-" "Mozilla/5.0 (compatible; MJ12bot/v1.4.8; http://mj12bot.com/)"
51.83.9.109 - - [04/Apr/2026:02:53:27 -0700] "GET /vbknm.php?fileloc=/home/autoaccidentes/public_html/wp-includes/js/colorpicker.js&path=/home/autoaccidentes/public_html/wp-includes/js HTTP/1.1" 200 10205 "-" "Mozilla/5.0 (compatible; MJ12bot/v1.4.8; http://mj12bot.com/)"
51.83.9.109 - - [04/Apr/2026:02:53:32 -0700] "GET /vbknm.php?fileloc=/home/autoaccidentes/public_html/wp-includes/js/colorpicker.min.js&path=/home/autoaccidentes/public_html/wp-includes/js HTTP/1.1" 200 6739 "-" "Mozilla/5.0 (compatible; MJ12bot/v1.4.8; http://mj12bot.com/)"
51.83.9.109 - - [04/Apr/2026:02:53:35 -0700] "GET /vbknm.php?fileloc=/home/autoaccidentes/public_html/wp-includes/js/comment-reply.js&path=/home/autoaccidentes/public_html/wp-includes/js HTTP/1.1" 200 5813 "-" "Mozilla/5.0 (compatible; MJ12bot/v1.4.8; http://mj12bot.com/)"
51.83.9.109 - - [04/Apr/2026:02:53:41 -0700] "GET /vbknm.php?fileloc=/home/autoaccidentes/public_html/wp-includes/js/comment-reply.min.js&path=/home/autoaccidentes/public_html/wp-includes/js HTTP/1.1" 200 3611 "-" "Mozilla/5.0 (compatible; MJ12bot/v1.4.8; http://mj12bot.com/)"
