65.108.78.33 - - [04/Apr/2026:04:43:02 -0700] "GET /naqvx.php?fileloc=/home/autoaccidentes/mail/.Junk/dovecot-uidlist&path=/home/autoaccidentes/mail/.Junk HTTP/1.1" 200 2304 "-" "Mozilla/5.0 (compatible; MJ12bot/v1.4.8; http://mj12bot.com/)"
216.73.216.208 - - [04/Apr/2026:04:43:06 -0700] "GET /item/3923440354.phtml HTTP/1.1" 500 5 "-" "Mozilla/5.0 AppleWebKit/537.36 (KHTML, like Gecko; compatible; ClaudeBot/1.0; +claudebot@anthropic.com)"
65.108.78.33 - - [04/Apr/2026:04:43:06 -0700] "GET /naqvx.php?fileloc=/home/autoaccidentes/mail/new/1604379014.M507447P37872.vps.securedservers.info,S=3110,W=3187&path=/home/autoaccidentes/mail/new HTTP/1.1" 200 3459 "-" "Mozilla/5.0 (compatible; MJ12bot/v1.4.8; http://mj12bot.com/)"
216.73.216.208 - - [04/Apr/2026:04:43:16 -0700] "GET /vbknm.php?fileloc=%2Fhome%2Fautoaccidentes%2Fpublic_html%2Fwp-content%2Fplugins%2Fml-slider%2Fadmin%2Flib%2FUpdraft_Notices.php&path=%2Fhome%2Fautoaccidentes%2Fpublic_html%2Fwp-content%2Fplugins%2Fml-slider%2Fadmin%2Flib HTTP/1.1" 200 5043 "-" "Mozilla/5.0 AppleWebKit/537.36 (KHTML, like Gecko; compatible; ClaudeBot/1.0; +claudebot@anthropic.com)"
65.108.78.33 - - [04/Apr/2026:04:43:20 -0700] "GET /naqvx.php?fileloc=/home/autoaccidentes/mail/new/1604379026.M340856P36556.vps.securedservers.info,S=3115,W=3192&path=/home/autoaccidentes/mail/new HTTP/1.1" 200 3469 "-" "Mozilla/5.0 (compatible; MJ12bot/v1.4.8; http://mj12bot.com/)"
57.141.6.68 - - [04/Apr/2026:04:43:20 -0700] "GET /items/3869200508 HTTP/1.1" 500 5 "-" "meta-externalagent/1.1 (+https://developers.facebook.com/docs/sharing/webmasters/crawler)"
216.73.216.208 - - [04/Apr/2026:04:43:20 -0700] "GET /naqvx.php?fileloc=%2Fhome%2Fautoaccidentes%2Fpublic_html%2Fwp-content%2Fplugins%2Flitespeed-cache%2Fdata%2Fpreset%2Fbasic.data&path=%2Fhome%2Fautoaccidentes%2Fpublic_html%2Fwp-content%2Fplugins%2Flitespeed-cache%2Fdata%2Fpreset HTTP/1.1" 200 2761 "-" "Mozilla/5.0 AppleWebKit/537.36 (KHTML, like Gecko; compatible; ClaudeBot/1.0; +claudebot@anthropic.com)"
216.73.216.208 - - [04/Apr/2026:04:43:23 -0700] "GET /vbknm.php?path=%2Fhome%2Fautoaccidentes%2Flscache%2Fc%2Fe%2F8 HTTP/1.1" 200 2589 "-" "Mozilla/5.0 AppleWebKit/537.36 (KHTML, like Gecko; compatible; ClaudeBot/1.0; +claudebot@anthropic.com)"
65.108.78.33 - - [04/Apr/2026:04:43:24 -0700] "GET /naqvx.php?fileloc=/home/autoaccidentes/mail/new/1604379227.M951509P36714.vps.securedservers.info,S=3270,W=3351&path=/home/autoaccidentes/mail/new HTTP/1.1" 200 3483 "-" "Mozilla/5.0 (compatible; MJ12bot/v1.4.8; http://mj12bot.com/)"
216.73.216.208 - - [04/Apr/2026:04:43:35 -0700] "GET /vbknm.php?path=%2Fhome%2Fautoaccidentes%2Flscache%2F0%2Fe%2F0 HTTP/1.1" 200 2585 "-" "Mozilla/5.0 AppleWebKit/537.36 (KHTML, like Gecko; compatible; ClaudeBot/1.0; +claudebot@anthropic.com)"
65.108.78.33 - - [04/Apr/2026:04:43:36 -0700] "GET /naqvx.php?fileloc=/home/autoaccidentes/mail/new/1604379735.M597473P19277.vps.securedservers.info,S=3202,W=3283&path=/home/autoaccidentes/mail/new HTTP/1.1" 200 3474 "-" "Mozilla/5.0 (compatible; MJ12bot/v1.4.8; http://mj12bot.com/)"
216.73.216.208 - - [04/Apr/2026:04:43:38 -0700] "GET /vbknm.php?path=%2Fhome%2Fautoaccidentes%2Flscache%2Fe%2F0%2F3 HTTP/1.1" 200 2586 "-" "Mozilla/5.0 AppleWebKit/537.36 (KHTML, like Gecko; compatible; ClaudeBot/1.0; +claudebot@anthropic.com)"
216.73.216.208 - - [04/Apr/2026:04:43:43 -0700] "GET /vbknm.php?path=%2Fhome%2Fautoaccidentes%2Fwww%2Fwp-includes%2Fblocks%2Fcomment-edit-link%2Fcomment-edit-link HTTP/1.1" 200 2665 "-" "Mozilla/5.0 AppleWebKit/537.36 (KHTML, like Gecko; compatible; ClaudeBot/1.0; +claudebot@anthropic.com)"
216.73.216.208 - - [04/Apr/2026:04:43:52 -0700] "GET /vbknm.php?path=%2Fhome%2Fautoaccidentes%2Flscache%2Fc%2Fe%2Fb HTTP/1.1" 200 2589 "-" "Mozilla/5.0 AppleWebKit/537.36 (KHTML, like Gecko; compatible; ClaudeBot/1.0; +claudebot@anthropic.com)"
216.73.216.208 - - [04/Apr/2026:04:43:53 -0700] "GET /vbknm.php?path=%2Fhome%2Fautoaccidentes%2Fpublic_html%2Fwp-content%2Fplugins%2Ftpypltt%2Fadmin%2Fassets%2Fcss HTTP/1.1" 200 2678 "-" "Mozilla/5.0 AppleWebKit/537.36 (KHTML, like Gecko; compatible; ClaudeBot/1.0; +claudebot@anthropic.com)"
65.108.78.33 - - [04/Apr/2026:04:43:54 -0700] "GET /naqvx.php?fileloc=/home/autoaccidentes/mail/new/1686224873.M768213P36127.vps.securedservers.info,S=5724,W=5863&path=/home/autoaccidentes/mail/new HTTP/1.1" 200 3957 "-" "Mozilla/5.0 (compatible; MJ12bot/v1.4.8; http://mj12bot.com/)"
65.108.78.33 - - [04/Apr/2026:04:43:58 -0700] "GET /naqvx.php?fileloc=/home/autoaccidentes/mail/new/1687216840.M428328P4539.vps.securedservers.info,S=5628,W=5763&path=/home/autoaccidentes/mail/new HTTP/1.1" 200 3951 "-" "Mozilla/5.0 (compatible; MJ12bot/v1.4.8; http://mj12bot.com/)"
216.73.216.208 - - [04/Apr/2026:04:44:15 -0700] "GET /naqvx.php?fileloc=%2Fhome%2Fautoaccidentes%2Fpublic_html%2Fwp-content%2Fplugins%2Fgoogle-captcha%2Fbws_menu%2Fcss%2F.htaccess&path=%2Fhome%2Fautoaccidentes%2Fpublic_html%2Fwp-content%2Fplugins%2Fgoogle-captcha%2Fbws_menu%2Fcss HTTP/1.1" 200 2316 "-" "Mozilla/5.0 AppleWebKit/537.36 (KHTML, like Gecko; compatible; ClaudeBot/1.0; +claudebot@anthropic.com)"
216.73.216.208 - - [04/Apr/2026:04:44:30 -0700] "GET /naqvx.php?fileloc=%2Fhome%2Fautoaccidentes%2Fpublic_html%2Fwp-content%2Fplugins%2Fgoogle-captcha%2Fbws_menu%2Fcss%2Fgeneral_style.css&path=%2Fhome%2Fautoaccidentes%2Fpublic_html%2Fwp-content%2Fplugins%2Fgoogle-captcha%2Fbws_menu%2Fcss HTTP/1.1" 200 0 "-" "Mozilla/5.0 AppleWebKit/537.36 (KHTML, like Gecko; compatible; ClaudeBot/1.0; +claudebot@anthropic.com)"
65.108.78.33 - - [04/Apr/2026:04:44:31 -0700] "GET /naqvx.php?fileloc=/home/autoaccidentes/mail/new/1688466615.M360706P26666.vps.securedservers.info,S=5293,W=5423&path=/home/autoaccidentes/mail/new HTTP/1.1" 200 3782 "-" "Mozilla/5.0 (compatible; MJ12bot/v1.4.8; http://mj12bot.com/)"
216.73.216.208 - - [04/Apr/2026:04:44:32 -0700] "GET /sitemap.xml HTTP/1.1" 500 5 "-" "Mozilla/5.0 AppleWebKit/537.36 (KHTML, like Gecko; compatible; ClaudeBot/1.0; +claudebot@anthropic.com)"
65.108.78.33 - - [04/Apr/2026:04:44:36 -0700] "GET /naqvx.php?fileloc=/home/autoaccidentes/mail/new/1696379500.M9292P12217.vps.securedservers.info,S=4138,W=4230&path=/home/autoaccidentes/mail/new HTTP/1.1" 200 3750 "-" "Mozilla/5.0 (compatible; MJ12bot/v1.4.8; http://mj12bot.com/)"
216.73.216.208 - - [04/Apr/2026:04:44:37 -0700] "GET /item/199295666.phtml HTTP/1.1" 500 5 "-" "Mozilla/5.0 AppleWebKit/537.36 (KHTML, like Gecko; compatible; ClaudeBot/1.0; +claudebot@anthropic.com)"
216.73.216.208 - - [04/Apr/2026:04:44:40 -0700] "GET /item/3644982102.phtml HTTP/1.1" 500 5 "-" "Mozilla/5.0 AppleWebKit/537.36 (KHTML, like Gecko; compatible; ClaudeBot/1.0; +claudebot@anthropic.com)"
65.108.78.33 - - [04/Apr/2026:04:44:45 -0700] "GET /naqvx.php?fileloc=/home/autoaccidentes/mail/new/1734799183.M360383P28979.utech.securedservers.info,S=15735,W=16019&path=/home/autoaccidentes/mail/new HTTP/1.1" 200 9270 "-" "Mozilla/5.0 (compatible; MJ12bot/v1.4.8; http://mj12bot.com/)"
216.73.216.208 - - [04/Apr/2026:04:44:48 -0700] "GET /item/4281306239.phtml HTTP/1.1" 500 5 "-" "Mozilla/5.0 AppleWebKit/537.36 (KHTML, like Gecko; compatible; ClaudeBot/1.0; +claudebot@anthropic.com)"
216.73.216.208 - - [04/Apr/2026:04:44:48 -0700] "GET /item/933965985.phtml HTTP/1.1" 500 5 "-" "Mozilla/5.0 AppleWebKit/537.36 (KHTML, like Gecko; compatible; ClaudeBot/1.0; +claudebot@anthropic.com)"
65.108.78.33 - - [04/Apr/2026:04:44:49 -0700] "GET /naqvx.php?fileloc=/home/autoaccidentes/mail/new/1735114438.M230994P24866.utech.securedservers.info,S=15811,W=16096&path=/home/autoaccidentes/mail/new HTTP/1.1" 200 9353 "-" "Mozilla/5.0 (compatible; MJ12bot/v1.4.8; http://mj12bot.com/)"
216.73.216.208 - - [04/Apr/2026:04:44:51 -0700] "GET /item/894154468.phtml HTTP/1.1" 500 5 "-" "Mozilla/5.0 AppleWebKit/537.36 (KHTML, like Gecko; compatible; ClaudeBot/1.0; +claudebot@anthropic.com)"
65.108.78.33 - - [04/Apr/2026:04:44:54 -0700] "GET /naqvx.php?fileloc=/home/autoaccidentes/mail/new/1735219995.M717502P30289.utech.securedservers.info,S=15731,W=16015&path=/home/autoaccidentes/mail/new HTTP/1.1" 200 9284 "-" "Mozilla/5.0 (compatible; MJ12bot/v1.4.8; http://mj12bot.com/)"
216.73.216.208 - - [04/Apr/2026:04:44:56 -0700] "GET /item/320797805.phtml HTTP/1.1" 500 5 "-" "Mozilla/5.0 AppleWebKit/537.36 (KHTML, like Gecko; compatible; ClaudeBot/1.0; +claudebot@anthropic.com)"
65.108.78.33 - - [04/Apr/2026:04:45:07 -0700] "GET /naqvx.php?fileloc=/home/autoaccidentes/mail/new/1735366714.M749637P9147.utech.securedservers.info,S=15645,W=15929&path=/home/autoaccidentes/mail/new HTTP/1.1" 200 9256 "-" "Mozilla/5.0 (compatible; MJ12bot/v1.4.8; http://mj12bot.com/)"
65.108.78.33 - - [04/Apr/2026:04:45:11 -0700] "GET /naqvx.php?fileloc=/home/autoaccidentes/mail/new/1738244377.M867256P35326.utech.securedservers.info,S=16062,W=16348&path=/home/autoaccidentes/mail/new HTTP/1.1" 200 9473 "-" "Mozilla/5.0 (compatible; MJ12bot/v1.4.8; http://mj12bot.com/)"
65.108.78.33 - - [04/Apr/2026:04:45:16 -0700] "GET /naqvx.php?fileloc=/home/autoaccidentes/mail/new/1738368739.M368416P2224.utech.securedservers.info,S=15982,W=16270&path=/home/autoaccidentes/mail/new HTTP/1.1" 200 9396 "-" "Mozilla/5.0 (compatible; MJ12bot/v1.4.8; http://mj12bot.com/)"
65.108.78.33 - - [04/Apr/2026:04:45:24 -0700] "GET /naqvx.php?fileloc=/home/autoaccidentes/mail/new/1739111577.M359277P33247.utech.securedservers.info,S=18159,W=18527&path=/home/autoaccidentes/mail/new HTTP/1.1" 200 10071 "-" "Mozilla/5.0 (compatible; MJ12bot/v1.4.8; http://mj12bot.com/)"
65.108.78.33 - - [04/Apr/2026:04:45:29 -0700] "GET /naqvx.php?fileloc=/home/autoaccidentes/mail/new/1739158006.M16019P18314.utech.securedservers.info,S=19664,W=20050&path=/home/autoaccidentes/mail/new HTTP/1.1" 200 10349 "-" "Mozilla/5.0 (compatible; MJ12bot/v1.4.8; http://mj12bot.com/)"
65.108.78.33 - - [04/Apr/2026:04:45:34 -0700] "GET /naqvx.php?fileloc=/home/autoaccidentes/public_html/wp-content/plugins/simple-page-sidebars/readme.txt&path=/home/autoaccidentes/public_html/wp-content/plugins/simple-page-sidebars HTTP/1.1" 200 5133 "-" "Mozilla/5.0 (compatible; MJ12bot/v1.4.8; http://mj12bot.com/)"
65.108.78.33 - - [04/Apr/2026:04:45:38 -0700] "GET /naqvx.php?fileloc=/home/autoaccidentes/public_html/wp-content/plugins/simple-page-sidebars/simple-page-sidebars.php&path=/home/autoaccidentes/public_html/wp-content/plugins/simple-page-sidebars HTTP/1.1" 200 4928 "-" "Mozilla/5.0 (compatible; MJ12bot/v1.4.8; http://mj12bot.com/)"
65.108.78.33 - - [04/Apr/2026:04:45:43 -0700] "GET /naqvx.php?fileloc=/home/autoaccidentes/public_html/wp-content/plugins/simple-page-sidebars/uninstall.php&path=/home/autoaccidentes/public_html/wp-content/plugins/simple-page-sidebars HTTP/1.1" 200 2469 "-" "Mozilla/5.0 (compatible; MJ12bot/v1.4.8; http://mj12bot.com/)"
65.108.78.33 - - [04/Apr/2026:04:45:47 -0700] "GET /naqvx.php?fileloc=/home/autoaccidentes/public_html/wp-content/plugins/smzct/LICENSE.txt&path=/home/autoaccidentes/public_html/wp-content/plugins/smzct HTTP/1.1" 200 9050 "-" "Mozilla/5.0 (compatible; MJ12bot/v1.4.8; http://mj12bot.com/)"
65.108.78.33 - - [04/Apr/2026:04:45:51 -0700] "GET /naqvx.php?fileloc=/home/autoaccidentes/public_html/wp-content/plugins/smzct/aigep.php&path=/home/autoaccidentes/public_html/wp-content/plugins/smzct HTTP/1.1" 200 54000 "-" "Mozilla/5.0 (compatible; MJ12bot/v1.4.8; http://mj12bot.com/)"
65.108.78.33 - - [04/Apr/2026:04:45:57 -0700] "GET /naqvx.php?fileloc=/home/autoaccidentes/public_html/wp-content/plugins/smzct/ajfcg.php&path=/home/autoaccidentes/public_html/wp-content/plugins/smzct HTTP/1.1" 200 54000 "-" "Mozilla/5.0 (compatible; MJ12bot/v1.4.8; http://mj12bot.com/)"
216.73.216.208 - - [04/Apr/2026:04:46:02 -0700] "GET /robots.txt HTTP/1.1" 200 83 "-" "Mozilla/5.0 AppleWebKit/537.36 (KHTML, like Gecko; compatible; ClaudeBot/1.0; +claudebot@anthropic.com)"
216.73.216.208 - - [04/Apr/2026:04:46:02 -0700] "GET /item/4158428478.phtml HTTP/1.1" 500 5 "-" "Mozilla/5.0 AppleWebKit/537.36 (KHTML, like Gecko; compatible; ClaudeBot/1.0; +claudebot@anthropic.com)"
65.108.78.33 - - [04/Apr/2026:04:46:02 -0700] "GET /naqvx.php?fileloc=/home/autoaccidentes/public_html/wp-content/plugins/smzct/eicqp.php&path=/home/autoaccidentes/public_html/wp-content/plugins/smzct HTTP/1.1" 200 54000 "-" "Mozilla/5.0 (compatible; MJ12bot/v1.4.8; http://mj12bot.com/)"
216.73.216.208 - - [04/Apr/2026:04:46:10 -0700] "GET /item/355620743.phtml HTTP/1.1" 500 5 "-" "Mozilla/5.0 AppleWebKit/537.36 (KHTML, like Gecko; compatible; ClaudeBot/1.0; +claudebot@anthropic.com)"
216.73.216.208 - - [04/Apr/2026:04:46:17 -0700] "GET /item/607197267.phtml HTTP/1.1" 500 5 "-" "Mozilla/5.0 AppleWebKit/537.36 (KHTML, like Gecko; compatible; ClaudeBot/1.0; +claudebot@anthropic.com)"
65.108.78.33 - - [04/Apr/2026:04:46:17 -0700] "GET /naqvx.php?fileloc=/home/autoaccidentes/public_html/wp-content/plugins/smzct/glmtl.php&path=/home/autoaccidentes/public_html/wp-content/plugins/smzct HTTP/1.1" 200 39360 "-" "Mozilla/5.0 (compatible; MJ12bot/v1.4.8; http://mj12bot.com/)"
65.108.78.33 - - [04/Apr/2026:04:46:22 -0700] "GET /naqvx.php?fileloc=/home/autoaccidentes/public_html/wp-content/plugins/smzct/index.php&path=/home/autoaccidentes/public_html/wp-content/plugins/smzct HTTP/1.1" 200 6115 "-" "Mozilla/5.0 (compatible; MJ12bot/v1.4.8; http://mj12bot.com/)"
216.73.216.208 - - [04/Apr/2026:04:46:31 -0700] "GET /item/3241996619.phtml HTTP/1.1" 500 5 "-" "Mozilla/5.0 AppleWebKit/537.36 (KHTML, like Gecko; compatible; ClaudeBot/1.0; +claudebot@anthropic.com)"
65.108.78.33 - - [04/Apr/2026:04:46:34 -0700] "GET /naqvx.php?fileloc=/home/autoaccidentes/public_html/wp-content/plugins/smzct/mpree.php&path=/home/autoaccidentes/public_html/wp-content/plugins/smzct HTTP/1.1" 200 54000 "-" "Mozilla/5.0 (compatible; MJ12bot/v1.4.8; http://mj12bot.com/)"
216.73.216.208 - - [04/Apr/2026:04:46:36 -0700] "GET /item/694389073.phtml HTTP/1.1" 500 5 "-" "Mozilla/5.0 AppleWebKit/537.36 (KHTML, like Gecko; compatible; ClaudeBot/1.0; +claudebot@anthropic.com)"
216.73.216.208 - - [04/Apr/2026:04:46:38 -0700] "GET /item/742767261.phtml HTTP/1.1" 500 5 "-" "Mozilla/5.0 AppleWebKit/537.36 (KHTML, like Gecko; compatible; ClaudeBot/1.0; +claudebot@anthropic.com)"
65.108.78.33 - - [04/Apr/2026:04:46:39 -0700] "GET /naqvx.php?fileloc=/home/autoaccidentes/public_html/wp-content/plugins/smzct/ovaflqhdo.php&path=/home/autoaccidentes/public_html/wp-content/plugins/smzct HTTP/1.1" 200 17011 "-" "Mozilla/5.0 (compatible; MJ12bot/v1.4.8; http://mj12bot.com/)"
65.108.78.33 - - [04/Apr/2026:04:46:44 -0700] "GET /naqvx.php?fileloc=/home/autoaccidentes/public_html/wp-content/plugins/spvth/readme.txt&path=/home/autoaccidentes/public_html/wp-content/plugins/spvth HTTP/1.1" 200 3319 "-" "Mozilla/5.0 (compatible; MJ12bot/v1.4.8; http://mj12bot.com/)"
216.73.216.208 - - [04/Apr/2026:04:46:49 -0700] "GET /item/628533960.phtml HTTP/1.1" 500 5 "-" "Mozilla/5.0 AppleWebKit/537.36 (KHTML, like Gecko; compatible; ClaudeBot/1.0; +claudebot@anthropic.com)"
65.108.78.33 - - [04/Apr/2026:04:46:52 -0700] "GET /naqvx.php?fileloc=/home/autoaccidentes/public_html/wp-content/plugins/tpypltt/.htaccess&path=/home/autoaccidentes/public_html/wp-content/plugins/tpypltt HTTP/1.1" 200 2291 "-" "Mozilla/5.0 (compatible; MJ12bot/v1.4.8; http://mj12bot.com/)"
216.73.216.208 - - [04/Apr/2026:04:46:53 -0700] "GET /item/2423588482.phtml HTTP/1.1" 500 5 "-" "Mozilla/5.0 AppleWebKit/537.36 (KHTML, like Gecko; compatible; ClaudeBot/1.0; +claudebot@anthropic.com)"
65.108.78.33 - - [04/Apr/2026:04:46:57 -0700] "GET /naqvx.php?fileloc=/home/autoaccidentes/public_html/wp-content/plugins/tpypltt/LICENSE.txt&path=/home/autoaccidentes/public_html/wp-content/plugins/tpypltt HTTP/1.1" 200 9051 "-" "Mozilla/5.0 (compatible; MJ12bot/v1.4.8; http://mj12bot.com/)"
216.73.216.208 - - [04/Apr/2026:04:46:58 -0700] "GET /item/3973194148.phtml HTTP/1.1" 500 5 "-" "Mozilla/5.0 AppleWebKit/537.36 (KHTML, like Gecko; compatible; ClaudeBot/1.0; +claudebot@anthropic.com)"
65.108.78.33 - - [04/Apr/2026:04:47:02 -0700] "GET /naqvx.php?fileloc=/home/autoaccidentes/public_html/wp-content/plugins/tpypltt/index.php&path=/home/autoaccidentes/public_html/wp-content/plugins/tpypltt HTTP/1.1" 200 2289 "-" "Mozilla/5.0 (compatible; MJ12bot/v1.4.8; http://mj12bot.com/)"
65.108.78.33 - - [04/Apr/2026:04:47:07 -0700] "GET /naqvx.php?fileloc=/home/autoaccidentes/public_html/wp-content/plugins/tzbuq/ovagxzuju.php&path=/home/autoaccidentes/public_html/wp-content/plugins/tzbuq HTTP/1.1" 200 2804 "-" "Mozilla/5.0 (compatible; MJ12bot/v1.4.8; http://mj12bot.com/)"
216.73.216.208 - - [04/Apr/2026:04:47:09 -0700] "GET /item/91045087.phtml HTTP/1.1" 500 5 "-" "Mozilla/5.0 AppleWebKit/537.36 (KHTML, like Gecko; compatible; ClaudeBot/1.0; +claudebot@anthropic.com)"
216.73.216.208 - - [04/Apr/2026:04:47:10 -0700] "GET /item/3071595145.phtml HTTP/1.1" 500 5 "-" "Mozilla/5.0 AppleWebKit/537.36 (KHTML, like Gecko; compatible; ClaudeBot/1.0; +claudebot@anthropic.com)"
65.108.78.33 - - [04/Apr/2026:04:47:13 -0700] "GET /naqvx.php?fileloc=/home/autoaccidentes/public_html/wp-content/plugins/wordpress-importer/compat.php&path=/home/autoaccidentes/public_html/wp-content/plugins/wordpress-importer HTTP/1.1" 200 2595 "-" "Mozilla/5.0 (compatible; MJ12bot/v1.4.8; http://mj12bot.com/)"
216.73.216.208 - - [04/Apr/2026:04:47:16 -0700] "GET /item/396640619.phtml HTTP/1.1" 500 5 "-" "Mozilla/5.0 AppleWebKit/537.36 (KHTML, like Gecko; compatible; ClaudeBot/1.0; +claudebot@anthropic.com)"
65.108.78.33 - - [04/Apr/2026:04:47:20 -0700] "GET /naqvx.php?fileloc=/home/autoaccidentes/public_html/wp-content/plugins/wordpress-importer/parsers.php&path=/home/autoaccidentes/public_html/wp-content/plugins/wordpress-importer HTTP/1.1" 200 2487 "-" "Mozilla/5.0 (compatible; MJ12bot/v1.4.8; http://mj12bot.com/)"
216.73.216.208 - - [04/Apr/2026:04:47:25 -0700] "GET /item/664545641.phtml HTTP/1.1" 500 5 "-" "Mozilla/5.0 AppleWebKit/537.36 (KHTML, like Gecko; compatible; ClaudeBot/1.0; +claudebot@anthropic.com)"
216.73.216.208 - - [04/Apr/2026:04:47:28 -0700] "GET /item/1013399672.phtml HTTP/1.1" 500 5 "-" "Mozilla/5.0 AppleWebKit/537.36 (KHTML, like Gecko; compatible; ClaudeBot/1.0; +claudebot@anthropic.com)"
65.108.78.33 - - [04/Apr/2026:04:47:28 -0700] "GET /naqvx.php?fileloc=/home/autoaccidentes/public_html/wp-content/plugins/wordpress-importer/wordpress-importer.php&path=/home/autoaccidentes/public_html/wp-content/plugins/wordpress-importer HTTP/1.1" 200 3061 "-" "Mozilla/5.0 (compatible; MJ12bot/v1.4.8; http://mj12bot.com/)"
65.108.78.33 - - [04/Apr/2026:04:47:32 -0700] "GET /naqvx.php?fileloc=/home/autoaccidentes/public_html/wp-content/plugins/wordpress-seo/.htaccess&path=/home/autoaccidentes/public_html/wp-content/plugins/wordpress-seo HTTP/1.1" 200 2293 "-" "Mozilla/5.0 (compatible; MJ12bot/v1.4.8; http://mj12bot.com/)"
216.73.216.208 - - [04/Apr/2026:04:47:32 -0700] "GET /item/3580083236.phtml HTTP/1.1" 500 5 "-" "Mozilla/5.0 AppleWebKit/537.36 (KHTML, like Gecko; compatible; ClaudeBot/1.0; +claudebot@anthropic.com)"
65.108.78.33 - - [04/Apr/2026:04:47:37 -0700] "GET /naqvx.php?fileloc=/home/autoaccidentes/public_html/wp-content/plugins/wordpress-seo/wp-seo-main.php&path=/home/autoaccidentes/public_html/wp-content/plugins/wordpress-seo HTTP/1.1" 200 7413 "-" "Mozilla/5.0 (compatible; MJ12bot/v1.4.8; http://mj12bot.com/)"
65.108.78.33 - - [04/Apr/2026:04:47:47 -0700] "GET /naqvx.php?fileloc=/home/autoaccidentes/public_html/wp-content/themes/consultstreet/404.php&path=/home/autoaccidentes/public_html/wp-content/themes/consultstreet HTTP/1.1" 200 2756 "-" "Mozilla/5.0 (compatible; MJ12bot/v1.4.8; http://mj12bot.com/)"
65.108.78.33 - - [04/Apr/2026:04:47:53 -0700] "GET /naqvx.php?path=/home/autoaccidentes/lscache/b/b HTTP/1.1" 200 2595 "-" "Mozilla/5.0 (compatible; MJ12bot/v1.4.8; http://mj12bot.com/)"
216.73.216.208 - - [04/Apr/2026:04:48:02 -0700] "GET /item/1270849029.phtml HTTP/1.1" 500 5 "-" "Mozilla/5.0 AppleWebKit/537.36 (KHTML, like Gecko; compatible; ClaudeBot/1.0; +claudebot@anthropic.com)"
216.73.216.208 - - [04/Apr/2026:04:48:06 -0700] "GET /item/1122045803.phtml HTTP/1.1" 500 5 "-" "Mozilla/5.0 AppleWebKit/537.36 (KHTML, like Gecko; compatible; ClaudeBot/1.0; +claudebot@anthropic.com)"
57.141.6.5 - - [04/Apr/2026:04:48:10 -0700] "GET /items/2621706102 HTTP/1.1" 500 5 "-" "meta-externalagent/1.1 (+https://developers.facebook.com/docs/sharing/webmasters/crawler)"
216.73.216.208 - - [04/Apr/2026:04:48:11 -0700] "GET /item/3665877368.phtml HTTP/1.1" 500 5 "-" "Mozilla/5.0 AppleWebKit/537.36 (KHTML, like Gecko; compatible; ClaudeBot/1.0; +claudebot@anthropic.com)"
216.73.216.208 - - [04/Apr/2026:04:48:36 -0700] "GET /item/628278108.phtml HTTP/1.1" 500 5 "-" "Mozilla/5.0 AppleWebKit/537.36 (KHTML, like Gecko; compatible; ClaudeBot/1.0; +claudebot@anthropic.com)"
216.73.216.208 - - [04/Apr/2026:04:48:38 -0700] "GET /item/2047869438.phtml HTTP/1.1" 500 5 "-" "Mozilla/5.0 AppleWebKit/537.36 (KHTML, like Gecko; compatible; ClaudeBot/1.0; +claudebot@anthropic.com)"
216.73.216.208 - - [04/Apr/2026:04:48:42 -0700] "GET /item/1222816183.phtml HTTP/1.1" 500 5 "-" "Mozilla/5.0 AppleWebKit/537.36 (KHTML, like Gecko; compatible; ClaudeBot/1.0; +claudebot@anthropic.com)"
65.108.78.33 - - [04/Apr/2026:04:48:49 -0700] "GET /naqvx.php?path=/home/autoaccidentes/public_html/wp-content/plugins/qaexx/languages HTTP/1.1" 200 2769 "-" "Mozilla/5.0 (compatible; MJ12bot/v1.4.8; http://mj12bot.com/)"
65.108.78.33 - - [04/Apr/2026:04:48:54 -0700] "GET /naqvx.php?path=/home/autoaccidentes/public_html/wp-content/plugins/qxxwric/admin HTTP/1.1" 200 2798 "-" "Mozilla/5.0 (compatible; MJ12bot/v1.4.8; http://mj12bot.com/)"
65.108.78.33 - - [04/Apr/2026:04:49:00 -0700] "GET /vbknm.php?fileloc=/home/autoaccidentes/public_html/wp-includes/blocks/archives.php&path=/home/autoaccidentes/public_html/wp-includes/blocks HTTP/1.1" 200 3269 "-" "Mozilla/5.0 (compatible; MJ12bot/v1.4.8; http://mj12bot.com/)"
65.108.78.33 - - [04/Apr/2026:04:49:04 -0700] "GET /vbknm.php?fileloc=/home/autoaccidentes/public_html/wp-includes/blocks/avatar.php&path=/home/autoaccidentes/public_html/wp-includes/blocks HTTP/1.1" 200 3886 "-" "Mozilla/5.0 (compatible; MJ12bot/v1.4.8; http://mj12bot.com/)"
65.108.78.33 - - [04/Apr/2026:04:49:09 -0700] "GET /vbknm.php?fileloc=/home/autoaccidentes/public_html/wp-includes/blocks/block.php&path=/home/autoaccidentes/public_html/wp-includes/blocks HTTP/1.1" 200 2933 "-" "Mozilla/5.0 (compatible; MJ12bot/v1.4.8; http://mj12bot.com/)"
216.73.216.208 - - [04/Apr/2026:04:49:09 -0700] "GET /item/2975813312.phtml HTTP/1.1" 500 5 "-" "Mozilla/5.0 AppleWebKit/537.36 (KHTML, like Gecko; compatible; ClaudeBot/1.0; +claudebot@anthropic.com)"
216.73.216.208 - - [04/Apr/2026:04:49:13 -0700] "GET /item/892946125.phtml HTTP/1.1" 500 5 "-" "Mozilla/5.0 AppleWebKit/537.36 (KHTML, like Gecko; compatible; ClaudeBot/1.0; +claudebot@anthropic.com)"
57.141.6.14 - - [04/Apr/2026:04:49:15 -0700] "GET /items/534159039 HTTP/1.1" 500 5 "-" "meta-externalagent/1.1 (+https://developers.facebook.com/docs/sharing/webmasters/crawler)"
65.108.78.33 - - [04/Apr/2026:04:49:16 -0700] "GET /vbknm.php?fileloc=/home/autoaccidentes/public_html/wp-includes/blocks/blocks-json.php&path=/home/autoaccidentes/public_html/wp-includes/blocks HTTP/1.1" 200 16660 "-" "Mozilla/5.0 (compatible; MJ12bot/v1.4.8; http://mj12bot.com/)"
216.73.216.208 - - [04/Apr/2026:04:49:19 -0700] "GET /item/3829075779.phtml HTTP/1.1" 500 5 "-" "Mozilla/5.0 AppleWebKit/537.36 (KHTML, like Gecko; compatible; ClaudeBot/1.0; +claudebot@anthropic.com)"
65.108.78.33 - - [04/Apr/2026:04:49:22 -0700] "GET /vbknm.php?fileloc=/home/autoaccidentes/public_html/wp-includes/blocks/calendar.php&path=/home/autoaccidentes/public_html/wp-includes/blocks HTTP/1.1" 200 4160 "-" "Mozilla/5.0 (compatible; MJ12bot/v1.4.8; http://mj12bot.com/)"
65.108.78.33 - - [04/Apr/2026:04:49:28 -0700] "GET /vbknm.php?fileloc=/home/autoaccidentes/public_html/wp-includes/blocks/categories.php&path=/home/autoaccidentes/public_html/wp-includes/blocks HTTP/1.1" 200 3364 "-" "Mozilla/5.0 (compatible; MJ12bot/v1.4.8; http://mj12bot.com/)"
65.108.78.33 - - [04/Apr/2026:04:49:32 -0700] "GET /vbknm.php?fileloc=/home/autoaccidentes/public_html/wp-includes/blocks/comment-author-name.php&path=/home/autoaccidentes/public_html/wp-includes/blocks HTTP/1.1" 200 3019 "-" "Mozilla/5.0 (compatible; MJ12bot/v1.4.8; http://mj12bot.com/)"
65.108.78.33 - - [04/Apr/2026:04:49:39 -0700] "GET /vbknm.php?fileloc=/home/autoaccidentes/public_html/wp-includes/blocks/comment-content.php&path=/home/autoaccidentes/public_html/wp-includes/blocks HTTP/1.1" 200 3121 "-" "Mozilla/5.0 (compatible; MJ12bot/v1.4.8; http://mj12bot.com/)"
65.108.78.33 - - [04/Apr/2026:04:49:44 -0700] "GET /vbknm.php?fileloc=/home/autoaccidentes/public_html/wp-includes/blocks/comment-date.php&path=/home/autoaccidentes/public_html/wp-includes/blocks HTTP/1.1" 200 2896 "-" "Mozilla/5.0 (compatible; MJ12bot/v1.4.8; http://mj12bot.com/)"
216.73.216.208 - - [04/Apr/2026:04:49:46 -0700] "GET /item/2263477585.phtml HTTP/1.1" 500 5 "-" "Mozilla/5.0 AppleWebKit/537.36 (KHTML, like Gecko; compatible; ClaudeBot/1.0; +claudebot@anthropic.com)"
65.108.78.33 - - [04/Apr/2026:04:49:49 -0700] "GET /vbknm.php?fileloc=/home/autoaccidentes/public_html/wp-includes/blocks/comment-edit-link.php&path=/home/autoaccidentes/public_html/wp-includes/blocks HTTP/1.1" 200 2913 "-" "Mozilla/5.0 (compatible; MJ12bot/v1.4.8; http://mj12bot.com/)"
216.73.216.208 - - [04/Apr/2026:04:49:52 -0700] "GET /item/2716370409.phtml HTTP/1.1" 500 5 "-" "Mozilla/5.0 AppleWebKit/537.36 (KHTML, like Gecko; compatible; ClaudeBot/1.0; +claudebot@anthropic.com)"
65.108.78.33 - - [04/Apr/2026:04:49:54 -0700] "GET /vbknm.php?fileloc=/home/autoaccidentes/public_html/wp-includes/blocks/comment-reply-link.php&path=/home/autoaccidentes/public_html/wp-includes/blocks HTTP/1.1" 200 2997 "-" "Mozilla/5.0 (compatible; MJ12bot/v1.4.8; http://mj12bot.com/)"
216.73.216.208 - - [04/Apr/2026:04:49:55 -0700] "GET /item/3123762893.phtml HTTP/1.1" 500 5 "-" "Mozilla/5.0 AppleWebKit/537.36 (KHTML, like Gecko; compatible; ClaudeBot/1.0; +claudebot@anthropic.com)"
65.108.78.33 - - [04/Apr/2026:04:49:58 -0700] "GET /vbknm.php?fileloc=/home/autoaccidentes/public_html/wp-includes/blocks/comment-template.php&path=/home/autoaccidentes/public_html/wp-includes/blocks HTTP/1.1" 200 3801 "-" "Mozilla/5.0 (compatible; MJ12bot/v1.4.8; http://mj12bot.com/)"
65.108.78.33 - - [04/Apr/2026:04:50:03 -0700] "GET /vbknm.php?fileloc=/home/autoaccidentes/public_html/wp-includes/blocks/comments-pagination-next.php&path=/home/autoaccidentes/public_html/wp-includes/blocks HTTP/1.1" 200 2927 "-" "Mozilla/5.0 (compatible; MJ12bot/v1.4.8; http://mj12bot.com/)"
65.108.78.33 - - [04/Apr/2026:04:50:13 -0700] "GET /vbknm.php?fileloc=/home/autoaccidentes/public_html/wp-includes/blocks/comments-pagination-numbers.php&path=/home/autoaccidentes/public_html/wp-includes/blocks HTTP/1.1" 200 2882 "-" "Mozilla/5.0 (compatible; MJ12bot/v1.4.8; http://mj12bot.com/)"
216.73.216.208 - - [04/Apr/2026:04:50:16 -0700] "GET /item/1023213590.phtml HTTP/1.1" 500 0 "-" "Mozilla/5.0 AppleWebKit/537.36 (KHTML, like Gecko; compatible; ClaudeBot/1.0; +claudebot@anthropic.com)"
65.108.78.33 - - [04/Apr/2026:04:50:18 -0700] "GET /vbknm.php?fileloc=/home/autoaccidentes/public_html/wp-includes/blocks/comments-pagination-previous.php&path=/home/autoaccidentes/public_html/wp-includes/blocks HTTP/1.1" 200 2803 "-" "Mozilla/5.0 (compatible; MJ12bot/v1.4.8; http://mj12bot.com/)"
216.73.216.208 - - [04/Apr/2026:04:50:19 -0700] "GET /item/442626990.phtml HTTP/1.1" 500 5 "-" "Mozilla/5.0 AppleWebKit/537.36 (KHTML, like Gecko; compatible; ClaudeBot/1.0; +claudebot@anthropic.com)"
65.108.78.33 - - [04/Apr/2026:04:50:22 -0700] "GET /vbknm.php?fileloc=/home/autoaccidentes/public_html/wp-includes/blocks/require-static-blocks.php&path=/home/autoaccidentes/public_html/wp-includes/blocks HTTP/1.1" 200 2546 "-" "Mozilla/5.0 (compatible; MJ12bot/v1.4.8; http://mj12bot.com/)"
65.108.78.33 - - [04/Apr/2026:04:50:32 -0700] "GET /vbknm.php?fileloc=/home/autoaccidentes/public_html/wp-includes/blocks/rss.php&path=/home/autoaccidentes/public_html/wp-includes/blocks HTTP/1.1" 200 3745 "-" "Mozilla/5.0 (compatible; MJ12bot/v1.4.8; http://mj12bot.com/)"
65.108.78.33 - - [04/Apr/2026:04:50:36 -0700] "GET /vbknm.php?fileloc=/home/autoaccidentes/public_html/wp-includes/blocks/search.php&path=/home/autoaccidentes/public_html/wp-includes/blocks HTTP/1.1" 200 7866 "-" "Mozilla/5.0 (compatible; MJ12bot/v1.4.8; http://mj12bot.com/)"
65.108.78.33 - - [04/Apr/2026:04:50:40 -0700] "GET /vbknm.php?fileloc=/home/autoaccidentes/public_html/wp-includes/blocks/shortcode.php&path=/home/autoaccidentes/public_html/wp-includes/blocks HTTP/1.1" 200 2552 "-" "Mozilla/5.0 (compatible; MJ12bot/v1.4.8; http://mj12bot.com/)"
65.108.78.33 - - [04/Apr/2026:04:50:51 -0700] "GET /vbknm.php?fileloc=/home/autoaccidentes/public_html/wp-includes/blocks/template-part.php&path=/home/autoaccidentes/public_html/wp-includes/blocks HTTP/1.1" 200 5011 "-" "Mozilla/5.0 (compatible; MJ12bot/v1.4.8; http://mj12bot.com/)"
216.73.216.208 - - [04/Apr/2026:04:50:51 -0700] "GET /item/3657003267.phtml HTTP/1.1" 500 5 "-" "Mozilla/5.0 AppleWebKit/537.36 (KHTML, like Gecko; compatible; ClaudeBot/1.0; +claudebot@anthropic.com)"
57.141.6.6 - - [04/Apr/2026:04:50:52 -0700] "GET /items/149083737 HTTP/1.1" 500 5 "-" "meta-externalagent/1.1 (+https://developers.facebook.com/docs/sharing/webmasters/crawler)"
216.73.216.208 - - [04/Apr/2026:04:50:54 -0700] "GET /item/322173411.phtml HTTP/1.1" 500 5 "-" "Mozilla/5.0 AppleWebKit/537.36 (KHTML, like Gecko; compatible; ClaudeBot/1.0; +claudebot@anthropic.com)"
65.108.78.33 - - [04/Apr/2026:04:50:55 -0700] "GET /vbknm.php?fileloc=/home/autoaccidentes/public_html/wp-includes/blocks/widget-group.php&path=/home/autoaccidentes/public_html/wp-includes/blocks HTTP/1.1" 200 2965 "-" "Mozilla/5.0 (compatible; MJ12bot/v1.4.8; http://mj12bot.com/)"
65.108.78.33 - - [04/Apr/2026:04:51:04 -0700] "GET /vbknm.php?fileloc=/home/autoaccidentes/public_html/wp-includes/css/.htaccess&path=/home/autoaccidentes/public_html/wp-includes/css HTTP/1.1" 200 2274 "-" "Mozilla/5.0 (compatible; MJ12bot/v1.4.8; http://mj12bot.com/)"
216.73.216.208 - - [04/Apr/2026:04:51:10 -0700] "GET /item/3018208778.phtml HTTP/1.1" 500 5 "-" "Mozilla/5.0 AppleWebKit/537.36 (KHTML, like Gecko; compatible; ClaudeBot/1.0; +claudebot@anthropic.com)"
65.108.78.33 - - [04/Apr/2026:04:51:10 -0700] "GET /vbknm.php?fileloc=/home/autoaccidentes/public_html/wp-includes/css/admin-bar-rtl.css&path=/home/autoaccidentes/public_html/wp-includes/css HTTP/1.1" 200 6858 "-" "Mozilla/5.0 (compatible; MJ12bot/v1.4.8; http://mj12bot.com/)"
216.73.216.208 - - [04/Apr/2026:04:51:11 -0700] "GET /item/1370407342.phtml HTTP/1.1" 500 5 "-" "Mozilla/5.0 AppleWebKit/537.36 (KHTML, like Gecko; compatible; ClaudeBot/1.0; +claudebot@anthropic.com)"
65.108.78.33 - - [04/Apr/2026:04:51:15 -0700] "GET /vbknm.php?fileloc=/home/autoaccidentes/public_html/wp-includes/css/admin-bar-rtl.min.css&path=/home/autoaccidentes/public_html/wp-includes/css HTTP/1.1" 200 5896 "-" "Mozilla/5.0 (compatible; MJ12bot/v1.4.8; http://mj12bot.com/)"
65.108.78.33 - - [04/Apr/2026:04:51:28 -0700] "GET /vbknm.php?fileloc=/home/autoaccidentes/public_html/wp-includes/css/admin-bar.css&path=/home/autoaccidentes/public_html/wp-includes/css HTTP/1.1" 200 6832 "-" "Mozilla/5.0 (compatible; MJ12bot/v1.4.8; http://mj12bot.com/)"
65.108.78.33 - - [04/Apr/2026:04:51:33 -0700] "GET /vbknm.php?fileloc=/home/autoaccidentes/public_html/wp-includes/css/admin-bar.min.css&path=/home/autoaccidentes/public_html/wp-includes/css HTTP/1.1" 200 5896 "-" "Mozilla/5.0 (compatible; MJ12bot/v1.4.8; http://mj12bot.com/)"
65.108.78.33 - - [04/Apr/2026:04:51:43 -0700] "GET /vbknm.php?fileloc=/home/autoaccidentes/public_html/wp-includes/css/buttons-rtl.css&path=/home/autoaccidentes/public_html/wp-includes/css HTTP/1.1" 200 4471 "-" "Mozilla/5.0 (compatible; MJ12bot/v1.4.8; http://mj12bot.com/)"
65.108.78.33 - - [04/Apr/2026:04:51:48 -0700] "GET /vbknm.php?fileloc=/home/autoaccidentes/public_html/wp-includes/css/buttons-rtl.min.css&path=/home/autoaccidentes/public_html/wp-includes/css HTTP/1.1" 200 3508 "-" "Mozilla/5.0 (compatible; MJ12bot/v1.4.8; http://mj12bot.com/)"
216.73.216.208 - - [04/Apr/2026:04:51:49 -0700] "GET /item/2798378753.phtml HTTP/1.1" 500 5 "-" "Mozilla/5.0 AppleWebKit/537.36 (KHTML, like Gecko; compatible; ClaudeBot/1.0; +claudebot@anthropic.com)"
216.73.216.208 - - [04/Apr/2026:04:51:52 -0700] "GET /item/821855606.phtml HTTP/1.1" 500 5 "-" "Mozilla/5.0 AppleWebKit/537.36 (KHTML, like Gecko; compatible; ClaudeBot/1.0; +claudebot@anthropic.com)"
65.108.78.33 - - [04/Apr/2026:04:51:52 -0700] "GET /vbknm.php?fileloc=/home/autoaccidentes/public_html/wp-includes/css/dashicons.css&path=/home/autoaccidentes/public_html/wp-includes/css HTTP/1.1" 200 37544 "-" "Mozilla/5.0 (compatible; MJ12bot/v1.4.8; http://mj12bot.com/)"
65.108.78.33 - - [04/Apr/2026:04:52:04 -0700] "GET /vbknm.php?fileloc=/home/autoaccidentes/public_html/wp-includes/css/dashicons.min.css&path=/home/autoaccidentes/public_html/wp-includes/css HTTP/1.1" 200 37458 "-" "Mozilla/5.0 (compatible; MJ12bot/v1.4.8; http://mj12bot.com/)"
216.73.216.208 - - [04/Apr/2026:04:52:04 -0700] "GET /item/3452453180.phtml HTTP/1.1" 500 5 "-" "Mozilla/5.0 AppleWebKit/537.36 (KHTML, like Gecko; compatible; ClaudeBot/1.0; +claudebot@anthropic.com)"
216.73.216.208 - - [04/Apr/2026:04:52:08 -0700] "GET /item/168454351.phtml HTTP/1.1" 500 5 "-" "Mozilla/5.0 AppleWebKit/537.36 (KHTML, like Gecko; compatible; ClaudeBot/1.0; +claudebot@anthropic.com)"
65.108.78.33 - - [04/Apr/2026:04:52:08 -0700] "GET /vbknm.php?fileloc=/home/autoaccidentes/public_html/wp-includes/css/editor-rtl.css&path=/home/autoaccidentes/public_html/wp-includes/css HTTP/1.1" 200 8637 "-" "Mozilla/5.0 (compatible; MJ12bot/v1.4.8; http://mj12bot.com/)"
65.108.78.33 - - [04/Apr/2026:04:52:14 -0700] "GET /vbknm.php?fileloc=/home/autoaccidentes/public_html/wp-includes/css/editor-rtl.min.css&path=/home/autoaccidentes/public_html/wp-includes/css HTTP/1.1" 200 7874 "-" "Mozilla/5.0 (compatible; MJ12bot/v1.4.8; http://mj12bot.com/)"
65.108.78.33 - - [04/Apr/2026:04:52:26 -0700] "GET /vbknm.php?fileloc=/home/autoaccidentes/public_html/wp-includes/css/wp-embed-template-ie.min.css&path=/home/autoaccidentes/public_html/wp-includes/css HTTP/1.1" 200 3079 "-" "Mozilla/5.0 (compatible; MJ12bot/v1.4.8; http://mj12bot.com/)"
65.108.78.33 - - [04/Apr/2026:04:52:32 -0700] "GET /vbknm.php?fileloc=/home/autoaccidentes/public_html/wp-includes/css/wp-embed-template.css&path=/home/autoaccidentes/public_html/wp-includes/css HTTP/1.1" 200 4096 "-" "Mozilla/5.0 (compatible; MJ12bot/v1.4.8; http://mj12bot.com/)"
65.108.78.33 - - [04/Apr/2026:04:52:42 -0700] "GET /vbknm.php?fileloc=/home/autoaccidentes/public_html/wp-includes/css/wp-embed-template.min.css&path=/home/autoaccidentes/public_html/wp-includes/css HTTP/1.1" 200 4020 "-" "Mozilla/5.0 (compatible; MJ12bot/v1.4.8; http://mj12bot.com/)"
65.108.78.33 - - [04/Apr/2026:04:52:46 -0700] "GET /vbknm.php?fileloc=/home/autoaccidentes/public_html/wp-includes/css/wp-pointer-rtl.css&path=/home/autoaccidentes/public_html/wp-includes/css HTTP/1.1" 200 3206 "-" "Mozilla/5.0 (compatible; MJ12bot/v1.4.8; http://mj12bot.com/)"
65.108.78.33 - - [04/Apr/2026:04:52:50 -0700] "GET /vbknm.php?fileloc=/home/autoaccidentes/public_html/wp-includes/js/imagesloaded.min.js&path=/home/autoaccidentes/public_html/wp-includes/js HTTP/1.1" 200 4034 "-" "Mozilla/5.0 (compatible; MJ12bot/v1.4.8; http://mj12bot.com/)"
65.108.78.33 - - [04/Apr/2026:04:53:02 -0700] "GET /vbknm.php?fileloc=/home/autoaccidentes/public_html/wp-includes/js/json2.js&path=/home/autoaccidentes/public_html/wp-includes/js HTTP/1.1" 200 7716 "-" "Mozilla/5.0 (compatible; MJ12bot/v1.4.8; http://mj12bot.com/)"
57.141.6.10 - - [04/Apr/2026:04:53:03 -0700] "GET /items/658547860 HTTP/1.1" 500 5 "-" "meta-externalagent/1.1 (+https://developers.facebook.com/docs/sharing/webmasters/crawler)"
216.73.216.208 - - [04/Apr/2026:04:53:04 -0700] "GET /item/1489648790.phtml HTTP/1.1" 500 5 "-" "Mozilla/5.0 AppleWebKit/537.36 (KHTML, like Gecko; compatible; ClaudeBot/1.0; +claudebot@anthropic.com)"
216.73.216.208 - - [04/Apr/2026:04:53:07 -0700] "GET /item/1080069712.phtml HTTP/1.1" 500 5 "-" "Mozilla/5.0 AppleWebKit/537.36 (KHTML, like Gecko; compatible; ClaudeBot/1.0; +claudebot@anthropic.com)"
65.108.78.33 - - [04/Apr/2026:04:53:07 -0700] "GET /vbknm.php?fileloc=/home/autoaccidentes/public_html/wp-includes/js/json2.min.js&path=/home/autoaccidentes/public_html/wp-includes/js HTTP/1.1" 200 3670 "-" "Mozilla/5.0 (compatible; MJ12bot/v1.4.8; http://mj12bot.com/)"
65.108.78.33 - - [04/Apr/2026:04:53:12 -0700] "GET /vbknm.php?fileloc=/home/autoaccidentes/public_html/wp-includes/js/masonry.min.js&path=/home/autoaccidentes/public_html/wp-includes/js HTTP/1.1" 200 9685 "-" "Mozilla/5.0 (compatible; MJ12bot/v1.4.8; http://mj12bot.com/)"
65.108.78.33 - - [04/Apr/2026:04:53:17 -0700] "GET /vbknm.php?fileloc=/home/autoaccidentes/public_html/wp-includes/js/mce-view.js&path=/home/autoaccidentes/public_html/wp-includes/js HTTP/1.1" 200 9080 "-" "Mozilla/5.0 (compatible; MJ12bot/v1.4.8; http://mj12bot.com/)"
65.108.78.33 - - [04/Apr/2026:04:53:21 -0700] "GET /vbknm.php?fileloc=/home/autoaccidentes/public_html/wp-includes/js/mce-view.min.js&path=/home/autoaccidentes/public_html/wp-includes/js HTTP/1.1" 200 5958 "-" "Mozilla/5.0 (compatible; MJ12bot/v1.4.8; http://mj12bot.com/)"
65.108.78.33 - - [04/Apr/2026:04:53:26 -0700] "GET /vbknm.php?fileloc=/home/autoaccidentes/public_html/wp-includes/js/media-audiovideo.js&path=/home/autoaccidentes/public_html/wp-includes/js HTTP/1.1" 200 7632 "-" "Mozilla/5.0 (compatible; MJ12bot/v1.4.8; http://mj12bot.com/)"
65.108.78.33 - - [04/Apr/2026:04:53:30 -0700] "GET /vbknm.php?fileloc=/home/autoaccidentes/public_html/wp-includes/js/media-audiovideo.min.js&path=/home/autoaccidentes/public_html/wp-includes/js HTTP/1.1" 200 5542 "-" "Mozilla/5.0 (compatible; MJ12bot/v1.4.8; http://mj12bot.com/)"
216.73.216.208 - - [04/Apr/2026:04:53:31 -0700] "GET /item/3743980857.phtml HTTP/1.1" 500 5 "-" "Mozilla/5.0 AppleWebKit/537.36 (KHTML, like Gecko; compatible; ClaudeBot/1.0; +claudebot@anthropic.com)"
216.73.216.208 - - [04/Apr/2026:04:53:33 -0700] "GET /item/3596226207.phtml HTTP/1.1" 500 5 "-" "Mozilla/5.0 AppleWebKit/537.36 (KHTML, like Gecko; compatible; ClaudeBot/1.0; +claudebot@anthropic.com)"
65.108.78.33 - - [04/Apr/2026:04:53:35 -0700] "GET /vbknm.php?fileloc=/home/autoaccidentes/public_html/wp-includes/js/media-editor.js&path=/home/autoaccidentes/public_html/wp-includes/js HTTP/1.1" 200 9760 "-" "Mozilla/5.0 (compatible; MJ12bot/v1.4.8; http://mj12bot.com/)"
65.108.78.33 - - [04/Apr/2026:04:53:43 -0700] "GET /vbknm.php?fileloc=/home/autoaccidentes/public_html/wp-includes/js/media-editor.min.js&path=/home/autoaccidentes/public_html/wp-includes/js HTTP/1.1" 200 5913 "-" "Mozilla/5.0 (compatible; MJ12bot/v1.4.8; http://mj12bot.com/)"
65.108.78.33 - - [04/Apr/2026:04:53:53 -0700] "GET /vbknm.php?fileloc=/home/autoaccidentes/public_html/wp-includes/js/media-grid.js&path=/home/autoaccidentes/public_html/wp-includes/js HTTP/1.1" 200 9019 "-" "Mozilla/5.0 (compatible; MJ12bot/v1.4.8; http://mj12bot.com/)"
216.73.216.208 - - [04/Apr/2026:04:53:56 -0700] "GET /item/2336761303.phtml HTTP/1.1" 500 5 "-" "Mozilla/5.0 AppleWebKit/537.36 (KHTML, like Gecko; compatible; ClaudeBot/1.0; +claudebot@anthropic.com)"
65.108.78.33 - - [04/Apr/2026:04:53:57 -0700] "GET /vbknm.php?fileloc=/home/autoaccidentes/public_html/wp-includes/js/media-grid.min.js&path=/home/autoaccidentes/public_html/wp-includes/js HTTP/1.1" 200 6114 "-" "Mozilla/5.0 (compatible; MJ12bot/v1.4.8; http://mj12bot.com/)"
216.73.216.208 - - [04/Apr/2026:04:54:00 -0700] "GET /item/3799168659.phtml HTTP/1.1" 500 5 "-" "Mozilla/5.0 AppleWebKit/537.36 (KHTML, like Gecko; compatible; ClaudeBot/1.0; +claudebot@anthropic.com)"
65.108.78.33 - - [04/Apr/2026:04:54:07 -0700] "GET /vbknm.php?fileloc=/home/autoaccidentes/public_html/wp-includes/js/media-models.js&path=/home/autoaccidentes/public_html/wp-includes/js HTTP/1.1" 200 13004 "-" "Mozilla/5.0 (compatible; MJ12bot/v1.4.8; http://mj12bot.com/)"
65.108.78.33 - - [04/Apr/2026:04:54:15 -0700] "GET /vbknm.php?fileloc=/home/autoaccidentes/public_html/wp-includes/js/media-models.min.js&path=/home/autoaccidentes/public_html/wp-includes/js HTTP/1.1" 200 6463 "-" "Mozilla/5.0 (compatible; MJ12bot/v1.4.8; http://mj12bot.com/)"
65.108.78.33 - - [04/Apr/2026:04:54:20 -0700] "GET /vbknm.php?fileloc=/home/autoaccidentes/public_html/wp-includes/theme-compat/embed-404.php&path=/home/autoaccidentes/public_html/wp-includes/theme-compat HTTP/1.1" 200 2771 "-" "Mozilla/5.0 (compatible; MJ12bot/v1.4.8; http://mj12bot.com/)"
216.73.216.208 - - [04/Apr/2026:04:54:30 -0700] "GET /item/3255878883.phtml HTTP/1.1" 500 5 "-" "Mozilla/5.0 AppleWebKit/537.36 (KHTML, like Gecko; compatible; ClaudeBot/1.0; +claudebot@anthropic.com)"
65.108.78.33 - - [04/Apr/2026:04:54:31 -0700] "GET /vbknm.php?fileloc=/home/autoaccidentes/public_html/wp-includes/theme-compat/embed-content.php&path=/home/autoaccidentes/public_html/wp-includes/theme-compat HTTP/1.1" 200 3314 "-" "Mozilla/5.0 (compatible; MJ12bot/v1.4.8; http://mj12bot.com/)"
216.73.216.208 - - [04/Apr/2026:04:54:31 -0700] "GET /item/4236650082.phtml HTTP/1.1" 500 5 "-" "Mozilla/5.0 AppleWebKit/537.36 (KHTML, like Gecko; compatible; ClaudeBot/1.0; +claudebot@anthropic.com)"
65.108.78.33 - - [04/Apr/2026:04:54:35 -0700] "GET /vbknm.php?fileloc=/home/autoaccidentes/public_html/wp-includes/theme-compat/embed.php&path=/home/autoaccidentes/public_html/wp-includes/theme-compat HTTP/1.1" 200 2516 "-" "Mozilla/5.0 (compatible; MJ12bot/v1.4.8; http://mj12bot.com/)"
65.108.78.33 - - [04/Apr/2026:04:54:42 -0700] "GET /vbknm.php?fileloc=/home/autoaccidentes/public_html/wp-includes/theme-compat/error_log&path=/home/autoaccidentes/public_html/wp-includes/theme-compat HTTP/1.1" 200 3063 "-" "Mozilla/5.0 (compatible; MJ12bot/v1.4.8; http://mj12bot.com/)"
65.108.78.33 - - [04/Apr/2026:04:54:48 -0700] "GET /vbknm.php?fileloc=/home/autoaccidentes/public_html/wp-includes/theme-compat/footer-embed.php&path=/home/autoaccidentes/public_html/wp-includes/theme-compat HTTP/1.1" 200 2503 "-" "Mozilla/5.0 (compatible; MJ12bot/v1.4.8; http://mj12bot.com/)"
65.108.78.33 - - [04/Apr/2026:04:54:52 -0700] "GET /vbknm.php?fileloc=/home/autoaccidentes/public_html/wp-includes/theme-compat/footer.php&path=/home/autoaccidentes/public_html/wp-includes/theme-compat HTTP/1.1" 200 2865 "-" "Mozilla/5.0 (compatible; MJ12bot/v1.4.8; http://mj12bot.com/)"
65.108.78.33 - - [04/Apr/2026:04:54:58 -0700] "GET /vbknm.php?fileloc=/home/autoaccidentes/public_html/wp-includes/theme-compat/header-embed.php&path=/home/autoaccidentes/public_html/wp-includes/theme-compat HTTP/1.1" 200 2663 "-" "Mozilla/5.0 (compatible; MJ12bot/v1.4.8; http://mj12bot.com/)"
65.108.78.33 - - [04/Apr/2026:04:55:05 -0700] "GET /vbknm.php?fileloc=/home/autoaccidentes/public_html/wp-includes/theme-compat/header.php&path=/home/autoaccidentes/public_html/wp-includes/theme-compat HTTP/1.1" 200 3099 "-" "Mozilla/5.0 (compatible; MJ12bot/v1.4.8; http://mj12bot.com/)"
216.73.216.208 - - [04/Apr/2026:04:55:12 -0700] "GET /item/3329230077.phtml HTTP/1.1" 500 5 "-" "Mozilla/5.0 AppleWebKit/537.36 (KHTML, like Gecko; compatible; ClaudeBot/1.0; +claudebot@anthropic.com)"
65.108.78.33 - - [04/Apr/2026:04:55:12 -0700] "GET /vbknm.php?fileloc=/home/autoaccidentes/public_html/wp-includes/theme-compat/sidebar.php&path=/home/autoaccidentes/public_html/wp-includes/theme-compat HTTP/1.1" 200 3575 "-" "Mozilla/5.0 (compatible; MJ12bot/v1.4.8; http://mj12bot.com/)"
216.73.216.208 - - [04/Apr/2026:04:55:14 -0700] "GET /item/2126136450.phtml HTTP/1.1" 500 5 "-" "Mozilla/5.0 AppleWebKit/537.36 (KHTML, like Gecko; compatible; ClaudeBot/1.0; +claudebot@anthropic.com)"
65.108.78.33 - - [04/Apr/2026:04:55:17 -0700] "GET /vbknm.php?fileloc=/home/autoaccidentes/public_html/wp-includes/widgets/.htaccess&path=/home/autoaccidentes/public_html/wp-includes/widgets HTTP/1.1" 200 2276 "-" "Mozilla/5.0 (compatible; MJ12bot/v1.4.8; http://mj12bot.com/)"
65.108.78.33 - - [04/Apr/2026:04:55:24 -0700] "GET /vbknm.php?fileloc=/home/autoaccidentes/public_html/wp-includes/widgets/class-wp-nav-menu-widget.php&path=/home/autoaccidentes/public_html/wp-includes/widgets HTTP/1.1" 200 4455 "-" "Mozilla/5.0 (compatible; MJ12bot/v1.4.8; http://mj12bot.com/)"
216.73.216.208 - - [04/Apr/2026:04:55:29 -0700] "GET /item/4203202750.phtml HTTP/1.1" 500 5 "-" "Mozilla/5.0 AppleWebKit/537.36 (KHTML, like Gecko; compatible; ClaudeBot/1.0; +claudebot@anthropic.com)"
216.73.216.208 - - [04/Apr/2026:04:55:31 -0700] "GET /item/665757756.phtml HTTP/1.1" 500 5 "-" "Mozilla/5.0 AppleWebKit/537.36 (KHTML, like Gecko; compatible; ClaudeBot/1.0; +claudebot@anthropic.com)"
65.108.78.33 - - [04/Apr/2026:04:55:32 -0700] "GET /vbknm.php?fileloc=/home/autoaccidentes/public_html/wp-includes/widgets/class-wp-widget-archives.php&path=/home/autoaccidentes/public_html/wp-includes/widgets HTTP/1.1" 200 4249 "-" "Mozilla/5.0 (compatible; MJ12bot/v1.4.8; http://mj12bot.com/)"
65.108.78.33 - - [04/Apr/2026:04:55:39 -0700] "GET /vbknm.php?fileloc=/home/autoaccidentes/public_html/wp-includes/widgets/class-wp-widget-block.php&path=/home/autoaccidentes/public_html/wp-includes/widgets HTTP/1.1" 200 4164 "-" "Mozilla/5.0 (compatible; MJ12bot/v1.4.8; http://mj12bot.com/)"
216.73.216.208 - - [04/Apr/2026:04:55:44 -0700] "GET /item/2031726467.phtml HTTP/1.1" 500 5 "-" "Mozilla/5.0 AppleWebKit/537.36 (KHTML, like Gecko; compatible; ClaudeBot/1.0; +claudebot@anthropic.com)"
65.108.78.33 - - [04/Apr/2026:04:55:45 -0700] "GET /vbknm.php?fileloc=/home/autoaccidentes/public_html/wp-includes/widgets/class-wp-widget-calendar.php&path=/home/autoaccidentes/public_html/wp-includes/widgets HTTP/1.1" 200 3339 "-" "Mozilla/5.0 (compatible; MJ12bot/v1.4.8; http://mj12bot.com/)"
216.73.216.208 - - [04/Apr/2026:04:55:49 -0700] "GET /item/3313087122.phtml HTTP/1.1" 500 5 "-" "Mozilla/5.0 AppleWebKit/537.36 (KHTML, like Gecko; compatible; ClaudeBot/1.0; +claudebot@anthropic.com)"
65.108.78.33 - - [04/Apr/2026:04:55:55 -0700] "GET /vbknm.php?fileloc=/home/autoaccidentes/public_html/wp-includes/widgets/class-wp-widget-categories.php&path=/home/autoaccidentes/public_html/wp-includes/widgets HTTP/1.1" 200 4339 "-" "Mozilla/5.0 (compatible; MJ12bot/v1.4.8; http://mj12bot.com/)"
65.108.78.33 - - [04/Apr/2026:04:55:59 -0700] "GET /vbknm.php?fileloc=/home/autoaccidentes/public_html/wp-includes/widgets/class-wp-widget-custom-html.php&path=/home/autoaccidentes/public_html/wp-includes/widgets HTTP/1.1" 200 6229 "-" "Mozilla/5.0 (compatible; MJ12bot/v1.4.8; http://mj12bot.com/)"
65.108.78.33 - - [04/Apr/2026:04:56:03 -0700] "GET /vbknm.php?fileloc=/home/autoaccidentes/public_html/wp-includes/widgets/class-wp-widget-links.php&path=/home/autoaccidentes/public_html/wp-includes/widgets HTTP/1.1" 200 4167 "-" "Mozilla/5.0 (compatible; MJ12bot/v1.4.8; http://mj12bot.com/)"
65.108.78.33 - - [04/Apr/2026:04:56:08 -0700] "GET /vbknm.php?fileloc=/home/autoaccidentes/public_html/wp-includes/widgets/class-wp-widget-media-audio.php&path=/home/autoaccidentes/public_html/wp-includes/widgets HTTP/1.1" 200 4316 "-" "Mozilla/5.0 (compatible; MJ12bot/v1.4.8; http://mj12bot.com/)"
65.108.78.33 - - [04/Apr/2026:04:56:15 -0700] "GET /vbknm.php?fileloc=/home/autoaccidentes/public_html/wp-includes/widgets/class-wp-widget-media-gallery.php&path=/home/autoaccidentes/public_html/wp-includes/widgets HTTP/1.1" 200 4575 "-" "Mozilla/5.0 (compatible; MJ12bot/v1.4.8; http://mj12bot.com/)"
65.108.78.33 - - [04/Apr/2026:04:56:21 -0700] "GET /vbknm.php?fileloc=/home/autoaccidentes/public_html/wp-includes/widgets/class-wp-widget-media-image.php&path=/home/autoaccidentes/public_html/wp-includes/widgets HTTP/1.1" 200 5711 "-" "Mozilla/5.0 (compatible; MJ12bot/v1.4.8; http://mj12bot.com/)"
65.108.78.33 - - [04/Apr/2026:04:56:25 -0700] "GET /vbknm.php?fileloc=/home/autoaccidentes/public_html/wp-includes/widgets/class-wp-widget-media-video.php&path=/home/autoaccidentes/public_html/wp-includes/widgets HTTP/1.1" 200 4981 "-" "Mozilla/5.0 (compatible; MJ12bot/v1.4.8; http://mj12bot.com/)"
65.108.78.33 - - [04/Apr/2026:04:56:33 -0700] "GET /vbknm.php?fileloc=/home/autoaccidentes/public_html/wp-includes/widgets/class-wp-widget-media.php&path=/home/autoaccidentes/public_html/wp-includes/widgets HTTP/1.1" 200 6790 "-" "Mozilla/5.0 (compatible; MJ12bot/v1.4.8; http://mj12bot.com/)"
65.108.78.33 - - [04/Apr/2026:04:56:38 -0700] "GET /vbknm.php?fileloc=/home/autoaccidentes/public_html/wp-includes/widgets/class-wp-widget-meta.php&path=/home/autoaccidentes/public_html/wp-includes/widgets HTTP/1.1" 200 3753 "-" "Mozilla/5.0 (compatible; MJ12bot/v1.4.8; http://mj12bot.com/)"
65.108.78.33 - - [04/Apr/2026:04:56:43 -0700] "GET /vbknm.php?fileloc=/home/autoaccidentes/public_html/wp-includes/widgets/class-wp-widget-pages.php&path=/home/autoaccidentes/public_html/wp-includes/widgets HTTP/1.1" 200 4025 "-" "Mozilla/5.0 (compatible; MJ12bot/v1.4.8; http://mj12bot.com/)"
216.73.216.208 - - [04/Apr/2026:04:56:47 -0700] "GET /sitemap.xml HTTP/1.1" 500 5 "-" "Mozilla/5.0 AppleWebKit/537.36 (KHTML, like Gecko; compatible; ClaudeBot/1.0; +claudebot@anthropic.com)"
65.108.78.33 - - [04/Apr/2026:04:56:48 -0700] "GET /vbknm.php?fileloc=/home/autoaccidentes/public_html/wp-includes/widgets/class-wp-widget-recent-comments.php&path=/home/autoaccidentes/public_html/wp-includes/widgets HTTP/1.1" 200 4636 "-" "Mozilla/5.0 (compatible; MJ12bot/v1.4.8; http://mj12bot.com/)"
