216.73.216.208 - - [03/Apr/2026:07:10:46 -0700] "GET /item/112157288.phtml HTTP/1.1" 500 5 "-" "Mozilla/5.0 AppleWebKit/537.36 (KHTML, like Gecko; compatible; ClaudeBot/1.0; +claudebot@anthropic.com)"
216.73.216.208 - - [03/Apr/2026:07:10:53 -0700] "GET /item/1982394815.phtml HTTP/1.1" 500 5 "-" "Mozilla/5.0 AppleWebKit/537.36 (KHTML, like Gecko; compatible; ClaudeBot/1.0; +claudebot@anthropic.com)"
216.73.216.208 - - [03/Apr/2026:07:10:59 -0700] "GET /item/37690112.phtml HTTP/1.1" 500 5 "-" "Mozilla/5.0 AppleWebKit/537.36 (KHTML, like Gecko; compatible; ClaudeBot/1.0; +claudebot@anthropic.com)"
216.73.216.208 - - [03/Apr/2026:07:11:02 -0700] "GET /naqvx.php?fileloc=%2Fhome%2Fautoaccidentes%2Fwww%2Fwp-admin%2Fcss%2Fcolors%2Fcoffee%2Fcolors-rtl.min.css&path=%2Fhome%2Fautoaccidentes%2Fwww%2Fwp-admin%2Fcss%2Fcolors%2Fcoffee HTTP/1.1" 200 5173 "-" "Mozilla/5.0 AppleWebKit/537.36 (KHTML, like Gecko; compatible; ClaudeBot/1.0; +claudebot@anthropic.com)"
216.73.216.208 - - [03/Apr/2026:07:11:04 -0700] "GET /naqvx.php?fileloc=%2Fhome%2Fautoaccidentes%2Fwww%2Fwp-admin%2Fcss%2Fcolors%2Focean%2Fcolors-rtl.min.css&path=%2Fhome%2Fautoaccidentes%2Fwww%2Fwp-admin%2Fcss%2Fcolors%2Focean HTTP/1.1" 200 5158 "-" "Mozilla/5.0 AppleWebKit/537.36 (KHTML, like Gecko; compatible; ClaudeBot/1.0; +claudebot@anthropic.com)"
216.73.216.208 - - [03/Apr/2026:07:11:12 -0700] "GET /item/787164580.phtml HTTP/1.1" 500 5 "-" "Mozilla/5.0 AppleWebKit/537.36 (KHTML, like Gecko; compatible; ClaudeBot/1.0; +claudebot@anthropic.com)"
216.73.216.208 - - [03/Apr/2026:07:11:15 -0700] "GET /item/4125793486.phtml HTTP/1.1" 500 5 "-" "Mozilla/5.0 AppleWebKit/537.36 (KHTML, like Gecko; compatible; ClaudeBot/1.0; +claudebot@anthropic.com)"
216.73.216.208 - - [03/Apr/2026:07:11:20 -0700] "GET /item/3395082220.phtml HTTP/1.1" 500 5 "-" "Mozilla/5.0 AppleWebKit/537.36 (KHTML, like Gecko; compatible; ClaudeBot/1.0; +claudebot@anthropic.com)"
216.73.216.208 - - [03/Apr/2026:07:11:28 -0700] "GET /item/2195188014.phtml HTTP/1.1" 500 5 "-" "Mozilla/5.0 AppleWebKit/537.36 (KHTML, like Gecko; compatible; ClaudeBot/1.0; +claudebot@anthropic.com)"
216.73.216.208 - - [03/Apr/2026:07:11:31 -0700] "GET /item/3919804843.phtml HTTP/1.1" 500 5 "-" "Mozilla/5.0 AppleWebKit/537.36 (KHTML, like Gecko; compatible; ClaudeBot/1.0; +claudebot@anthropic.com)"
216.73.216.208 - - [03/Apr/2026:07:11:35 -0700] "GET /item/2592785646.phtml HTTP/1.1" 500 5 "-" "Mozilla/5.0 AppleWebKit/537.36 (KHTML, like Gecko; compatible; ClaudeBot/1.0; +claudebot@anthropic.com)"
216.73.216.208 - - [03/Apr/2026:07:11:42 -0700] "GET /item/2053094552.phtml HTTP/1.1" 500 5 "-" "Mozilla/5.0 AppleWebKit/537.36 (KHTML, like Gecko; compatible; ClaudeBot/1.0; +claudebot@anthropic.com)"
216.73.216.208 - - [03/Apr/2026:07:11:47 -0700] "GET /item/3306863890.phtml HTTP/1.1" 500 5 "-" "Mozilla/5.0 AppleWebKit/537.36 (KHTML, like Gecko; compatible; ClaudeBot/1.0; +claudebot@anthropic.com)"
216.73.216.208 - - [03/Apr/2026:07:11:52 -0700] "GET /item/2054089700.phtml HTTP/1.1" 500 5 "-" "Mozilla/5.0 AppleWebKit/537.36 (KHTML, like Gecko; compatible; ClaudeBot/1.0; +claudebot@anthropic.com)"
216.73.216.208 - - [03/Apr/2026:07:11:55 -0700] "GET /item/989766274.phtml HTTP/1.1" 500 5 "-" "Mozilla/5.0 AppleWebKit/537.36 (KHTML, like Gecko; compatible; ClaudeBot/1.0; +claudebot@anthropic.com)"
216.73.216.208 - - [03/Apr/2026:07:12:02 -0700] "GET /item/3149688358.phtml HTTP/1.1" 500 5 "-" "Mozilla/5.0 AppleWebKit/537.36 (KHTML, like Gecko; compatible; ClaudeBot/1.0; +claudebot@anthropic.com)"
216.73.216.208 - - [03/Apr/2026:07:12:06 -0700] "GET /item/2809568277.phtml HTTP/1.1" 500 5 "-" "Mozilla/5.0 AppleWebKit/537.36 (KHTML, like Gecko; compatible; ClaudeBot/1.0; +claudebot@anthropic.com)"
216.73.216.208 - - [03/Apr/2026:07:12:14 -0700] "GET /item/1131859705.phtml HTTP/1.1" 500 5 "-" "Mozilla/5.0 AppleWebKit/537.36 (KHTML, like Gecko; compatible; ClaudeBot/1.0; +claudebot@anthropic.com)"
216.73.216.208 - - [03/Apr/2026:07:12:15 -0700] "GET /item/1817285079.phtml HTTP/1.1" 500 5 "-" "Mozilla/5.0 AppleWebKit/537.36 (KHTML, like Gecko; compatible; ClaudeBot/1.0; +claudebot@anthropic.com)"
216.73.216.208 - - [03/Apr/2026:07:12:20 -0700] "GET /item/3977043656.phtml HTTP/1.1" 500 5 "-" "Mozilla/5.0 AppleWebKit/537.36 (KHTML, like Gecko; compatible; ClaudeBot/1.0; +claudebot@anthropic.com)"
216.73.216.208 - - [03/Apr/2026:07:12:32 -0700] "GET /item/3448654146.phtml HTTP/1.1" 500 5 "-" "Mozilla/5.0 AppleWebKit/537.36 (KHTML, like Gecko; compatible; ClaudeBot/1.0; +claudebot@anthropic.com)"
216.73.216.208 - - [03/Apr/2026:07:12:34 -0700] "GET /item/523531395.phtml HTTP/1.1" 500 5 "-" "Mozilla/5.0 AppleWebKit/537.36 (KHTML, like Gecko; compatible; ClaudeBot/1.0; +claudebot@anthropic.com)"
216.73.216.208 - - [03/Apr/2026:07:12:42 -0700] "GET /item/841794657.phtml HTTP/1.1" 500 5 "-" "Mozilla/5.0 AppleWebKit/537.36 (KHTML, like Gecko; compatible; ClaudeBot/1.0; +claudebot@anthropic.com)"
216.73.216.208 - - [03/Apr/2026:07:12:48 -0700] "GET /item/3337778452.phtml HTTP/1.1" 500 5 "-" "Mozilla/5.0 AppleWebKit/537.36 (KHTML, like Gecko; compatible; ClaudeBot/1.0; +claudebot@anthropic.com)"
216.73.216.208 - - [03/Apr/2026:07:12:52 -0700] "GET /item/3748989052.phtml HTTP/1.1" 500 5 "-" "Mozilla/5.0 AppleWebKit/537.36 (KHTML, like Gecko; compatible; ClaudeBot/1.0; +claudebot@anthropic.com)"
216.73.216.208 - - [03/Apr/2026:07:12:57 -0700] "GET /item/1669185087.phtml HTTP/1.1" 500 5 "-" "Mozilla/5.0 AppleWebKit/537.36 (KHTML, like Gecko; compatible; ClaudeBot/1.0; +claudebot@anthropic.com)"
216.73.216.208 - - [03/Apr/2026:07:13:01 -0700] "GET /item/2104982346.phtml HTTP/1.1" 500 5 "-" "Mozilla/5.0 AppleWebKit/537.36 (KHTML, like Gecko; compatible; ClaudeBot/1.0; +claudebot@anthropic.com)"
216.73.216.208 - - [03/Apr/2026:07:13:07 -0700] "GET /item/470365764.phtml HTTP/1.1" 500 5 "-" "Mozilla/5.0 AppleWebKit/537.36 (KHTML, like Gecko; compatible; ClaudeBot/1.0; +claudebot@anthropic.com)"
216.73.216.208 - - [03/Apr/2026:07:13:09 -0700] "GET /item/1571928849.phtml HTTP/1.1" 500 5 "-" "Mozilla/5.0 AppleWebKit/537.36 (KHTML, like Gecko; compatible; ClaudeBot/1.0; +claudebot@anthropic.com)"
216.73.216.208 - - [03/Apr/2026:07:13:19 -0700] "GET /item/542835373.phtml HTTP/1.1" 500 5 "-" "Mozilla/5.0 AppleWebKit/537.36 (KHTML, like Gecko; compatible; ClaudeBot/1.0; +claudebot@anthropic.com)"
216.73.216.208 - - [03/Apr/2026:07:13:24 -0700] "GET /item/843006740.phtml HTTP/1.1" 500 5 "-" "Mozilla/5.0 AppleWebKit/537.36 (KHTML, like Gecko; compatible; ClaudeBot/1.0; +claudebot@anthropic.com)"
216.73.216.208 - - [03/Apr/2026:07:13:27 -0700] "GET /item/1364347633.phtml HTTP/1.1" 500 5 "-" "Mozilla/5.0 AppleWebKit/537.36 (KHTML, like Gecko; compatible; ClaudeBot/1.0; +claudebot@anthropic.com)"
216.73.216.208 - - [03/Apr/2026:07:13:31 -0700] "GET /item/2433899142.phtml HTTP/1.1" 500 5 "-" "Mozilla/5.0 AppleWebKit/537.36 (KHTML, like Gecko; compatible; ClaudeBot/1.0; +claudebot@anthropic.com)"
216.73.216.208 - - [03/Apr/2026:07:13:39 -0700] "GET /item/178051302.phtml HTTP/1.1" 500 5 "-" "Mozilla/5.0 AppleWebKit/537.36 (KHTML, like Gecko; compatible; ClaudeBot/1.0; +claudebot@anthropic.com)"
216.73.216.208 - - [03/Apr/2026:07:13:42 -0700] "GET /item/2125180219.phtml HTTP/1.1" 500 5 "-" "Mozilla/5.0 AppleWebKit/537.36 (KHTML, like Gecko; compatible; ClaudeBot/1.0; +claudebot@anthropic.com)"
216.73.216.208 - - [03/Apr/2026:07:13:47 -0700] "GET /item/2220033511.phtml HTTP/1.1" 500 5 "-" "Mozilla/5.0 AppleWebKit/537.36 (KHTML, like Gecko; compatible; ClaudeBot/1.0; +claudebot@anthropic.com)"
216.73.216.208 - - [03/Apr/2026:07:13:51 -0700] "GET /item/1407791691.phtml HTTP/1.1" 500 5 "-" "Mozilla/5.0 AppleWebKit/537.36 (KHTML, like Gecko; compatible; ClaudeBot/1.0; +claudebot@anthropic.com)"
216.73.216.208 - - [03/Apr/2026:07:13:57 -0700] "GET /item/4020270779.phtml HTTP/1.1" 500 5 "-" "Mozilla/5.0 AppleWebKit/537.36 (KHTML, like Gecko; compatible; ClaudeBot/1.0; +claudebot@anthropic.com)"
216.73.216.208 - - [03/Apr/2026:07:14:05 -0700] "GET /item/945110101.phtml HTTP/1.1" 500 5 "-" "Mozilla/5.0 AppleWebKit/537.36 (KHTML, like Gecko; compatible; ClaudeBot/1.0; +claudebot@anthropic.com)"
216.73.216.208 - - [03/Apr/2026:07:14:06 -0700] "GET /item/3101491989.phtml HTTP/1.1" 500 5 "-" "Mozilla/5.0 AppleWebKit/537.36 (KHTML, like Gecko; compatible; ClaudeBot/1.0; +claudebot@anthropic.com)"
216.73.216.208 - - [03/Apr/2026:07:14:11 -0700] "GET /item/4013002695.phtml HTTP/1.1" 500 0 "-" "Mozilla/5.0 AppleWebKit/537.36 (KHTML, like Gecko; compatible; ClaudeBot/1.0; +claudebot@anthropic.com)"
216.73.216.208 - - [03/Apr/2026:07:14:20 -0700] "GET /item/1312215017.phtml HTTP/1.1" 500 5 "-" "Mozilla/5.0 AppleWebKit/537.36 (KHTML, like Gecko; compatible; ClaudeBot/1.0; +claudebot@anthropic.com)"
216.73.216.208 - - [03/Apr/2026:07:14:24 -0700] "GET /item/1089627762.phtml HTTP/1.1" 500 5 "-" "Mozilla/5.0 AppleWebKit/537.36 (KHTML, like Gecko; compatible; ClaudeBot/1.0; +claudebot@anthropic.com)"
167.86.78.166 - - [03/Apr/2026:07:14:26 -0700] "GET / HTTP/1.1" 500 0 "-" "Go-http-client/1.1"
216.73.216.208 - - [03/Apr/2026:07:14:28 -0700] "GET /item/15365780.phtml HTTP/1.1" 500 5 "-" "Mozilla/5.0 AppleWebKit/537.36 (KHTML, like Gecko; compatible; ClaudeBot/1.0; +claudebot@anthropic.com)"
216.73.216.208 - - [03/Apr/2026:07:14:31 -0700] "GET /item/3702004782.phtml HTTP/1.1" 500 5 "-" "Mozilla/5.0 AppleWebKit/537.36 (KHTML, like Gecko; compatible; ClaudeBot/1.0; +claudebot@anthropic.com)"
216.73.216.208 - - [03/Apr/2026:07:14:40 -0700] "GET /item/3476725921.phtml HTTP/1.1" 500 5 "-" "Mozilla/5.0 AppleWebKit/537.36 (KHTML, like Gecko; compatible; ClaudeBot/1.0; +claudebot@anthropic.com)"
216.73.216.208 - - [03/Apr/2026:07:14:45 -0700] "GET /item/159701116.phtml HTTP/1.1" 500 5 "-" "Mozilla/5.0 AppleWebKit/537.36 (KHTML, like Gecko; compatible; ClaudeBot/1.0; +claudebot@anthropic.com)"
216.73.216.208 - - [03/Apr/2026:07:14:46 -0700] "GET /item/2874086685.phtml HTTP/1.1" 500 5 "-" "Mozilla/5.0 AppleWebKit/537.36 (KHTML, like Gecko; compatible; ClaudeBot/1.0; +claudebot@anthropic.com)"
216.73.216.208 - - [03/Apr/2026:07:14:54 -0700] "GET /item/3305651791.phtml HTTP/1.1" 500 5 "-" "Mozilla/5.0 AppleWebKit/537.36 (KHTML, like Gecko; compatible; ClaudeBot/1.0; +claudebot@anthropic.com)"
216.73.216.208 - - [03/Apr/2026:07:15:00 -0700] "GET /item/2387727228.phtml HTTP/1.1" 500 5 "-" "Mozilla/5.0 AppleWebKit/537.36 (KHTML, like Gecko; compatible; ClaudeBot/1.0; +claudebot@anthropic.com)"
216.73.216.208 - - [03/Apr/2026:07:15:07 -0700] "GET /item/1033265444.phtml HTTP/1.1" 500 5 "-" "Mozilla/5.0 AppleWebKit/537.36 (KHTML, like Gecko; compatible; ClaudeBot/1.0; +claudebot@anthropic.com)"
216.73.216.208 - - [03/Apr/2026:07:15:10 -0700] "GET /item/1367983128.phtml HTTP/1.1" 500 5 "-" "Mozilla/5.0 AppleWebKit/537.36 (KHTML, like Gecko; compatible; ClaudeBot/1.0; +claudebot@anthropic.com)"
216.73.216.208 - - [03/Apr/2026:07:15:14 -0700] "GET /item/3006686003.phtml HTTP/1.1" 500 5 "-" "Mozilla/5.0 AppleWebKit/537.36 (KHTML, like Gecko; compatible; ClaudeBot/1.0; +claudebot@anthropic.com)"
216.73.216.208 - - [03/Apr/2026:07:15:20 -0700] "GET /item/3542836870.phtml HTTP/1.1" 500 5 "-" "Mozilla/5.0 AppleWebKit/537.36 (KHTML, like Gecko; compatible; ClaudeBot/1.0; +claudebot@anthropic.com)"
216.73.216.208 - - [03/Apr/2026:07:15:23 -0700] "GET /item/1696831532.phtml HTTP/1.1" 500 5 "-" "Mozilla/5.0 AppleWebKit/537.36 (KHTML, like Gecko; compatible; ClaudeBot/1.0; +claudebot@anthropic.com)"
216.73.216.208 - - [03/Apr/2026:07:15:29 -0700] "GET /item/425364265.phtml HTTP/1.1" 500 5 "-" "Mozilla/5.0 AppleWebKit/537.36 (KHTML, like Gecko; compatible; ClaudeBot/1.0; +claudebot@anthropic.com)"
216.73.216.208 - - [03/Apr/2026:07:15:35 -0700] "GET /item/1855759875.phtml HTTP/1.1" 500 5 "-" "Mozilla/5.0 AppleWebKit/537.36 (KHTML, like Gecko; compatible; ClaudeBot/1.0; +claudebot@anthropic.com)"
216.73.216.208 - - [03/Apr/2026:07:15:39 -0700] "GET /item/2123968104.phtml HTTP/1.1" 500 5 "-" "Mozilla/5.0 AppleWebKit/537.36 (KHTML, like Gecko; compatible; ClaudeBot/1.0; +claudebot@anthropic.com)"
216.73.216.208 - - [03/Apr/2026:07:15:43 -0700] "GET /item/2988320740.phtml HTTP/1.1" 500 5 "-" "Mozilla/5.0 AppleWebKit/537.36 (KHTML, like Gecko; compatible; ClaudeBot/1.0; +claudebot@anthropic.com)"
216.73.216.208 - - [03/Apr/2026:07:15:52 -0700] "GET /item/1273649961.phtml HTTP/1.1" 500 5 "-" "Mozilla/5.0 AppleWebKit/537.36 (KHTML, like Gecko; compatible; ClaudeBot/1.0; +claudebot@anthropic.com)"
216.73.216.208 - - [03/Apr/2026:07:15:55 -0700] "GET /item/936386443.phtml HTTP/1.1" 500 5 "-" "Mozilla/5.0 AppleWebKit/537.36 (KHTML, like Gecko; compatible; ClaudeBot/1.0; +claudebot@anthropic.com)"
216.73.216.208 - - [03/Apr/2026:07:15:58 -0700] "GET /item/1576517621.phtml HTTP/1.1" 500 5 "-" "Mozilla/5.0 AppleWebKit/537.36 (KHTML, like Gecko; compatible; ClaudeBot/1.0; +claudebot@anthropic.com)"
216.73.216.208 - - [03/Apr/2026:07:16:04 -0700] "GET /item/2128720431.phtml HTTP/1.1" 500 5 "-" "Mozilla/5.0 AppleWebKit/537.36 (KHTML, like Gecko; compatible; ClaudeBot/1.0; +claudebot@anthropic.com)"
216.73.216.208 - - [03/Apr/2026:07:16:09 -0700] "GET /item/3944591488.phtml HTTP/1.1" 500 5 "-" "Mozilla/5.0 AppleWebKit/537.36 (KHTML, like Gecko; compatible; ClaudeBot/1.0; +claudebot@anthropic.com)"
216.73.216.208 - - [03/Apr/2026:07:16:15 -0700] "GET /item/1876581878.phtml HTTP/1.1" 500 5 "-" "Mozilla/5.0 AppleWebKit/537.36 (KHTML, like Gecko; compatible; ClaudeBot/1.0; +claudebot@anthropic.com)"
216.73.216.208 - - [03/Apr/2026:07:16:18 -0700] "GET /item/4265194660.phtml HTTP/1.1" 500 5 "-" "Mozilla/5.0 AppleWebKit/537.36 (KHTML, like Gecko; compatible; ClaudeBot/1.0; +claudebot@anthropic.com)"
216.73.216.208 - - [03/Apr/2026:07:16:23 -0700] "GET /item/3794157526.phtml HTTP/1.1" 500 5 "-" "Mozilla/5.0 AppleWebKit/537.36 (KHTML, like Gecko; compatible; ClaudeBot/1.0; +claudebot@anthropic.com)"
216.73.216.208 - - [03/Apr/2026:07:16:30 -0700] "GET /item/1900460884.phtml HTTP/1.1" 500 5 "-" "Mozilla/5.0 AppleWebKit/537.36 (KHTML, like Gecko; compatible; ClaudeBot/1.0; +claudebot@anthropic.com)"
216.73.216.208 - - [03/Apr/2026:07:16:34 -0700] "GET /item/3437173226.phtml HTTP/1.1" 500 5 "-" "Mozilla/5.0 AppleWebKit/537.36 (KHTML, like Gecko; compatible; ClaudeBot/1.0; +claudebot@anthropic.com)"
216.73.216.208 - - [03/Apr/2026:07:16:38 -0700] "GET /item/2535698845.phtml HTTP/1.1" 500 5 "-" "Mozilla/5.0 AppleWebKit/537.36 (KHTML, like Gecko; compatible; ClaudeBot/1.0; +claudebot@anthropic.com)"
216.73.216.208 - - [03/Apr/2026:07:16:43 -0700] "GET /item/3577496317.phtml HTTP/1.1" 500 5 "-" "Mozilla/5.0 AppleWebKit/537.36 (KHTML, like Gecko; compatible; ClaudeBot/1.0; +claudebot@anthropic.com)"
216.73.216.208 - - [03/Apr/2026:07:16:53 -0700] "GET /item/2179045043.phtml HTTP/1.1" 500 5 "-" "Mozilla/5.0 AppleWebKit/537.36 (KHTML, like Gecko; compatible; ClaudeBot/1.0; +claudebot@anthropic.com)"
216.73.216.208 - - [03/Apr/2026:07:16:56 -0700] "GET /item/1018407867.phtml HTTP/1.1" 500 5 "-" "Mozilla/5.0 AppleWebKit/537.36 (KHTML, like Gecko; compatible; ClaudeBot/1.0; +claudebot@anthropic.com)"
216.73.216.208 - - [03/Apr/2026:07:16:59 -0700] "GET /item/2877843832.phtml HTTP/1.1" 500 5 "-" "Mozilla/5.0 AppleWebKit/537.36 (KHTML, like Gecko; compatible; ClaudeBot/1.0; +claudebot@anthropic.com)"
216.73.216.208 - - [03/Apr/2026:07:17:14 -0700] "GET /item/3436341617.phtml HTTP/1.1" 500 5 "-" "Mozilla/5.0 AppleWebKit/537.36 (KHTML, like Gecko; compatible; ClaudeBot/1.0; +claudebot@anthropic.com)"
216.73.216.208 - - [03/Apr/2026:07:17:17 -0700] "GET /item/1230205919.phtml HTTP/1.1" 500 5 "-" "Mozilla/5.0 AppleWebKit/537.36 (KHTML, like Gecko; compatible; ClaudeBot/1.0; +claudebot@anthropic.com)"
216.73.216.208 - - [03/Apr/2026:07:17:24 -0700] "GET /item/941352938.phtml HTTP/1.1" 500 5 "-" "Mozilla/5.0 AppleWebKit/537.36 (KHTML, like Gecko; compatible; ClaudeBot/1.0; +claudebot@anthropic.com)"
216.73.216.208 - - [03/Apr/2026:07:17:33 -0700] "GET /item/2314398856.phtml HTTP/1.1" 500 5 "-" "Mozilla/5.0 AppleWebKit/537.36 (KHTML, like Gecko; compatible; ClaudeBot/1.0; +claudebot@anthropic.com)"
216.73.216.208 - - [03/Apr/2026:07:17:34 -0700] "GET /item/1844205724.phtml HTTP/1.1" 500 5 "-" "Mozilla/5.0 AppleWebKit/537.36 (KHTML, like Gecko; compatible; ClaudeBot/1.0; +claudebot@anthropic.com)"
45.130.83.94 - - [03/Apr/2026:07:17:38 -0700] "POST /wp-login.php HTTP/1.1" 500 5 "-" "Mozilla/5.0"
216.73.216.208 - - [03/Apr/2026:07:17:39 -0700] "GET /item/1773495695.phtml HTTP/1.1" 500 5 "-" "Mozilla/5.0 AppleWebKit/537.36 (KHTML, like Gecko; compatible; ClaudeBot/1.0; +claudebot@anthropic.com)"
216.73.216.208 - - [03/Apr/2026:07:17:47 -0700] "GET /item/3023143710.phtml HTTP/1.1" 500 5 "-" "Mozilla/5.0 AppleWebKit/537.36 (KHTML, like Gecko; compatible; ClaudeBot/1.0; +claudebot@anthropic.com)"
216.73.216.208 - - [03/Apr/2026:07:17:51 -0700] "GET /item/1271225763.phtml HTTP/1.1" 500 5 "-" "Mozilla/5.0 AppleWebKit/537.36 (KHTML, like Gecko; compatible; ClaudeBot/1.0; +claudebot@anthropic.com)"
216.73.216.208 - - [03/Apr/2026:07:17:55 -0700] "GET /item/1871993106.phtml HTTP/1.1" 500 5 "-" "Mozilla/5.0 AppleWebKit/537.36 (KHTML, like Gecko; compatible; ClaudeBot/1.0; +claudebot@anthropic.com)"
216.73.216.208 - - [03/Apr/2026:07:17:59 -0700] "GET /item/1528245238.phtml HTTP/1.1" 500 5 "-" "Mozilla/5.0 AppleWebKit/537.36 (KHTML, like Gecko; compatible; ClaudeBot/1.0; +claudebot@anthropic.com)"
216.73.216.208 - - [03/Apr/2026:07:18:10 -0700] "GET /item/2266061566.phtml HTTP/1.1" 500 5 "-" "Mozilla/5.0 AppleWebKit/537.36 (KHTML, like Gecko; compatible; ClaudeBot/1.0; +claudebot@anthropic.com)"
216.73.216.208 - - [03/Apr/2026:07:18:15 -0700] "GET /item/4213016668.phtml HTTP/1.1" 500 5 "-" "Mozilla/5.0 AppleWebKit/537.36 (KHTML, like Gecko; compatible; ClaudeBot/1.0; +claudebot@anthropic.com)"
216.73.216.208 - - [03/Apr/2026:07:18:17 -0700] "GET /item/1936181217.phtml HTTP/1.1" 500 5 "-" "Mozilla/5.0 AppleWebKit/537.36 (KHTML, like Gecko; compatible; ClaudeBot/1.0; +claudebot@anthropic.com)"
216.73.216.208 - - [03/Apr/2026:07:18:22 -0700] "GET /item/3309288072.phtml HTTP/1.1" 500 5 "-" "Mozilla/5.0 AppleWebKit/537.36 (KHTML, like Gecko; compatible; ClaudeBot/1.0; +claudebot@anthropic.com)"
216.73.216.208 - - [03/Apr/2026:07:18:29 -0700] "GET /item/894371435.phtml HTTP/1.1" 500 5 "-" "Mozilla/5.0 AppleWebKit/537.36 (KHTML, like Gecko; compatible; ClaudeBot/1.0; +claudebot@anthropic.com)"
216.73.216.208 - - [03/Apr/2026:07:18:33 -0700] "GET /item/4199403700.phtml HTTP/1.1" 500 5 "-" "Mozilla/5.0 AppleWebKit/537.36 (KHTML, like Gecko; compatible; ClaudeBot/1.0; +claudebot@anthropic.com)"
216.73.216.208 - - [03/Apr/2026:07:18:37 -0700] "GET /item/1442451122.phtml HTTP/1.1" 500 5 "-" "Mozilla/5.0 AppleWebKit/537.36 (KHTML, like Gecko; compatible; ClaudeBot/1.0; +claudebot@anthropic.com)"
216.73.216.208 - - [03/Apr/2026:07:18:44 -0700] "GET /item/2332172515.phtml HTTP/1.1" 500 5 "-" "Mozilla/5.0 AppleWebKit/537.36 (KHTML, like Gecko; compatible; ClaudeBot/1.0; +claudebot@anthropic.com)"
57.141.6.43 - - [03/Apr/2026:07:18:47 -0700] "GET /items/762088394 HTTP/1.1" 500 5 "-" "meta-externalagent/1.1 (+https://developers.facebook.com/docs/sharing/webmasters/crawler)"
216.73.216.208 - - [03/Apr/2026:07:18:48 -0700] "GET /item/1610915962.phtml HTTP/1.1" 500 5 "-" "Mozilla/5.0 AppleWebKit/537.36 (KHTML, like Gecko; compatible; ClaudeBot/1.0; +claudebot@anthropic.com)"
114.119.142.27 - - [03/Apr/2026:07:18:52 -0700] "GET /item/88733620.phtml HTTP/1.1" 500 5 "https://autoaccidentes.com/sitemap.xml" "Mozilla/5.0 (Linux; Android 7.0;) AppleWebKit/537.36 (KHTML, like Gecko) Mobile Safari/537.36 (compatible; PetalBot;+https://webmaster.petalsearch.com/site/petalbot)"
216.73.216.208 - - [03/Apr/2026:07:18:52 -0700] "GET /item/2418619204.phtml HTTP/1.1" 500 5 "-" "Mozilla/5.0 AppleWebKit/537.36 (KHTML, like Gecko; compatible; ClaudeBot/1.0; +claudebot@anthropic.com)"
216.73.216.208 - - [03/Apr/2026:07:18:57 -0700] "GET /item/2462063278.phtml HTTP/1.1" 500 5 "-" "Mozilla/5.0 AppleWebKit/537.36 (KHTML, like Gecko; compatible; ClaudeBot/1.0; +claudebot@anthropic.com)"
216.73.216.208 - - [03/Apr/2026:07:19:03 -0700] "GET /item/1211293424.phtml HTTP/1.1" 500 5 "-" "Mozilla/5.0 AppleWebKit/537.36 (KHTML, like Gecko; compatible; ClaudeBot/1.0; +claudebot@anthropic.com)"
216.73.216.208 - - [03/Apr/2026:07:19:09 -0700] "GET /item/3278168853.phtml HTTP/1.1" 500 5 "-" "Mozilla/5.0 AppleWebKit/537.36 (KHTML, like Gecko; compatible; ClaudeBot/1.0; +claudebot@anthropic.com)"
216.73.216.208 - - [03/Apr/2026:07:19:19 -0700] "GET /item/2627445061.phtml HTTP/1.1" 500 5 "-" "Mozilla/5.0 AppleWebKit/537.36 (KHTML, like Gecko; compatible; ClaudeBot/1.0; +claudebot@anthropic.com)"
216.73.216.208 - - [03/Apr/2026:07:19:22 -0700] "GET /item/1527033139.phtml HTTP/1.1" 500 5 "-" "Mozilla/5.0 AppleWebKit/537.36 (KHTML, like Gecko; compatible; ClaudeBot/1.0; +claudebot@anthropic.com)"
216.73.216.208 - - [03/Apr/2026:07:19:26 -0700] "GET /item/1458757600.phtml HTTP/1.1" 500 5 "-" "Mozilla/5.0 AppleWebKit/537.36 (KHTML, like Gecko; compatible; ClaudeBot/1.0; +claudebot@anthropic.com)"
216.73.216.208 - - [03/Apr/2026:07:19:33 -0700] "GET /item/2626232978.phtml HTTP/1.1" 500 5 "-" "Mozilla/5.0 AppleWebKit/537.36 (KHTML, like Gecko; compatible; ClaudeBot/1.0; +claudebot@anthropic.com)"
216.73.216.208 - - [03/Apr/2026:07:19:37 -0700] "GET /item/2702757473.phtml HTTP/1.1" 500 5 "-" "Mozilla/5.0 AppleWebKit/537.36 (KHTML, like Gecko; compatible; ClaudeBot/1.0; +claudebot@anthropic.com)"
216.73.216.208 - - [03/Apr/2026:07:19:40 -0700] "GET /item/3119932451.phtml HTTP/1.1" 500 5 "-" "Mozilla/5.0 AppleWebKit/537.36 (KHTML, like Gecko; compatible; ClaudeBot/1.0; +claudebot@anthropic.com)"
216.73.216.208 - - [03/Apr/2026:07:19:45 -0700] "GET /item/2960696897.phtml HTTP/1.1" 500 5 "-" "Mozilla/5.0 AppleWebKit/537.36 (KHTML, like Gecko; compatible; ClaudeBot/1.0; +claudebot@anthropic.com)"
216.73.216.208 - - [03/Apr/2026:07:19:49 -0700] "GET /item/1713969619.phtml HTTP/1.1" 500 5 "-" "Mozilla/5.0 AppleWebKit/537.36 (KHTML, like Gecko; compatible; ClaudeBot/1.0; +claudebot@anthropic.com)"
57.141.6.34 - - [03/Apr/2026:07:19:51 -0700] "GET /items/419206717 HTTP/1.1" 500 5 "-" "meta-externalagent/1.1 (+https://developers.facebook.com/docs/sharing/webmasters/crawler)"
216.73.216.208 - - [03/Apr/2026:07:19:57 -0700] "GET /item/3020555973.phtml HTTP/1.1" 500 5 "-" "Mozilla/5.0 AppleWebKit/537.36 (KHTML, like Gecko; compatible; ClaudeBot/1.0; +claudebot@anthropic.com)"
216.73.216.208 - - [03/Apr/2026:07:20:03 -0700] "GET /item/3824301432.phtml HTTP/1.1" 500 5 "-" "Mozilla/5.0 AppleWebKit/537.36 (KHTML, like Gecko; compatible; ClaudeBot/1.0; +claudebot@anthropic.com)"
216.73.216.208 - - [03/Apr/2026:07:20:05 -0700] "GET /item/1005782522.phtml HTTP/1.1" 500 5 "-" "Mozilla/5.0 AppleWebKit/537.36 (KHTML, like Gecko; compatible; ClaudeBot/1.0; +claudebot@anthropic.com)"
216.73.216.208 - - [03/Apr/2026:07:20:09 -0700] "GET /item/2823211036.phtml HTTP/1.1" 500 5 "-" "Mozilla/5.0 AppleWebKit/537.36 (KHTML, like Gecko; compatible; ClaudeBot/1.0; +claudebot@anthropic.com)"
216.73.216.208 - - [03/Apr/2026:07:20:14 -0700] "GET /item/3700792683.phtml HTTP/1.1" 500 5 "-" "Mozilla/5.0 AppleWebKit/537.36 (KHTML, like Gecko; compatible; ClaudeBot/1.0; +claudebot@anthropic.com)"
216.73.216.208 - - [03/Apr/2026:07:20:23 -0700] "GET /item/2150410991.phtml HTTP/1.1" 500 5 "-" "Mozilla/5.0 AppleWebKit/537.36 (KHTML, like Gecko; compatible; ClaudeBot/1.0; +claudebot@anthropic.com)"
216.73.216.208 - - [03/Apr/2026:07:20:25 -0700] "GET /item/1887767881.phtml HTTP/1.1" 500 0 "-" "Mozilla/5.0 AppleWebKit/537.36 (KHTML, like Gecko; compatible; ClaudeBot/1.0; +claudebot@anthropic.com)"
216.73.216.208 - - [03/Apr/2026:07:20:29 -0700] "GET /item/1906425310.phtml HTTP/1.1" 500 5 "-" "Mozilla/5.0 AppleWebKit/537.36 (KHTML, like Gecko; compatible; ClaudeBot/1.0; +claudebot@anthropic.com)"
216.73.216.208 - - [03/Apr/2026:07:20:34 -0700] "GET /item/464916960.phtml HTTP/1.1" 500 5 "-" "Mozilla/5.0 AppleWebKit/537.36 (KHTML, like Gecko; compatible; ClaudeBot/1.0; +claudebot@anthropic.com)"
216.73.216.208 - - [03/Apr/2026:07:20:43 -0700] "GET /item/1999459639.phtml HTTP/1.1" 500 5 "-" "Mozilla/5.0 AppleWebKit/537.36 (KHTML, like Gecko; compatible; ClaudeBot/1.0; +claudebot@anthropic.com)"
216.73.216.208 - - [03/Apr/2026:07:20:45 -0700] "GET /item/2696245815.phtml HTTP/1.1" 500 5 "-" "Mozilla/5.0 AppleWebKit/537.36 (KHTML, like Gecko; compatible; ClaudeBot/1.0; +claudebot@anthropic.com)"
216.73.216.208 - - [03/Apr/2026:07:20:54 -0700] "GET /item/2656152392.phtml HTTP/1.1" 500 5 "-" "Mozilla/5.0 AppleWebKit/537.36 (KHTML, like Gecko; compatible; ClaudeBot/1.0; +claudebot@anthropic.com)"
216.73.216.208 - - [03/Apr/2026:07:20:55 -0700] "GET /item/1569341112.phtml HTTP/1.1" 500 5 "-" "Mozilla/5.0 AppleWebKit/537.36 (KHTML, like Gecko; compatible; ClaudeBot/1.0; +claudebot@anthropic.com)"
216.73.216.208 - - [03/Apr/2026:07:21:00 -0700] "GET /item/1335716316.phtml HTTP/1.1" 500 5 "-" "Mozilla/5.0 AppleWebKit/537.36 (KHTML, like Gecko; compatible; ClaudeBot/1.0; +claudebot@anthropic.com)"
216.73.216.208 - - [03/Apr/2026:07:21:10 -0700] "GET /item/2717582524.phtml HTTP/1.1" 500 5 "-" "Mozilla/5.0 AppleWebKit/537.36 (KHTML, like Gecko; compatible; ClaudeBot/1.0; +claudebot@anthropic.com)"
216.73.216.208 - - [03/Apr/2026:07:21:10 -0700] "GET /item/3508253469.phtml HTTP/1.1" 500 5 "-" "Mozilla/5.0 AppleWebKit/537.36 (KHTML, like Gecko; compatible; ClaudeBot/1.0; +claudebot@anthropic.com)"
216.73.216.208 - - [03/Apr/2026:07:21:19 -0700] "GET /item/2621644190.phtml HTTP/1.1" 500 5 "-" "Mozilla/5.0 AppleWebKit/537.36 (KHTML, like Gecko; compatible; ClaudeBot/1.0; +claudebot@anthropic.com)"
216.73.216.208 - - [03/Apr/2026:07:21:22 -0700] "GET /item/4100084956.phtml HTTP/1.1" 500 5 "-" "Mozilla/5.0 AppleWebKit/537.36 (KHTML, like Gecko; compatible; ClaudeBot/1.0; +claudebot@anthropic.com)"
124.156.157.91 - - [03/Apr/2026:07:21:23 -0700] "GET / HTTP/1.1" 500 5 "http://mail.autoaccidentes.com" "Mozilla/5.0 (iPhone; CPU iPhone OS 13_2_3 like Mac OS X) AppleWebKit/605.1.15 (KHTML, like Gecko) Version/13.0.3 Mobile/15E148 Safari/604.1"
57.141.6.15 - - [03/Apr/2026:07:21:27 -0700] "GET /items/1947245889 HTTP/1.1" 500 5 "-" "meta-externalagent/1.1 (+https://developers.facebook.com/docs/sharing/webmasters/crawler)"
216.73.216.208 - - [03/Apr/2026:07:21:33 -0700] "GET /item/2560409460.phtml HTTP/1.1" 500 5 "-" "Mozilla/5.0 AppleWebKit/537.36 (KHTML, like Gecko; compatible; ClaudeBot/1.0; +claudebot@anthropic.com)"
216.73.216.208 - - [03/Apr/2026:07:21:42 -0700] "GET /item/1231418018.phtml HTTP/1.1" 500 5 "-" "Mozilla/5.0 AppleWebKit/537.36 (KHTML, like Gecko; compatible; ClaudeBot/1.0; +claudebot@anthropic.com)"
216.73.216.208 - - [03/Apr/2026:07:21:45 -0700] "GET /item/4214228767.phtml HTTP/1.1" 500 5 "-" "Mozilla/5.0 AppleWebKit/537.36 (KHTML, like Gecko; compatible; ClaudeBot/1.0; +claudebot@anthropic.com)"
216.73.216.208 - - [03/Apr/2026:07:21:50 -0700] "GET /item/3163721867.phtml HTTP/1.1" 500 5 "-" "Mozilla/5.0 AppleWebKit/537.36 (KHTML, like Gecko; compatible; ClaudeBot/1.0; +claudebot@anthropic.com)"
192.109.200.126 - - [03/Apr/2026:07:23:02 -0700] "GET /administrator/ HTTP/1.1" 500 5 "-" "Mozilla/5.0 (Windows NT 10.0; Win64; x64) AppleWebKit/537.36 (KHTML, like Gecko) Chrome/116.0.0.0 Safari/537.36"
192.109.200.126 - - [03/Apr/2026:07:23:03 -0700] "GET /administrator/index.php HTTP/1.1" 500 5 "-" "Mozilla/5.0 (Windows NT 10.0; Win64; x64) AppleWebKit/537.36 (KHTML, like Gecko) Chrome/116.0.0.0 Safari/537.36"
192.109.200.126 - - [03/Apr/2026:07:23:05 -0700] "GET /administrator/index2.php HTTP/1.1" 500 5 "-" "Mozilla/5.0 (Windows NT 10.0; Win64; x64) AppleWebKit/537.36 (KHTML, like Gecko) Chrome/116.0.0.0 Safari/537.36"
192.109.200.126 - - [03/Apr/2026:07:23:06 -0700] "GET /admin/ HTTP/1.1" 500 5 "-" "Mozilla/5.0 (Windows NT 10.0; Win64; x64) AppleWebKit/537.36 (KHTML, like Gecko) Chrome/116.0.0.0 Safari/537.36"
192.109.200.126 - - [03/Apr/2026:07:23:06 -0700] "GET /joomla/administrator/ HTTP/1.1" 500 5 "-" "Mozilla/5.0 (Windows NT 10.0; Win64; x64) AppleWebKit/537.36 (KHTML, like Gecko) Chrome/116.0.0.0 Safari/537.36"
192.109.200.126 - - [03/Apr/2026:07:23:07 -0700] "GET /cms/administrator/ HTTP/1.1" 500 5 "-" "Mozilla/5.0 (Windows NT 10.0; Win64; x64) AppleWebKit/537.36 (KHTML, like Gecko) Chrome/116.0.0.0 Safari/537.36"
192.109.200.126 - - [03/Apr/2026:07:23:08 -0700] "GET /site/administrator/ HTTP/1.1" 500 5 "-" "Mozilla/5.0 (Windows NT 10.0; Win64; x64) AppleWebKit/537.36 (KHTML, like Gecko) Chrome/116.0.0.0 Safari/537.36"
192.109.200.126 - - [03/Apr/2026:07:23:09 -0700] "GET /web/administrator/ HTTP/1.1" 500 5 "-" "Mozilla/5.0 (Windows NT 10.0; Win64; x64) AppleWebKit/537.36 (KHTML, like Gecko) Chrome/116.0.0.0 Safari/537.36"
192.109.200.126 - - [03/Apr/2026:07:23:10 -0700] "GET /portal/administrator/ HTTP/1.1" 500 5 "-" "Mozilla/5.0 (Windows NT 10.0; Win64; x64) AppleWebKit/537.36 (KHTML, like Gecko) Chrome/116.0.0.0 Safari/537.36"
47.128.122.120 - - [03/Apr/2026:07:25:00 -0700] "GET /2014/05/ HTTP/1.1" 500 5 "-" "Mozilla/5.0 (Linux; Android 5.0) AppleWebKit/537.36 (KHTML, like Gecko) Mobile Safari/537.36 (compatible; TikTokSpider; ttspider-feedback@tiktok.com)"
216.73.216.208 - - [03/Apr/2026:07:25:28 -0700] "GET /robots.txt HTTP/1.1" 200 83 "-" "Mozilla/5.0 AppleWebKit/537.36 (KHTML, like Gecko; compatible; ClaudeBot/1.0; +claudebot@anthropic.com)"
216.73.216.208 - - [03/Apr/2026:07:25:28 -0700] "GET /item/3683415027.phtml HTTP/1.1" 500 5 "-" "Mozilla/5.0 AppleWebKit/537.36 (KHTML, like Gecko; compatible; ClaudeBot/1.0; +claudebot@anthropic.com)"
57.141.6.28 - - [03/Apr/2026:07:25:41 -0700] "GET /items/3420021053 HTTP/1.1" 500 5 "-" "meta-externalagent/1.1 (+https://developers.facebook.com/docs/sharing/webmasters/crawler)"
57.141.6.11 - - [03/Apr/2026:07:28:32 -0700] "GET /items/1874896993 HTTP/1.1" 500 5 "-" "meta-externalagent/1.1 (+https://developers.facebook.com/docs/sharing/webmasters/crawler)"
175.6.217.4 - - [03/Apr/2026:07:29:30 -0700] "GET / HTTP/1.1" 500 5 "http://autoaccidentes.com" "Mozilla/5.0 (iPhone; CPU iPhone OS 13_2_3 like Mac OS X) AppleWebKit/605.1.15 (KHTML, like Gecko) Version/13.0.3 Mobile/15E148 Safari/604.1"
216.73.216.208 - - [03/Apr/2026:07:29:30 -0700] "GET /item/671932626.phtml HTTP/1.1" 500 5 "-" "Mozilla/5.0 AppleWebKit/537.36 (KHTML, like Gecko; compatible; ClaudeBot/1.0; +claudebot@anthropic.com)"
216.73.216.208 - - [03/Apr/2026:07:30:37 -0700] "GET /item/3699580568.phtml HTTP/1.1" 500 5 "-" "Mozilla/5.0 AppleWebKit/537.36 (KHTML, like Gecko; compatible; ClaudeBot/1.0; +claudebot@anthropic.com)"
216.73.216.208 - - [03/Apr/2026:07:30:43 -0700] "GET /item/1195773699.phtml HTTP/1.1" 500 5 "-" "Mozilla/5.0 AppleWebKit/537.36 (KHTML, like Gecko; compatible; ClaudeBot/1.0; +claudebot@anthropic.com)"
216.73.216.208 - - [03/Apr/2026:07:31:26 -0700] "GET /item/284786124.phtml HTTP/1.1" 500 0 "-" "Mozilla/5.0 AppleWebKit/537.36 (KHTML, like Gecko; compatible; ClaudeBot/1.0; +claudebot@anthropic.com)"
216.73.216.208 - - [03/Apr/2026:07:32:27 -0700] "GET /item/1859300087.phtml HTTP/1.1" 500 5 "-" "Mozilla/5.0 AppleWebKit/537.36 (KHTML, like Gecko; compatible; ClaudeBot/1.0; +claudebot@anthropic.com)"
57.141.6.17 - - [03/Apr/2026:07:33:33 -0700] "GET /items/3141403491 HTTP/1.1" 500 5 "-" "meta-externalagent/1.1 (+https://developers.facebook.com/docs/sharing/webmasters/crawler)"
154.28.101.81 - - [03/Apr/2026:07:33:34 -0700] "GET / HTTP/1.1" 500 5 "https://www.bing.com/" "Mozilla/5.0 (Linux; Android 10; K) AppleWebKit/537.36 (KHTML, like Gecko) Chrome/127.0.0.0 Mobile Safari/537.36 EdgA/127.0.0.0"
154.28.101.81 - - [03/Apr/2026:07:33:35 -0700] "GET /2014/05/ HTTP/1.1" 500 5 "https://www.autoaccidentes.com/" "Mozilla/5.0 (Linux; Android 10; K) AppleWebKit/537.36 (KHTML, like Gecko) Chrome/127.0.0.0 Mobile Safari/537.36 EdgA/127.0.0.0"
91.210.64.134 - - [03/Apr/2026:07:33:38 -0700] "GET /2014/05/ HTTP/1.1" 500 5 "-" "Mozilla/5.0 (Linux; Android 14; Pixel 6 Pro) AppleWebKit/537.36 (KHTML, like Gecko) Chrome/122.0.6261.119 Mobile Safari/537.36 OPR/81.2.4292.78581"
99.136.84.36 - - [03/Apr/2026:07:33:40 -0700] "GET /2014/05/ HTTP/1.1" 500 5 "https://autoaccidentes.com/" "Mozilla/5.0 (Linux; Android 10; K) AppleWebKit/537.36 (KHTML, like Gecko) Chrome/131.0.0.0 Mobile Safari/537.36"
216.73.216.208 - - [03/Apr/2026:07:33:48 -0700] "GET /item/172250431.phtml HTTP/1.1" 500 5 "-" "Mozilla/5.0 AppleWebKit/537.36 (KHTML, like Gecko; compatible; ClaudeBot/1.0; +claudebot@anthropic.com)"
107.172.220.229 - - [03/Apr/2026:07:33:48 -0700] "GET /2014/05/ HTTP/1.1" 500 5 "-" "Mozilla/5.0 (Linux; Android 9; SM-S901B) AppleWebKit/537.36 (KHTML, like Gecko) Chrome/112.0.0.0 Mobile Safari/537.36"
107.175.255.237 - - [03/Apr/2026:07:33:53 -0700] "GET / HTTP/1.1" 500 5 "https://autoaccidentes.com/" "Mozilla/5.0 (Linux; Android 10; K) AppleWebKit/537.36 (KHTML, like Gecko) Chrome/119.0.0.0 Mobile Safari/537.36"
107.175.255.237 - - [03/Apr/2026:07:33:54 -0700] "GET /2014/05/ HTTP/1.1" 500 5 "https://www.autoaccidentes.com/" "Mozilla/5.0 (Linux; Android 10; K) AppleWebKit/537.36 (KHTML, like Gecko) Chrome/119.0.0.0 Mobile Safari/537.36"
209.192.132.213 - - [03/Apr/2026:07:33:59 -0700] "GET /2014/05/ HTTP/1.1" 500 5 "-" "Mozilla/5.0 (Android 13; Mobile; rv:127.0) Gecko/127.0 Firefox/127.0"
50.201.46.122 - - [03/Apr/2026:07:34:05 -0700] "GET /2014/05/ HTTP/1.1" 500 5 "-" "Mozilla/5.0 (Linux; Android 10; K) AppleWebKit/537.36 (KHTML, like Gecko) Chrome/125.0.0.0 Mobile Safari/537.36"
149.18.162.16 - - [03/Apr/2026:07:34:08 -0700] "GET /2014/05/ HTTP/1.1" 500 5 "https://www.bing.com/" "Mozilla/5.0 (Linux; Android 8.0.0; SM-J330G) AppleWebKit/537.36 (KHTML, like Gecko) Chrome/114.0.0.0 Mobile Safari/537.36 EdgA/114.0.1823.74"
216.73.216.208 - - [03/Apr/2026:07:34:10 -0700] "GET /item/1373208274.phtml HTTP/1.1" 500 5 "-" "Mozilla/5.0 AppleWebKit/537.36 (KHTML, like Gecko; compatible; ClaudeBot/1.0; +claudebot@anthropic.com)"
154.28.60.79 - - [03/Apr/2026:07:34:10 -0700] "GET / HTTP/1.1" 500 5 "-" "Mozilla/5.0 (Linux; Android 6.0; Nexus 5 Build/MRA58N) AppleWebKit/537.36 (KHTML, like Gecko) Chrome/122.0.0.0 Mobile Safari/537.36 Edg/122.0.0.0"
154.28.60.79 - - [03/Apr/2026:07:34:11 -0700] "GET /2014/05/ HTTP/1.1" 500 5 "https://www.autoaccidentes.com/" "Mozilla/5.0 (Linux; Android 6.0; Nexus 5 Build/MRA58N) AppleWebKit/537.36 (KHTML, like Gecko) Chrome/122.0.0.0 Mobile Safari/537.36 Edg/122.0.0.0"
185.76.53.93 - - [03/Apr/2026:07:34:20 -0700] "GET /2014/05/ HTTP/1.1" 500 5 "https://autoaccidentes.com/" "Mozilla/5.0 (Linux; Android 14; Pixel 6 Pro) AppleWebKit/537.36 (KHTML, like Gecko) Chrome/122.0.6261.119 Mobile Safari/537.36 OPR/81.2.4292.78581"
216.73.216.208 - - [03/Apr/2026:07:34:21 -0700] "GET /item/1884227669.phtml HTTP/1.1" 500 5 "-" "Mozilla/5.0 AppleWebKit/537.36 (KHTML, like Gecko; compatible; ClaudeBot/1.0; +claudebot@anthropic.com)"
73.131.86.22 - - [03/Apr/2026:07:34:23 -0700] "GET / HTTP/1.1" 500 5 "https://www.google.com/" "Mozilla/5.0 (Linux; Android 10; K) AppleWebKit/537.36 (KHTML, like Gecko) Chrome/125.0.0.0 Mobile Safari/537.36"
73.131.86.22 - - [03/Apr/2026:07:34:24 -0700] "GET /2014/05/ HTTP/1.1" 500 5 "https://www.autoaccidentes.com/" "Mozilla/5.0 (Linux; Android 10; K) AppleWebKit/537.36 (KHTML, like Gecko) Chrome/125.0.0.0 Mobile Safari/537.36"
192.3.119.201 - - [03/Apr/2026:07:34:27 -0700] "GET /2014/05/ HTTP/1.1" 500 5 "http://www.baidu.com/" "Mozilla/5.0 (Linux; Android 15; SM-S938B Build/AP3A.240905.015.A2; ) AppleWebKit/537.36 (KHTML, like Gecko) Version/4.0 Chrome/140.0.7339.119 Mobile Safari/537.36 MetaIAB"
57.141.6.2 - - [03/Apr/2026:07:34:33 -0700] "GET /items/2273361550 HTTP/1.1" 500 5 "-" "meta-externalagent/1.1 (+https://developers.facebook.com/docs/sharing/webmasters/crawler)"
216.73.216.208 - - [03/Apr/2026:07:35:32 -0700] "GET /item/627321861.phtml HTTP/1.1" 500 5 "-" "Mozilla/5.0 AppleWebKit/537.36 (KHTML, like Gecko; compatible; ClaudeBot/1.0; +claudebot@anthropic.com)"
185.76.53.165 - - [03/Apr/2026:07:35:32 -0700] "GET / HTTP/1.1" 500 5 "https://autoaccidentes.com/" "Mozilla/5.0 (Linux; Android 14; SM-A528B) AppleWebKit/537.36 (KHTML, like Gecko) Chrome/108.0.0.0 Mobile Safari/537.36"
185.76.53.165 - - [03/Apr/2026:07:35:33 -0700] "GET /2014/05/ HTTP/1.1" 500 5 "https://www.autoaccidentes.com/" "Mozilla/5.0 (Linux; Android 14; SM-A528B) AppleWebKit/537.36 (KHTML, like Gecko) Chrome/108.0.0.0 Mobile Safari/537.36"
216.73.216.208 - - [03/Apr/2026:07:35:34 -0700] "GET /item/1058215628.phtml HTTP/1.1" 500 5 "-" "Mozilla/5.0 AppleWebKit/537.36 (KHTML, like Gecko; compatible; ClaudeBot/1.0; +claudebot@anthropic.com)"
104.164.182.177 - - [03/Apr/2026:07:35:53 -0700] "GET / HTTP/1.1" 500 5 "-" "Mozilla/5.0 (Linux; Android 10; K) AppleWebKit/537.36 (KHTML, like Gecko) Chrome/120.0.0.0 Mobile Safari/537.36"
216.73.216.208 - - [03/Apr/2026:07:35:54 -0700] "GET /item/2541499716.phtml HTTP/1.1" 500 5 "-" "Mozilla/5.0 AppleWebKit/537.36 (KHTML, like Gecko; compatible; ClaudeBot/1.0; +claudebot@anthropic.com)"
104.164.182.177 - - [03/Apr/2026:07:35:54 -0700] "GET /2014/05/ HTTP/1.1" 500 5 "https://www.autoaccidentes.com/" "Mozilla/5.0 (Linux; Android 10; K) AppleWebKit/537.36 (KHTML, like Gecko) Chrome/120.0.0.0 Mobile Safari/537.36"
216.73.216.208 - - [03/Apr/2026:07:35:57 -0700] "GET /item/1932587561.phtml HTTP/1.1" 500 5 "-" "Mozilla/5.0 AppleWebKit/537.36 (KHTML, like Gecko; compatible; ClaudeBot/1.0; +claudebot@anthropic.com)"
104.168.106.83 - - [03/Apr/2026:07:36:08 -0700] "GET /2014/05/ HTTP/1.1" 500 0 "https://www.yahoo.com/" "Mozilla/5.0 (Linux; Android 8; SM-S901B) AppleWebKit/537.36 (KHTML, like Gecko) Chrome/112.0.0.0 Mobile Safari/537.36"
216.73.216.208 - - [03/Apr/2026:07:36:26 -0700] "GET /item/3937159881.phtml HTTP/1.1" 500 5 "-" "Mozilla/5.0 AppleWebKit/537.36 (KHTML, like Gecko; compatible; ClaudeBot/1.0; +claudebot@anthropic.com)"
57.141.6.32 - - [03/Apr/2026:07:37:18 -0700] "GET /items/2772697805 HTTP/1.1" 500 5 "-" "meta-externalagent/1.1 (+https://developers.facebook.com/docs/sharing/webmasters/crawler)"
216.73.216.208 - - [03/Apr/2026:07:37:23 -0700] "GET /item/4133292751.phtml HTTP/1.1" 500 5 "-" "Mozilla/5.0 AppleWebKit/537.36 (KHTML, like Gecko; compatible; ClaudeBot/1.0; +claudebot@anthropic.com)"
216.73.216.208 - - [03/Apr/2026:07:37:33 -0700] "GET /item/3678115500.phtml HTTP/1.1" 500 5 "-" "Mozilla/5.0 AppleWebKit/537.36 (KHTML, like Gecko; compatible; ClaudeBot/1.0; +claudebot@anthropic.com)"
216.73.216.208 - - [03/Apr/2026:07:38:05 -0700] "GET /item/3078608131.phtml HTTP/1.1" 500 5 "-" "Mozilla/5.0 AppleWebKit/537.36 (KHTML, like Gecko; compatible; ClaudeBot/1.0; +claudebot@anthropic.com)"
216.73.216.208 - - [03/Apr/2026:07:38:10 -0700] "GET /item/2960913832.phtml HTTP/1.1" 500 5 "-" "Mozilla/5.0 AppleWebKit/537.36 (KHTML, like Gecko; compatible; ClaudeBot/1.0; +claudebot@anthropic.com)"
45.227.253.15 - - [03/Apr/2026:07:38:18 -0700] "GET /acercadenosotros/acercadenosotros/acercadenosotros/index.php?ARRAY=7o2230223n313737353233313136342p2231223n22687474703n5p2s5p2s7n733834367631332r706572736s642r636p69636o5p2s3s6p633q78696164616r5s72616r645s7061746826743q313737353232373536342q3263336434636266316265333930623132333432383861366331346339666436222p2232223n226162333334643536376237393066633536653436666430636264613130326233222p2233223n223066316239643631313364633062616262353764633131636633333431623962222p2262696r675s70617373223n2233302q34302q35342q36332q37382q39302q3137227q HTTP/1.1" 200 860 "-" "Mozilla/5.0 (Macintosh; Intel Mac OS X 10.12; rv:103.0) Gecko/20100101 Firefox/101.0"
114.119.136.234 - - [03/Apr/2026:07:38:31 -0700] "GET /item/880107031.phtml HTTP/1.1" 500 5 "https://autoaccidentes.com/sitemap.xml" "Mozilla/5.0 (Linux; Android 7.0;) AppleWebKit/537.36 (KHTML, like Gecko) Mobile Safari/537.36 (compatible; PetalBot;+https://webmaster.petalsearch.com/site/petalbot)"
216.73.216.208 - - [03/Apr/2026:07:39:03 -0700] "GET /item/3470925018.phtml HTTP/1.1" 500 5 "-" "Mozilla/5.0 AppleWebKit/537.36 (KHTML, like Gecko; compatible; ClaudeBot/1.0; +claudebot@anthropic.com)"
216.73.216.208 - - [03/Apr/2026:07:39:15 -0700] "GET /item/1802114702.phtml HTTP/1.1" 500 5 "-" "Mozilla/5.0 AppleWebKit/537.36 (KHTML, like Gecko; compatible; ClaudeBot/1.0; +claudebot@anthropic.com)"
65.108.78.33 - - [03/Apr/2026:07:39:25 -0700] "GET /robots.txt HTTP/1.1" 200 83 "-" "Mozilla/5.0 (compatible; MJ12bot/v1.4.8; http://mj12bot.com/)"
65.108.78.33 - - [03/Apr/2026:07:39:31 -0700] "GET /naqvx.php?fileloc=/home/autoaccidentes/.cpanel/caches/filesys/~.stat&path=/home/autoaccidentes/.cpanel/caches/filesys HTTP/1.1" 200 2275 "-" "Mozilla/5.0 (compatible; MJ12bot/v1.4.8; http://mj12bot.com/)"
65.108.78.33 - - [03/Apr/2026:07:39:37 -0700] "GET /naqvx.php?fileloc=/home/autoaccidentes/public_html/wp-content/maintenance/assets/fonts/open-sans-regular.woff2&path=/home/autoaccidentes/public_html/wp-content/maintenance/assets/fonts HTTP/1.1" 200 52617 "-" "Mozilla/5.0 (compatible; MJ12bot/v1.4.8; http://mj12bot.com/)"
216.73.216.208 - - [03/Apr/2026:07:39:43 -0700] "GET /item/2005896098.phtml HTTP/1.1" 500 5 "-" "Mozilla/5.0 AppleWebKit/537.36 (KHTML, like Gecko; compatible; ClaudeBot/1.0; +claudebot@anthropic.com)"
43.135.185.59 - - [03/Apr/2026:07:39:44 -0700] "GET / HTTP/1.1" 500 5 "http://autoaccidentes.com" "Mozilla/5.0 (iPhone; CPU iPhone OS 13_2_3 like Mac OS X) AppleWebKit/605.1.15 (KHTML, like Gecko) Version/13.0.3 Mobile/15E148 Safari/604.1"
65.108.78.33 - - [03/Apr/2026:07:39:48 -0700] "GET /naqvx.php?fileloc=/home/autoaccidentes/public_html/wp-content/themes/consultstreet/footer.php&path=/home/autoaccidentes/public_html/wp-content/themes/consultstreet HTTP/1.1" 200 2931 "-" "Mozilla/5.0 (compatible; MJ12bot/v1.4.8; http://mj12bot.com/)"
216.73.216.208 - - [03/Apr/2026:07:39:52 -0700] "GET /item/2140037796.phtml HTTP/1.1" 500 5 "-" "Mozilla/5.0 AppleWebKit/537.36 (KHTML, like Gecko; compatible; ClaudeBot/1.0; +claudebot@anthropic.com)"
65.108.78.33 - - [03/Apr/2026:07:39:53 -0700] "GET /naqvx.php?fileloc=/home/autoaccidentes/public_html/wp-content/themes/consultstreet/functions.php&path=/home/autoaccidentes/public_html/wp-content/themes/consultstreet HTTP/1.1" 200 4937 "-" "Mozilla/5.0 (compatible; MJ12bot/v1.4.8; http://mj12bot.com/)"
65.108.78.33 - - [03/Apr/2026:07:40:00 -0700] "GET /naqvx.php?fileloc=/home/autoaccidentes/public_html/wp-content/themes/consultstreet/sidebar-footer.php&path=/home/autoaccidentes/public_html/wp-content/themes/consultstreet HTTP/1.1" 200 2588 "-" "Mozilla/5.0 (compatible; MJ12bot/v1.4.8; http://mj12bot.com/)"
65.108.78.33 - - [03/Apr/2026:07:40:07 -0700] "GET /naqvx.php?fileloc=/home/autoaccidentes/public_html/wp-content/themes/consultstreet/sidebar-woocommerce.php&path=/home/autoaccidentes/public_html/wp-content/themes/consultstreet HTTP/1.1" 200 2505 "-" "Mozilla/5.0 (compatible; MJ12bot/v1.4.8; http://mj12bot.com/)"
65.108.78.33 - - [03/Apr/2026:07:40:12 -0700] "GET /naqvx.php?fileloc=/home/autoaccidentes/public_html/wp-content/themes/consultstreet/sidebar.php&path=/home/autoaccidentes/public_html/wp-content/themes/consultstreet HTTP/1.1" 200 2504 "-" "Mozilla/5.0 (compatible; MJ12bot/v1.4.8; http://mj12bot.com/)"
65.108.78.33 - - [03/Apr/2026:07:40:16 -0700] "GET /naqvx.php?fileloc=/home/autoaccidentes/public_html/wp-content/themes/consultstreet/single.php&path=/home/autoaccidentes/public_html/wp-content/themes/consultstreet HTTP/1.1" 200 2884 "-" "Mozilla/5.0 (compatible; MJ12bot/v1.4.8; http://mj12bot.com/)"
65.108.78.33 - - [03/Apr/2026:07:40:27 -0700] "GET /naqvx.php?fileloc=/home/autoaccidentes/public_html/wp-content/themes/consultstreet/style.css&path=/home/autoaccidentes/public_html/wp-content/themes/consultstreet HTTP/1.1" 200 18979 "-" "Mozilla/5.0 (compatible; MJ12bot/v1.4.8; http://mj12bot.com/)"
65.108.78.33 - - [03/Apr/2026:07:40:32 -0700] "GET /naqvx.php?fileloc=/home/autoaccidentes/public_html/wp-content/themes/consultstreet/woocommerce.php&path=/home/autoaccidentes/public_html/wp-content/themes/consultstreet HTTP/1.1" 200 2708 "-" "Mozilla/5.0 (compatible; MJ12bot/v1.4.8; http://mj12bot.com/)"
57.141.6.7 - - [03/Apr/2026:07:40:35 -0700] "GET /items/1377521751 HTTP/1.1" 500 5 "-" "meta-externalagent/1.1 (+https://developers.facebook.com/docs/sharing/webmasters/crawler)"
216.73.216.208 - - [03/Apr/2026:07:40:36 -0700] "GET /item/522319312.phtml HTTP/1.1" 500 5 "-" "Mozilla/5.0 AppleWebKit/537.36 (KHTML, like Gecko; compatible; ClaudeBot/1.0; +claudebot@anthropic.com)"
65.108.78.33 - - [03/Apr/2026:07:40:37 -0700] "GET /naqvx.php?fileloc=/home/autoaccidentes/public_html/wp-content/themes/cyslenk/404.php&path=/home/autoaccidentes/public_html/wp-content/themes/cyslenk HTTP/1.1" 200 6131 "-" "Mozilla/5.0 (compatible; MJ12bot/v1.4.8; http://mj12bot.com/)"
65.108.78.33 - - [03/Apr/2026:07:40:45 -0700] "GET /naqvx.php?fileloc=/home/autoaccidentes/public_html/wp-content/themes/cyslenk/about.php&path=/home/autoaccidentes/public_html/wp-content/themes/cyslenk HTTP/1.1" 200 9550 "-" "Mozilla/5.0 (compatible; MJ12bot/v1.4.8; http://mj12bot.com/)"
65.108.78.33 - - [03/Apr/2026:07:40:49 -0700] "GET /naqvx.php?fileloc=/home/autoaccidentes/public_html/wp-content/themes/cyslenk/includes.php&path=/home/autoaccidentes/public_html/wp-content/themes/cyslenk HTTP/1.1" 200 2436 "-" "Mozilla/5.0 (compatible; MJ12bot/v1.4.8; http://mj12bot.com/)"
65.108.78.33 - - [03/Apr/2026:07:41:00 -0700] "GET /naqvx.php?fileloc=/home/autoaccidentes/public_html/wp-content/themes/cyslenk/index.php&path=/home/autoaccidentes/public_html/wp-content/themes/cyslenk HTTP/1.1" 200 9553 "-" "Mozilla/5.0 (compatible; MJ12bot/v1.4.8; http://mj12bot.com/)"
45.130.83.95 - - [03/Apr/2026:07:41:03 -0700] "POST /wp-login.php HTTP/1.1" 500 5 "-" "Mozilla/5.0"
65.108.78.33 - - [03/Apr/2026:07:41:05 -0700] "GET /naqvx.php?fileloc=/home/autoaccidentes/public_html/wp-content/themes/cyslenk/readme.txt&path=/home/autoaccidentes/public_html/wp-content/themes/cyslenk HTTP/1.1" 200 3882 "-" "Mozilla/5.0 (compatible; MJ12bot/v1.4.8; http://mj12bot.com/)"
216.73.216.208 - - [03/Apr/2026:07:41:16 -0700] "GET /item/2107661626.phtml HTTP/1.1" 500 5 "-" "Mozilla/5.0 AppleWebKit/537.36 (KHTML, like Gecko; compatible; ClaudeBot/1.0; +claudebot@anthropic.com)"
65.108.78.33 - - [03/Apr/2026:07:41:18 -0700] "GET /naqvx.php?fileloc=/home/autoaccidentes/public_html/wp-content/themes/cyslenk/screenshot.png&path=/home/autoaccidentes/public_html/wp-content/themes/cyslenk HTTP/1.1" 200 325869 "-" "Mozilla/5.0 (compatible; MJ12bot/v1.4.8; http://mj12bot.com/)"
65.108.78.33 - - [03/Apr/2026:07:41:28 -0700] "GET /naqvx.php?fileloc=/home/autoaccidentes/public_html/wp-content/themes/cyslenk/style.css&path=/home/autoaccidentes/public_html/wp-content/themes/cyslenk HTTP/1.1" 200 3994 "-" "Mozilla/5.0 (compatible; MJ12bot/v1.4.8; http://mj12bot.com/)"
65.108.78.33 - - [03/Apr/2026:07:41:43 -0700] "GET /naqvx.php?fileloc=/home/autoaccidentes/public_html/wp-content/themes/ecnvl/RoxPhoto.png&path=/home/autoaccidentes/public_html/wp-content/themes/ecnvl HTTP/1.1" 200 58940 "-" "Mozilla/5.0 (compatible; MJ12bot/v1.4.8; http://mj12bot.com/)"
65.108.78.33 - - [03/Apr/2026:07:41:48 -0700] "GET /naqvx.php?fileloc=/home/autoaccidentes/public_html/wp-content/themes/ecnvl/style.css&path=/home/autoaccidentes/public_html/wp-content/themes/ecnvl HTTP/1.1" 200 3533 "-" "Mozilla/5.0 (compatible; MJ12bot/v1.4.8; http://mj12bot.com/)"
65.108.78.33 - - [03/Apr/2026:07:41:52 -0700] "GET /naqvx.php?fileloc=/home/autoaccidentes/public_html/wp-content/themes/irihibo/about.php&path=/home/autoaccidentes/public_html/wp-content/themes/irihibo HTTP/1.1" 200 51077 "-" "Mozilla/5.0 (compatible; MJ12bot/v1.4.8; http://mj12bot.com/)"
65.108.78.33 - - [03/Apr/2026:07:42:03 -0700] "GET /naqvx.php?fileloc=/home/autoaccidentes/public_html/wp-content/themes/irihibo/readme.txt&path=/home/autoaccidentes/public_html/wp-content/themes/irihibo HTTP/1.1" 200 3880 "-" "Mozilla/5.0 (compatible; MJ12bot/v1.4.8; http://mj12bot.com/)"
65.108.78.33 - - [03/Apr/2026:07:42:09 -0700] "GET /naqvx.php?fileloc=/home/autoaccidentes/public_html/wp-content/themes/irihibo/screenshot.png&path=/home/autoaccidentes/public_html/wp-content/themes/irihibo HTTP/1.1" 200 325870 "-" "Mozilla/5.0 (compatible; MJ12bot/v1.4.8; http://mj12bot.com/)"
65.108.78.33 - - [03/Apr/2026:07:42:14 -0700] "GET /naqvx.php?fileloc=/home/autoaccidentes/public_html/wp-content/themes/irihibo/style.css&path=/home/autoaccidentes/public_html/wp-content/themes/irihibo HTTP/1.1" 200 3993 "-" "Mozilla/5.0 (compatible; MJ12bot/v1.4.8; http://mj12bot.com/)"
65.108.78.33 - - [03/Apr/2026:07:42:19 -0700] "GET /naqvx.php?fileloc=/home/autoaccidentes/public_html/wp-content/themes/twentytwenty/.htaccess&path=/home/autoaccidentes/public_html/wp-content/themes/twentytwenty HTTP/1.1" 200 2292 "-" "Mozilla/5.0 (compatible; MJ12bot/v1.4.8; http://mj12bot.com/)"
65.108.78.33 - - [03/Apr/2026:07:42:24 -0700] "GET /naqvx.php?fileloc=/home/autoaccidentes/public_html/wp-content/themes/twentytwenty/404.php&path=/home/autoaccidentes/public_html/wp-content/themes/twentytwenty HTTP/1.1" 200 2687 "-" "Mozilla/5.0 (compatible; MJ12bot/v1.4.8; http://mj12bot.com/)"
65.108.78.33 - - [03/Apr/2026:07:42:34 -0700] "GET /naqvx.php?fileloc=/home/autoaccidentes/public_html/wp-content/themes/twentytwenty/comments.php&path=/home/autoaccidentes/public_html/wp-content/themes/twentytwenty HTTP/1.1" 200 3499 "-" "Mozilla/5.0 (compatible; MJ12bot/v1.4.8; http://mj12bot.com/)"
65.108.78.33 - - [03/Apr/2026:07:42:39 -0700] "GET /naqvx.php?fileloc=/home/autoaccidentes/public_html/wp-content/themes/twentytwenty/error_log&path=/home/autoaccidentes/public_html/wp-content/themes/twentytwenty HTTP/1.1" 200 3273 "-" "Mozilla/5.0 (compatible; MJ12bot/v1.4.8; http://mj12bot.com/)"
